109.70.100.31 coachingpop.com - [27/Sep/2022:05:16:20 +0200] "GET /wp-includes/js/wp-emoji-release.min.js?ver=6.0.2 HTTP/1.1" 200 5009 "https://coachingpop.com/" "Mozilla/5.0 (Windows NT 10.0; Win64; x64) AppleWebKit/537.36 (KHTML, like Gecko) Chrome/100.0.4889.0 Safari/537.36"
109.70.100.31 coachingpop.com - [27/Sep/2022:05:16:20 +0200] "GET /wp-content/uploads/2022/06/logo_coachingpop.png HTTP/1.1" 200 9547 "https://coachingpop.com/" "Mozilla/5.0 (Windows NT 10.0; Win64; x64) AppleWebKit/537.36 (KHTML, like Gecko) Chrome/100.0.4889.0 Safari/537.36"
109.70.100.31 coachingpop.com - [27/Sep/2022:05:16:20 +0200] "GET /wp-content/themes/masterstudy/assets/fonts/icomoon.ttf?c9eman HTTP/1.1" 200 21812 "https://coachingpop.com/wp-content/themes/masterstudy/assets/css/icomoon.fonts.css?ver=4.5.1" "Mozilla/5.0 (Windows NT 10.0; Win64; x64) AppleWebKit/537.36 (KHTML, like Gecko) Chrome/100.0.4889.0 Safari/537.36"
109.70.100.31 coachingpop.com - [27/Sep/2022:05:16:22 +0200] "POST /?wc-ajax=get_refreshed_fragments HTTP/1.1" 200 227 "https://coachingpop.com/" "Mozilla/5.0 (Windows NT 10.0; Win64; x64) AppleWebKit/537.36 (KHTML, like Gecko) Chrome/100.0.4889.0 Safari/537.36"
109.70.100.31 coachingpop.com - [27/Sep/2022:05:16:26 +0200] "GET /wp-content/plugins/revslider/public/assets/assets/loader.gif HTTP/1.1" 200 2545 "https://coachingpop.com/wp-content/plugins/revslider/public/assets/css/rs6.css?ver=6.5.17" "Mozilla/5.0 (Windows NT 10.0; Win64; x64) AppleWebKit/537.36 (KHTML, like Gecko) Chrome/100.0.4889.0 Safari/537.36"
109.70.100.31 coachingpop.com - [27/Sep/2022:05:16:26 +0200] "GET /wp-content/uploads/2022/06/slider2.jpg HTTP/1.1" 200 150364 "https://coachingpop.com/" "Mozilla/5.0 (Windows NT 10.0; Win64; x64) AppleWebKit/537.36 (KHTML, like Gecko) Chrome/100.0.4889.0 Safari/537.36"
109.70.100.31 coachingpop.com - [27/Sep/2022:05:16:27 +0200] "GET /wp-content/uploads/2022/09/slide1.jpg HTTP/1.1" 200 76242 "https://coachingpop.com/" "Mozilla/5.0 (Windows NT 10.0; Win64; x64) AppleWebKit/537.36 (KHTML, like Gecko) Chrome/100.0.4889.0 Safari/537.36"
109.70.100.31 coachingpop.com - [27/Sep/2022:05:16:27 +0200] "GET /wp-content/uploads/2022/08/iStock-1214278807.jpg HTTP/1.1" 200 1463159 "https://coachingpop.com/" "Mozilla/5.0 (Windows NT 10.0; Win64; x64) AppleWebKit/537.36 (KHTML, like Gecko) Chrome/100.0.4889.0 Safari/537.36"
81.36.175.180 catalogo.coachingpop.com - [27/Sep/2022:05:16:37 +0200] "POST /wp-admin/admin-ajax.php HTTP/1.1" 200 47 "https://catalogo.coachingpop.com/wp-admin/edit.php?post_type=product" "Mozilla/5.0 (Windows NT 10.0; Win64; x64) AppleWebKit/537.36 (KHTML, like Gecko) Chrome/105.0.0.0 Safari/537.36"
109.70.100.31 coachingpop.com - [27/Sep/2022:05:16:38 +0200] "POST /wp-admin/admin-ajax.php HTTP/1.1" 200 112 "https://coachingpop.com/" "Mozilla/5.0 (Windows NT 10.0; Win64; x64) AppleWebKit/537.36 (KHTML, like Gecko) Chrome/100.0.4889.0 Safari/537.36"
81.36.175.180 catalogo.coachingpop.com - [27/Sep/2022:05:18:09 +0200] "POST /wp-admin/admin-ajax.php HTTP/1.1" 200 47 "https://catalogo.coachingpop.com/wp-admin/admin.php?page=wc-admin" "Mozilla/5.0 (Windows NT 10.0; Win64; x64) AppleWebKit/537.36 (KHTML, like Gecko) Chrome/105.0.0.0 Safari/537.36"
81.36.175.180 catalogo.coachingpop.com - [27/Sep/2022:05:18:38 +0200] "POST /wp-admin/admin-ajax.php HTTP/1.1" 200 47 "https://catalogo.coachingpop.com/wp-admin/edit.php?post_type=product" "Mozilla/5.0 (Windows NT 10.0; Win64; x64) AppleWebKit/537.36 (KHTML, like Gecko) Chrome/105.0.0.0 Safari/537.36"
81.36.175.180 catalogo.coachingpop.com - [27/Sep/2022:05:20:10 +0200] "POST /wp-admin/admin-ajax.php HTTP/1.1" 200 47 "https://catalogo.coachingpop.com/wp-admin/admin.php?page=wc-admin" "Mozilla/5.0 (Windows NT 10.0; Win64; x64) AppleWebKit/537.36 (KHTML, like Gecko) Chrome/105.0.0.0 Safari/537.36"
51.68.11.195 catalogo.coachingpop.com - [27/Sep/2022:05:20:12 +0200] "POST /wp-cron.php?doing_wp_cron=1664248812.4057950973510742187500 HTTP/1.1" 200 25 "https://catalogo.coachingpop.com/wp-cron.php?doing_wp_cron=1664248812.4057950973510742187500" "WordPress/6.0.2; https://catalogo.coachingpop.com"
51.68.11.195 catalogo.coachingpop.com - [27/Sep/2022:05:22:15 +0200] "POST /wp-cron.php?doing_wp_cron=1664248935.5010309219360351562500 HTTP/1.1" 200 25 "https://catalogo.coachingpop.com/wp-cron.php?doing_wp_cron=1664248935.5010309219360351562500" "WordPress/6.0.2; https://catalogo.coachingpop.com"
51.68.11.195 coachingpop.com - [27/Sep/2022:05:23:13 +0200] "POST /wp-cron.php?doing_wp_cron=1664248993.2237570285797119140625 HTTP/1.1" 200 25 "https://coachingpop.com/wp-cron.php?doing_wp_cron=1664248993.2237570285797119140625" "WordPress/6.0.2; https://coachingpop.com"
207.46.13.137 coachingpop.com - [27/Sep/2022:05:23:11 +0200] "GET /tag/juicio/ HTTP/1.1" 404 58395 "-" "Mozilla/5.0 AppleWebKit/537.36 (KHTML, like Gecko; compatible; bingbot/2.0; +http://www.bing.com/bingbot.htm) Chrome/103.0.5060.134 Safari/537.36"
51.68.11.195 catalogo.coachingpop.com - [27/Sep/2022:05:24:14 +0200] "POST /wp-cron.php?doing_wp_cron=1664249054.3298609256744384765625 HTTP/1.1" 200 25 "https://catalogo.coachingpop.com/wp-cron.php?doing_wp_cron=1664249054.3298609256744384765625" "WordPress/6.0.2; https://catalogo.coachingpop.com"
51.68.11.195 catalogo.coachingpop.com - [27/Sep/2022:05:24:42 +0200] "POST /wp-cron.php?doing_wp_cron=1664249082.4286539554595947265625 HTTP/1.1" 200 25 "https://catalogo.coachingpop.com/wp-cron.php?doing_wp_cron=1664249082.4286539554595947265625" "WordPress/6.0.2; https://catalogo.coachingpop.com"
81.36.175.180 catalogo.coachingpop.com - [27/Sep/2022:05:20:39 +0200] "POST /wp-admin/admin-ajax.php HTTP/1.1" 200 47 "https://catalogo.coachingpop.com/wp-admin/edit.php?post_type=product" "Mozilla/5.0 (Windows NT 10.0; Win64; x64) AppleWebKit/537.36 (KHTML, like Gecko) Chrome/105.0.0.0 Safari/537.36"
87.98.231.4 coachingpop.com - [27/Sep/2022:05:21:08 +0200] "POST /wp-cron.php?doing_wp_cron=1664248868.0406000614166259765625 HTTP/1.1" 200 25 "http://coachingpop.com/wp-cron.php?doing_wp_cron=1664248868.0406000614166259765625" "WordPress/6.0.2; https://coachingpop.com"
65.21.129.153 coachingpop.com - [27/Sep/2022:05:21:05 +0200] "GET / HTTP/1.1" 301 - "-" "Mozilla/5.0 (Windows NT 10.0; Win64; x64) AppleWebKit/537.36 (KHTML, like Gecko) Chrome/90.0.4430.85 Safari/537.36"
65.21.129.153 coachingpop.com - [27/Sep/2022:05:21:08 +0200] "GET / HTTP/1.1" 200 107505 "-" "Mozilla/5.0 (Windows NT 10.0; Win64; x64) AppleWebKit/537.36 (KHTML, like Gecko) Chrome/90.0.4430.85 Safari/537.36"
65.21.129.153 coachingpop.com - [27/Sep/2022:05:21:08 +0200] "GET / HTTP/1.1" 301 - "-" "Mozilla/5.0 (Windows NT 10.0; Win64; x64) AppleWebKit/537.36 (KHTML, like Gecko) Chrome/90.0.4430.85 Safari/537.36"
65.21.129.153 coachingpop.com - [27/Sep/2022:05:21:09 +0200] "GET / HTTP/1.1" 200 107505 "-" "Mozilla/5.0 (Windows NT 10.0; Win64; x64) AppleWebKit/537.36 (KHTML, like Gecko) Chrome/90.0.4430.85 Safari/537.36"
65.21.129.153 coachingpop.com - [27/Sep/2022:05:21:09 +0200] "GET /product/curso-crear-editorial-manga/ HTTP/1.1" 200 103952 "-" "Mozilla/5.0 (Windows NT 10.0; Win64; x64) AppleWebKit/537.36 (KHTML, like Gecko) Chrome/90.0.4430.85 Safari/537.36"
65.21.129.153 coachingpop.com - [27/Sep/2022:05:21:12 +0200] "GET /wp-content/uploads/2020/12/Banners-Coaching-editorial-Manga-768x450-1.jpg HTTP/1.1" 200 42334 "-" "-"
65.21.129.153 coachingpop.com - [27/Sep/2022:05:21:12 +0200] "GET /wp-content/uploads/2022/06/logo_coachingpop.png HTTP/1.1" 200 9547 "-" "-"
65.21.129.153 coachingpop.com - [27/Sep/2022:05:21:12 +0200] "GET /wp-content/uploads/2022/06/logo_coachingpop.png HTTP/1.1" 200 9547 "-" "-"
81.36.175.180 catalogo.coachingpop.com - [27/Sep/2022:05:22:11 +0200] "POST /wp-admin/admin-ajax.php HTTP/1.1" 200 47 "https://catalogo.coachingpop.com/wp-admin/admin.php?page=wc-admin" "Mozilla/5.0 (Windows NT 10.0; Win64; x64) AppleWebKit/537.36 (KHTML, like Gecko) Chrome/105.0.0.0 Safari/537.36"
81.36.175.180 catalogo.coachingpop.com - [27/Sep/2022:05:22:40 +0200] "POST /wp-admin/admin-ajax.php HTTP/1.1" 200 47 "https://catalogo.coachingpop.com/wp-admin/edit.php?post_type=product" "Mozilla/5.0 (Windows NT 10.0; Win64; x64) AppleWebKit/537.36 (KHTML, like Gecko) Chrome/105.0.0.0 Safari/537.36"
81.36.175.180 catalogo.coachingpop.com - [27/Sep/2022:05:24:12 +0200] "POST /wp-admin/admin-ajax.php HTTP/1.1" 200 47 "https://catalogo.coachingpop.com/wp-admin/admin.php?page=wc-admin" "Mozilla/5.0 (Windows NT 10.0; Win64; x64) AppleWebKit/537.36 (KHTML, like Gecko) Chrome/105.0.0.0 Safari/537.36"
87.98.231.4 coachingpop.com - [27/Sep/2022:05:24:51 +0200] "POST /wp-cron.php?doing_wp_cron=1664249091.3979499340057373046875 HTTP/1.1" 200 25 "http://coachingpop.com/wp-cron.php?doing_wp_cron=1664249091.3979499340057373046875" "WordPress/6.0.2; https://coachingpop.com"
114.119.139.25 coachingpop.com - [27/Sep/2022:05:24:49 +0200] "GET /tag/igualdad/ HTTP/1.1" 404 58138 "http://coachingpop.com/tag/autoconocimiento/" "Mozilla/5.0 (Linux; Android 7.0;) AppleWebKit/537.36 (KHTML, like Gecko) Mobile Safari/537.36 (compatible; PetalBot;+https://webmaster.petalsearch.com/site/petalbot)"
51.68.11.195 catalogo.coachingpop.com - [27/Sep/2022:05:26:16 +0200] "POST /wp-cron.php?doing_wp_cron=1664249176.7924330234527587890625 HTTP/1.1" 200 25 "https://catalogo.coachingpop.com/wp-cron.php?doing_wp_cron=1664249176.7924330234527587890625" "WordPress/6.0.2; https://catalogo.coachingpop.com"
51.68.11.195 catalogo.coachingpop.com - [27/Sep/2022:05:28:16 +0200] "POST /wp-cron.php?doing_wp_cron=1664249296.2128338813781738281250 HTTP/1.1" 200 25 "https://catalogo.coachingpop.com/wp-cron.php?doing_wp_cron=1664249296.2128338813781738281250" "WordPress/6.0.2; https://catalogo.coachingpop.com"
51.68.11.195 catalogo.coachingpop.com - [27/Sep/2022:05:28:47 +0200] "POST /wp-cron.php?doing_wp_cron=1664249327.0880870819091796875000 HTTP/1.1" 200 25 "https://catalogo.coachingpop.com/wp-cron.php?doing_wp_cron=1664249327.0880870819091796875000" "WordPress/6.0.2; https://catalogo.coachingpop.com"
81.36.175.180 catalogo.coachingpop.com - [27/Sep/2022:05:24:41 +0200] "POST /wp-admin/admin-ajax.php HTTP/1.1" 200 47 "https://catalogo.coachingpop.com/wp-admin/edit.php?post_type=product" "Mozilla/5.0 (Windows NT 10.0; Win64; x64) AppleWebKit/537.36 (KHTML, like Gecko) Chrome/105.0.0.0 Safari/537.36"
81.36.175.180 catalogo.coachingpop.com - [27/Sep/2022:05:26:13 +0200] "POST /wp-admin/admin-ajax.php HTTP/1.1" 200 47 "https://catalogo.coachingpop.com/wp-admin/admin.php?page=wc-admin" "Mozilla/5.0 (Windows NT 10.0; Win64; x64) AppleWebKit/537.36 (KHTML, like Gecko) Chrome/105.0.0.0 Safari/537.36"
81.36.175.180 catalogo.coachingpop.com - [27/Sep/2022:05:26:42 +0200] "POST /wp-admin/admin-ajax.php HTTP/1.1" 200 47 "https://catalogo.coachingpop.com/wp-admin/edit.php?post_type=product" "Mozilla/5.0 (Windows NT 10.0; Win64; x64) AppleWebKit/537.36 (KHTML, like Gecko) Chrome/105.0.0.0 Safari/537.36"
81.36.175.180 catalogo.coachingpop.com - [27/Sep/2022:05:28:14 +0200] "POST /wp-admin/admin-ajax.php HTTP/1.1" 200 47 "https://catalogo.coachingpop.com/wp-admin/admin.php?page=wc-admin" "Mozilla/5.0 (Windows NT 10.0; Win64; x64) AppleWebKit/537.36 (KHTML, like Gecko) Chrome/105.0.0.0 Safari/537.36"
81.36.175.180 catalogo.coachingpop.com - [27/Sep/2022:05:28:43 +0200] "POST /wp-admin/admin-ajax.php HTTP/1.1" 200 47 "https://catalogo.coachingpop.com/wp-admin/edit.php?post_type=product" "Mozilla/5.0 (Windows NT 10.0; Win64; x64) AppleWebKit/537.36 (KHTML, like Gecko) Chrome/105.0.0.0 Safari/537.36"
72.167.56.79 coachingpop.com - [27/Sep/2022:05:30:09 +0200] "POST /xmlrpc.php HTTP/1.1" 200 422 "-" "Mozilla/5.0 (Windows NT 10.0; Win64; x64) AppleWebKit/537.36 (KHTML, like Gecko) Chrome/61.0.3163.100 Safari/537.36"
81.36.175.180 catalogo.coachingpop.com - [27/Sep/2022:05:30:15 +0200] "POST /wp-admin/admin-ajax.php HTTP/1.1" 200 47 "https://catalogo.coachingpop.com/wp-admin/admin.php?page=wc-admin" "Mozilla/5.0 (Windows NT 10.0; Win64; x64) AppleWebKit/537.36 (KHTML, like Gecko) Chrome/105.0.0.0 Safari/537.36"
212.71.237.192 coachingpop.com - [27/Sep/2022:05:30:34 +0200] "POST /xmlrpc.php HTTP/1.1" 200 493 "-" "Mozilla/5.0 (Windows NT 6.3; Win64; x64) AppleWebKit/537.36 (KHTML, like Gecko) Chrome/60.0.3112.113 Safari/537.36"
51.68.11.195 coachingpop.com - [27/Sep/2022:05:30:07 +0200] "POST /wp-cron.php?doing_wp_cron=1664249407.2632339000701904296875 HTTP/1.1" 200 25 "https://coachingpop.com/wp-cron.php?doing_wp_cron=1664249407.2632339000701904296875" "WordPress/6.0.2; https://coachingpop.com"
51.68.11.231 coachingpop.com - [27/Sep/2022:05:30:04 +0200] "POST /xmlrpc.php HTTP/1.1" 200 493 "-" "Mozilla/5.0 (Windows NT 10.0; Win64; x64; rv:59.0) Gecko/20100101 Firefox/59.0"
51.68.11.195 coachingpop.com - [27/Sep/2022:05:30:14 +0200] "POST /wp-cron.php?doing_wp_cron=1664249414.2693130970001220703125 HTTP/1.1" 200 25 "https://coachingpop.com/wp-cron.php?doing_wp_cron=1664249414.2693130970001220703125" "WordPress/6.0.2; https://coachingpop.com"
51.68.11.195 catalogo.coachingpop.com - [27/Sep/2022:05:30:17 +0200] "POST /wp-cron.php?doing_wp_cron=1664249417.5348310470581054687500 HTTP/1.1" 200 25 "https://catalogo.coachingpop.com/wp-cron.php?doing_wp_cron=1664249417.5348310470581054687500" "WordPress/6.0.2; https://catalogo.coachingpop.com"
173.231.209.30 coachingpop.com - [27/Sep/2022:05:30:21 +0200] "POST /xmlrpc.php HTTP/1.1" 200 493 "-" "Mozilla/5.0 (Windows NT 5.1; rv:33.0) Gecko/20100101 Firefox/33.0"
114.119.139.247 coachingpop.com - [27/Sep/2022:05:30:25 +0200] "GET /tag/emprender HTTP/1.1" 404 58208 "http://coachingpop.com/tag/reflexiones/" "Mozilla/5.0 (Linux; Android 7.0;) AppleWebKit/537.36 (KHTML, like Gecko) Mobile Safari/537.36 (compatible; PetalBot;+https://webmaster.petalsearch.com/site/petalbot)"
137.184.193.51 coachingpop.com - [27/Sep/2022:05:30:26 +0200] "POST /xmlrpc.php HTTP/1.1" 200 493 "-" "Mozilla/5.0 (X11; Linux x86_64) AppleWebKit/537.36 (KHTML, like Gecko) Chrome/44.0.2403.157 Safari/537.36"
144.91.70.228 coachingpop.com - [27/Sep/2022:05:30:29 +0200] "POST /xmlrpc.php HTTP/1.1" 200 422 "-" "Mozilla/5.0 (Windows NT 6.1; WOW64; rv:52.0) Gecko/20100101 Firefox/52.0"
165.232.177.163 coachingpop.com - [27/Sep/2022:05:30:41 +0200] "POST /xmlrpc.php HTTP/1.1" 200 422 "-" "Mozilla/5.0 (Windows NT 10.0; Win64; x64; rv:67.0) Gecko/20100101 Firefox/67.0"
46.101.231.105 coachingpop.com - [27/Sep/2022:05:30:50 +0200] "POST /xmlrpc.php HTTP/1.1" 403 - "-" "Mozilla/5.0 (Windows NT 10.0; Win64; x64) AppleWebKit/537.36 (KHTML, like Gecko) Chrome/74.0.3729.157 Safari/537.36"
185.26.156.154 coachingpop.com - [27/Sep/2022:05:30:56 +0200] "POST /xmlrpc.php HTTP/1.1" 200 420 "-" "Mozilla/5.0 (Linux; Android 10) AppleWebKit/537.36 (KHTML, like Gecko) Chrome/91.0.4472.114 Mobile Safari/537.36"
51.68.11.195 catalogo.coachingpop.com - [27/Sep/2022:05:32:19 +0200] "POST /wp-cron.php?doing_wp_cron=1664249539.0631549358367919921875 HTTP/1.1" 200 25 "https://catalogo.coachingpop.com/wp-cron.php?doing_wp_cron=1664249539.0631549358367919921875" "WordPress/6.0.2; https://catalogo.coachingpop.com"
51.68.11.195 catalogo.coachingpop.com - [27/Sep/2022:05:32:48 +0200] "POST /wp-cron.php?doing_wp_cron=1664249568.6385231018066406250000 HTTP/1.1" 200 25 "https://catalogo.coachingpop.com/wp-cron.php?doing_wp_cron=1664249568.6385231018066406250000" "WordPress/6.0.2; https://catalogo.coachingpop.com"
51.68.11.195 catalogo.coachingpop.com - [27/Sep/2022:05:34:20 +0200] "POST /wp-cron.php?doing_wp_cron=1664249659.9825389385223388671875 HTTP/1.1" 200 25 "https://catalogo.coachingpop.com/wp-cron.php?doing_wp_cron=1664249659.9825389385223388671875" "WordPress/6.0.2; https://catalogo.coachingpop.com"
51.68.11.195 catalogo.coachingpop.com - [27/Sep/2022:05:34:48 +0200] "POST /wp-cron.php?doing_wp_cron=1664249688.6798620223999023437500 HTTP/1.1" 200 25 "https://catalogo.coachingpop.com/wp-cron.php?doing_wp_cron=1664249688.6798620223999023437500" "WordPress/6.0.2; https://catalogo.coachingpop.com"
37.97.226.64 coachingpop.com - [27/Sep/2022:05:30:43 +0200] "POST /xmlrpc.php HTTP/1.1" 200 422 "-" "Mozilla/5.0 (Windows NT 10.0; Win64; x64; rv:65.0) Gecko/20100101 Firefox/65.0"
81.36.175.180 catalogo.coachingpop.com - [27/Sep/2022:05:30:44 +0200] "POST /wp-admin/admin-ajax.php HTTP/1.1" 200 47 "https://catalogo.coachingpop.com/wp-admin/edit.php?post_type=product" "Mozilla/5.0 (Windows NT 10.0; Win64; x64) AppleWebKit/537.36 (KHTML, like Gecko) Chrome/105.0.0.0 Safari/537.36"
81.36.175.180 catalogo.coachingpop.com - [27/Sep/2022:05:32:16 +0200] "POST /wp-admin/admin-ajax.php HTTP/1.1" 200 47 "https://catalogo.coachingpop.com/wp-admin/admin.php?page=wc-admin" "Mozilla/5.0 (Windows NT 10.0; Win64; x64) AppleWebKit/537.36 (KHTML, like Gecko) Chrome/105.0.0.0 Safari/537.36"
81.36.175.180 catalogo.coachingpop.com - [27/Sep/2022:05:32:45 +0200] "POST /wp-admin/admin-ajax.php HTTP/1.1" 200 47 "https://catalogo.coachingpop.com/wp-admin/edit.php?post_type=product" "Mozilla/5.0 (Windows NT 10.0; Win64; x64) AppleWebKit/537.36 (KHTML, like Gecko) Chrome/105.0.0.0 Safari/537.36"
81.36.175.180 catalogo.coachingpop.com - [27/Sep/2022:05:34:17 +0200] "POST /wp-admin/admin-ajax.php HTTP/1.1" 200 47 "https://catalogo.coachingpop.com/wp-admin/admin.php?page=wc-admin" "Mozilla/5.0 (Windows NT 10.0; Win64; x64) AppleWebKit/537.36 (KHTML, like Gecko) Chrome/105.0.0.0 Safari/537.36"
51.68.11.195 catalogo.coachingpop.com - [27/Sep/2022:05:36:21 +0200] "POST /wp-cron.php?doing_wp_cron=1664249781.0067799091339111328125 HTTP/1.1" 200 25 "https://catalogo.coachingpop.com/wp-cron.php?doing_wp_cron=1664249781.0067799091339111328125" "WordPress/6.0.2; https://catalogo.coachingpop.com"
51.68.11.195 catalogo.coachingpop.com - [27/Sep/2022:05:36:48 +0200] "POST /wp-cron.php?doing_wp_cron=1664249808.6835520267486572265625 HTTP/1.1" 200 25 "https://catalogo.coachingpop.com/wp-cron.php?doing_wp_cron=1664249808.6835520267486572265625" "WordPress/6.0.2; https://catalogo.coachingpop.com"
51.68.11.195 catalogo.coachingpop.com - [27/Sep/2022:05:38:21 +0200] "POST /wp-cron.php?doing_wp_cron=1664249901.7179319858551025390625 HTTP/1.1" 200 25 "https://catalogo.coachingpop.com/wp-cron.php?doing_wp_cron=1664249901.7179319858551025390625" "WordPress/6.0.2; https://catalogo.coachingpop.com"
51.68.11.195 catalogo.coachingpop.com - [27/Sep/2022:05:38:49 +0200] "POST /wp-cron.php?doing_wp_cron=1664249929.6108310222625732421875 HTTP/1.1" 200 25 "https://catalogo.coachingpop.com/wp-cron.php?doing_wp_cron=1664249929.6108310222625732421875" "WordPress/6.0.2; https://catalogo.coachingpop.com"
81.36.175.180 catalogo.coachingpop.com - [27/Sep/2022:05:34:46 +0200] "POST /wp-admin/admin-ajax.php HTTP/1.1" 200 47 "https://catalogo.coachingpop.com/wp-admin/edit.php?post_type=product" "Mozilla/5.0 (Windows NT 10.0; Win64; x64) AppleWebKit/537.36 (KHTML, like Gecko) Chrome/105.0.0.0 Safari/537.36"
81.36.175.180 catalogo.coachingpop.com - [27/Sep/2022:05:36:18 +0200] "POST /wp-admin/admin-ajax.php HTTP/1.1" 200 47 "https://catalogo.coachingpop.com/wp-admin/admin.php?page=wc-admin" "Mozilla/5.0 (Windows NT 10.0; Win64; x64) AppleWebKit/537.36 (KHTML, like Gecko) Chrome/105.0.0.0 Safari/537.36"
81.36.175.180 catalogo.coachingpop.com - [27/Sep/2022:05:36:47 +0200] "POST /wp-admin/admin-ajax.php HTTP/1.1" 200 47 "https://catalogo.coachingpop.com/wp-admin/edit.php?post_type=product" "Mozilla/5.0 (Windows NT 10.0; Win64; x64) AppleWebKit/537.36 (KHTML, like Gecko) Chrome/105.0.0.0 Safari/537.36"
81.36.175.180 catalogo.coachingpop.com - [27/Sep/2022:05:38:19 +0200] "POST /wp-admin/admin-ajax.php HTTP/1.1" 200 47 "https://catalogo.coachingpop.com/wp-admin/admin.php?page=wc-admin" "Mozilla/5.0 (Windows NT 10.0; Win64; x64) AppleWebKit/537.36 (KHTML, like Gecko) Chrome/105.0.0.0 Safari/537.36"
81.36.175.180 catalogo.coachingpop.com - [27/Sep/2022:05:38:48 +0200] "POST /wp-admin/admin-ajax.php HTTP/1.1" 200 47 "https://catalogo.coachingpop.com/wp-admin/edit.php?post_type=product" "Mozilla/5.0 (Windows NT 10.0; Win64; x64) AppleWebKit/537.36 (KHTML, like Gecko) Chrome/105.0.0.0 Safari/537.36"
81.36.175.180 catalogo.coachingpop.com - [27/Sep/2022:05:40:20 +0200] "POST /wp-admin/admin-ajax.php HTTP/1.1" 200 47 "https://catalogo.coachingpop.com/wp-admin/admin.php?page=wc-admin" "Mozilla/5.0 (Windows NT 10.0; Win64; x64) AppleWebKit/537.36 (KHTML, like Gecko) Chrome/105.0.0.0 Safari/537.36"
51.68.11.195 catalogo.coachingpop.com - [27/Sep/2022:05:40:22 +0200] "POST /wp-cron.php?doing_wp_cron=1664250022.9119179248809814453125 HTTP/1.1" 200 25 "https://catalogo.coachingpop.com/wp-cron.php?doing_wp_cron=1664250022.9119179248809814453125" "WordPress/6.0.2; https://catalogo.coachingpop.com"
51.68.11.195 catalogo.coachingpop.com - [27/Sep/2022:05:40:50 +0200] "POST /wp-cron.php?doing_wp_cron=1664250050.4832270145416259765625 HTTP/1.1" 200 25 "https://catalogo.coachingpop.com/wp-cron.php?doing_wp_cron=1664250050.4832270145416259765625" "WordPress/6.0.2; https://catalogo.coachingpop.com"
87.98.231.4 coachingpop.com - [27/Sep/2022:05:40:59 +0200] "POST /wp-cron.php?doing_wp_cron=1664250059.6697199344635009765625 HTTP/1.1" 200 25 "http://coachingpop.com/wp-cron.php?doing_wp_cron=1664250059.6697199344635009765625" "WordPress/6.0.2; https://coachingpop.com"
118.184.177.30 www.coachingpop.com - [27/Sep/2022:05:40:56 +0200] "GET / HTTP/1.1" 301 - "-" "Sogou web spider/4.0(+http://www.sogou.com/docs/help/webmasters.htm#07)"
118.184.177.30 coachingpop.com - [27/Sep/2022:05:41:02 +0200] "GET / HTTP/1.1" 200 22562 "-" "Sogou web spider/4.0(+http://www.sogou.com/docs/help/webmasters.htm#07)"
51.68.11.195 catalogo.coachingpop.com - [27/Sep/2022:05:42:24 +0200] "POST /wp-cron.php?doing_wp_cron=1664250144.1758120059967041015625 HTTP/1.1" 200 25 "https://catalogo.coachingpop.com/wp-cron.php?doing_wp_cron=1664250144.1758120059967041015625" "WordPress/6.0.2; https://catalogo.coachingpop.com"
70.34.210.189 coachingpop.com - [27/Sep/2022:05:42:38 +0200] "POST /xmlrpc.php HTTP/1.1" 403 - "-" "Mozilla/5.0 (Windows NT 6.1; Win64; x64) AppleWebKit/537.36 (KHTML, like Gecko) Chrome/60.0.3112.90 Safari/537.36"
51.68.11.195 catalogo.coachingpop.com - [27/Sep/2022:05:42:51 +0200] "POST /wp-cron.php?doing_wp_cron=1664250171.4735310077667236328125 HTTP/1.1" 200 25 "https://catalogo.coachingpop.com/wp-cron.php?doing_wp_cron=1664250171.4735310077667236328125" "WordPress/6.0.2; https://catalogo.coachingpop.com"
51.68.11.195 coachingpop.com - [27/Sep/2022:05:42:52 +0200] "POST /wp-cron.php?doing_wp_cron=1664250172.1912090778350830078125 HTTP/1.1" 200 25 "https://coachingpop.com/wp-cron.php?doing_wp_cron=1664250172.1912090778350830078125" "WordPress/6.0.2; https://coachingpop.com"
51.68.11.195 coachingpop.com - [27/Sep/2022:05:43:17 +0200] "POST /wp-cron.php?doing_wp_cron=1664250197.3730020523071289062500 HTTP/1.1" 200 25 "https://coachingpop.com/wp-cron.php?doing_wp_cron=1664250197.3730020523071289062500" "WordPress/6.0.2; https://coachingpop.com"
185.162.147.113 coachingpop.com - [27/Sep/2022:05:43:16 +0200] "POST /xmlrpc.php HTTP/1.1" 200 422 "-" "Mozilla/5.0 (Windows NT 10.0; Win64; x64) AppleWebKit/537.36 (KHTML, like Gecko) Chrome/67.0.3396.99 Safari/537.36"
51.68.11.195 catalogo.coachingpop.com - [27/Sep/2022:05:44:25 +0200] "POST /wp-cron.php?doing_wp_cron=1664250265.6696929931640625000000 HTTP/1.1" 200 25 "https://catalogo.coachingpop.com/wp-cron.php?doing_wp_cron=1664250265.6696929931640625000000" "WordPress/6.0.2; https://catalogo.coachingpop.com"
51.68.11.195 catalogo.coachingpop.com - [27/Sep/2022:05:44:52 +0200] "POST /wp-cron.php?doing_wp_cron=1664250292.3811280727386474609375 HTTP/1.1" 200 25 "https://catalogo.coachingpop.com/wp-cron.php?doing_wp_cron=1664250292.3811280727386474609375" "WordPress/6.0.2; https://catalogo.coachingpop.com"
81.36.175.180 catalogo.coachingpop.com - [27/Sep/2022:05:40:49 +0200] "POST /wp-admin/admin-ajax.php HTTP/1.1" 200 47 "https://catalogo.coachingpop.com/wp-admin/edit.php?post_type=product" "Mozilla/5.0 (Windows NT 10.0; Win64; x64) AppleWebKit/537.36 (KHTML, like Gecko) Chrome/105.0.0.0 Safari/537.36"
81.36.175.180 catalogo.coachingpop.com - [27/Sep/2022:05:42:21 +0200] "POST /wp-admin/admin-ajax.php HTTP/1.1" 200 47 "https://catalogo.coachingpop.com/wp-admin/admin.php?page=wc-admin" "Mozilla/5.0 (Windows NT 10.0; Win64; x64) AppleWebKit/537.36 (KHTML, like Gecko) Chrome/105.0.0.0 Safari/537.36"
81.36.175.180 catalogo.coachingpop.com - [27/Sep/2022:05:42:50 +0200] "POST /wp-admin/admin-ajax.php HTTP/1.1" 200 47 "https://catalogo.coachingpop.com/wp-admin/edit.php?post_type=product" "Mozilla/5.0 (Windows NT 10.0; Win64; x64) AppleWebKit/537.36 (KHTML, like Gecko) Chrome/105.0.0.0 Safari/537.36"
13.126.16.171 coachingpop.com - [27/Sep/2022:05:42:47 +0200] "POST /xmlrpc.php HTTP/1.1" 200 420 "-" "Mozilla/5.0 (Linux; Android 10; LM-Q710(FGN)) AppleWebKit/537.36 (KHTML, like Gecko) Chrome/91.0.4472.114 Mobile Safari/537.36"
148.66.56.82 coachingpop.com - [27/Sep/2022:05:42:53 +0200] "POST /xmlrpc.php HTTP/1.1" 403 - "-" "Mozilla/5.0 (Windows NT 6.1; WOW64; rv:44.0) Gecko/20100101 Firefox/44.0"
161.117.12.178 coachingpop.com - [27/Sep/2022:05:43:03 +0200] "POST /xmlrpc.php HTTP/1.1" 403 - "-" "Mozilla/5.0 (Windows NT 6.1; Win64; x64; rv:25.0) Gecko/20100101 Firefox/29.0"
23.227.176.12 coachingpop.com - [27/Sep/2022:05:43:16 +0200] "POST /xmlrpc.php HTTP/1.1" 200 420 "-" "Mozilla/5.0 (Windows NT 10.0; Win64; x64) AppleWebKit/537.36 (KHTML, like Gecko) Chrome/67.0.3396.99 Safari/537.36"
129.143.253.19 coachingpop.com - [27/Sep/2022:05:43:27 +0200] "POST /xmlrpc.php HTTP/1.1" 200 420 "-" "Mozilla/5.0 (Windows NT 10.0; Win64; x64) AppleWebKit/537.36 (KHTML, like Gecko) Chrome/74.0.3729.157 Safari/537.36"
5.9.250.2 coachingpop.com - [27/Sep/2022:05:43:34 +0200] "POST /xmlrpc.php HTTP/1.1" 200 422 "-" "Mozilla/5.0 (Windows NT 5.1; rv:30.0) Gecko/20100101 Firefox/30.0"
148.66.56.82 coachingpop.com - [27/Sep/2022:05:43:41 +0200] "POST /xmlrpc.php HTTP/1.1" 403 - "-" "Mozilla/5.0 (Windows NT 6.1; Win64; x64) AppleWebKit/537.36 (KHTML, like Gecko) Chrome/63.0.3239.132 Safari/537.36"
81.36.175.180 catalogo.coachingpop.com - [27/Sep/2022:05:44:22 +0200] "POST /wp-admin/admin-ajax.php HTTP/1.1" 200 47 "https://catalogo.coachingpop.com/wp-admin/admin.php?page=wc-admin" "Mozilla/5.0 (Windows NT 10.0; Win64; x64) AppleWebKit/537.36 (KHTML, like Gecko) Chrome/105.0.0.0 Safari/537.36"
87.98.231.4 coachingpop.com - [27/Sep/2022:05:46:07 +0200] "POST /wp-cron.php?doing_wp_cron=1664250367.4070539474487304687500 HTTP/1.1" 200 25 "http://coachingpop.com/wp-cron.php?doing_wp_cron=1664250367.4070539474487304687500" "WordPress/6.0.2; https://coachingpop.com"
114.119.139.217 coachingpop.com - [27/Sep/2022:05:46:04 +0200] "GET /tag/colaboracion HTTP/1.1" 404 58138 "http://coachingpop.com/tag/conciencia/" "Mozilla/5.0 (Linux; Android 7.0;) AppleWebKit/537.36 (KHTML, like Gecko) Mobile Safari/537.36 (compatible; PetalBot;+https://webmaster.petalsearch.com/site/petalbot)"
51.68.11.195 catalogo.coachingpop.com - [27/Sep/2022:05:46:26 +0200] "POST /wp-cron.php?doing_wp_cron=1664250386.3847401142120361328125 HTTP/1.1" 200 25 "https://catalogo.coachingpop.com/wp-cron.php?doing_wp_cron=1664250386.3847401142120361328125" "WordPress/6.0.2; https://catalogo.coachingpop.com"
51.68.11.195 catalogo.coachingpop.com - [27/Sep/2022:05:46:53 +0200] "POST /wp-cron.php?doing_wp_cron=1664250413.4382429122924804687500 HTTP/1.1" 200 25 "https://catalogo.coachingpop.com/wp-cron.php?doing_wp_cron=1664250413.4382429122924804687500" "WordPress/6.0.2; https://catalogo.coachingpop.com"
51.68.11.195 catalogo.coachingpop.com - [27/Sep/2022:05:48:26 +0200] "POST /wp-cron.php?doing_wp_cron=1664250506.5117809772491455078125 HTTP/1.1" 200 25 "https://catalogo.coachingpop.com/wp-cron.php?doing_wp_cron=1664250506.5117809772491455078125" "WordPress/6.0.2; https://catalogo.coachingpop.com"
51.68.11.195 catalogo.coachingpop.com - [27/Sep/2022:05:48:54 +0200] "POST /wp-cron.php?doing_wp_cron=1664250534.4717268943786621093750 HTTP/1.1" 200 25 "https://catalogo.coachingpop.com/wp-cron.php?doing_wp_cron=1664250534.4717268943786621093750" "WordPress/6.0.2; https://catalogo.coachingpop.com"
81.36.175.180 catalogo.coachingpop.com - [27/Sep/2022:05:44:51 +0200] "POST /wp-admin/admin-ajax.php HTTP/1.1" 200 47 "https://catalogo.coachingpop.com/wp-admin/edit.php?post_type=product" "Mozilla/5.0 (Windows NT 10.0; Win64; x64) AppleWebKit/537.36 (KHTML, like Gecko) Chrome/105.0.0.0 Safari/537.36"
81.36.175.180 catalogo.coachingpop.com - [27/Sep/2022:05:46:23 +0200] "POST /wp-admin/admin-ajax.php HTTP/1.1" 200 47 "https://catalogo.coachingpop.com/wp-admin/admin.php?page=wc-admin" "Mozilla/5.0 (Windows NT 10.0; Win64; x64) AppleWebKit/537.36 (KHTML, like Gecko) Chrome/105.0.0.0 Safari/537.36"
81.36.175.180 catalogo.coachingpop.com - [27/Sep/2022:05:46:52 +0200] "POST /wp-admin/admin-ajax.php HTTP/1.1" 200 47 "https://catalogo.coachingpop.com/wp-admin/edit.php?post_type=product" "Mozilla/5.0 (Windows NT 10.0; Win64; x64) AppleWebKit/537.36 (KHTML, like Gecko) Chrome/105.0.0.0 Safari/537.36"
81.36.175.180 catalogo.coachingpop.com - [27/Sep/2022:05:48:24 +0200] "POST /wp-admin/admin-ajax.php HTTP/1.1" 200 47 "https://catalogo.coachingpop.com/wp-admin/admin.php?page=wc-admin" "Mozilla/5.0 (Windows NT 10.0; Win64; x64) AppleWebKit/537.36 (KHTML, like Gecko) Chrome/105.0.0.0 Safari/537.36"
81.36.175.180 catalogo.coachingpop.com - [27/Sep/2022:05:48:53 +0200] "POST /wp-admin/admin-ajax.php HTTP/1.1" 200 47 "https://catalogo.coachingpop.com/wp-admin/edit.php?post_type=product" "Mozilla/5.0 (Windows NT 10.0; Win64; x64) AppleWebKit/537.36 (KHTML, like Gecko) Chrome/105.0.0.0 Safari/537.36"
81.36.175.180 catalogo.coachingpop.com - [27/Sep/2022:05:50:25 +0200] "POST /wp-admin/admin-ajax.php HTTP/1.1" 200 47 "https://catalogo.coachingpop.com/wp-admin/admin.php?page=wc-admin" "Mozilla/5.0 (Windows NT 10.0; Win64; x64) AppleWebKit/537.36 (KHTML, like Gecko) Chrome/105.0.0.0 Safari/537.36"
51.68.11.195 catalogo.coachingpop.com - [27/Sep/2022:05:50:27 +0200] "POST /wp-cron.php?doing_wp_cron=1664250627.2472560405731201171875 HTTP/1.1" 200 25 "https://catalogo.coachingpop.com/wp-cron.php?doing_wp_cron=1664250627.2472560405731201171875" "WordPress/6.0.2; https://catalogo.coachingpop.com"
51.68.11.195 catalogo.coachingpop.com - [27/Sep/2022:05:50:55 +0200] "POST /wp-cron.php?doing_wp_cron=1664250655.3990280628204345703125 HTTP/1.1" 200 25 "https://catalogo.coachingpop.com/wp-cron.php?doing_wp_cron=1664250655.3990280628204345703125" "WordPress/6.0.2; https://catalogo.coachingpop.com"
87.98.231.4 coachingpop.com - [27/Sep/2022:05:51:33 +0200] "POST /wp-cron.php?doing_wp_cron=1664250693.1119968891143798828125 HTTP/1.1" 200 25 "http://coachingpop.com/wp-cron.php?doing_wp_cron=1664250693.1119968891143798828125" "WordPress/6.0.2; https://coachingpop.com"
114.119.139.25 coachingpop.com - [27/Sep/2022:05:51:30 +0200] "GET /tag/desarrollo-personal?post_type=events HTTP/1.1" 404 58138 "http://coachingpop.com/events/taller-gratuito-pensamientos-saturacion" "Mozilla/5.0 (Linux; Android 7.0;) AppleWebKit/537.36 (KHTML, like Gecko) Mobile Safari/537.36 (compatible; PetalBot;+https://webmaster.petalsearch.com/site/petalbot)"
51.68.11.195 catalogo.coachingpop.com - [27/Sep/2022:05:52:28 +0200] "POST /wp-cron.php?doing_wp_cron=1664250748.3076510429382324218750 HTTP/1.1" 200 25 "https://catalogo.coachingpop.com/wp-cron.php?doing_wp_cron=1664250748.3076510429382324218750" "WordPress/6.0.2; https://catalogo.coachingpop.com"
51.68.11.195 catalogo.coachingpop.com - [27/Sep/2022:05:52:56 +0200] "POST /wp-cron.php?doing_wp_cron=1664250776.7129960060119628906250 HTTP/1.1" 200 25 "https://catalogo.coachingpop.com/wp-cron.php?doing_wp_cron=1664250776.7129960060119628906250" "WordPress/6.0.2; https://catalogo.coachingpop.com"
51.68.11.195 catalogo.coachingpop.com - [27/Sep/2022:05:54:29 +0200] "POST /wp-cron.php?doing_wp_cron=1664250869.5208129882812500000000 HTTP/1.1" 200 25 "https://catalogo.coachingpop.com/wp-cron.php?doing_wp_cron=1664250869.5208129882812500000000" "WordPress/6.0.2; https://catalogo.coachingpop.com"
51.68.11.195 catalogo.coachingpop.com - [27/Sep/2022:05:54:57 +0200] "POST /wp-cron.php?doing_wp_cron=1664250897.9549260139465332031250 HTTP/1.1" 200 25 "https://catalogo.coachingpop.com/wp-cron.php?doing_wp_cron=1664250897.9549260139465332031250" "WordPress/6.0.2; https://catalogo.coachingpop.com"
81.36.175.180 catalogo.coachingpop.com - [27/Sep/2022:05:50:54 +0200] "POST /wp-admin/admin-ajax.php HTTP/1.1" 200 47 "https://catalogo.coachingpop.com/wp-admin/edit.php?post_type=product" "Mozilla/5.0 (Windows NT 10.0; Win64; x64) AppleWebKit/537.36 (KHTML, like Gecko) Chrome/105.0.0.0 Safari/537.36"
81.36.175.180 catalogo.coachingpop.com - [27/Sep/2022:05:52:26 +0200] "POST /wp-admin/admin-ajax.php HTTP/1.1" 200 47 "https://catalogo.coachingpop.com/wp-admin/admin.php?page=wc-admin" "Mozilla/5.0 (Windows NT 10.0; Win64; x64) AppleWebKit/537.36 (KHTML, like Gecko) Chrome/105.0.0.0 Safari/537.36"
81.36.175.180 catalogo.coachingpop.com - [27/Sep/2022:05:52:55 +0200] "POST /wp-admin/admin-ajax.php HTTP/1.1" 200 47 "https://catalogo.coachingpop.com/wp-admin/edit.php?post_type=product" "Mozilla/5.0 (Windows NT 10.0; Win64; x64) AppleWebKit/537.36 (KHTML, like Gecko) Chrome/105.0.0.0 Safari/537.36"
81.36.175.180 catalogo.coachingpop.com - [27/Sep/2022:05:54:27 +0200] "POST /wp-admin/admin-ajax.php HTTP/1.1" 200 47 "https://catalogo.coachingpop.com/wp-admin/admin.php?page=wc-admin" "Mozilla/5.0 (Windows NT 10.0; Win64; x64) AppleWebKit/537.36 (KHTML, like Gecko) Chrome/105.0.0.0 Safari/537.36"
51.68.11.195 catalogo.coachingpop.com - [27/Sep/2022:05:56:30 +0200] "POST /wp-cron.php?doing_wp_cron=1664250990.5816669464111328125000 HTTP/1.1" 200 25 "https://catalogo.coachingpop.com/wp-cron.php?doing_wp_cron=1664250990.5816669464111328125000" "WordPress/6.0.2; https://catalogo.coachingpop.com"
51.68.11.195 catalogo.coachingpop.com - [27/Sep/2022:05:56:58 +0200] "POST /wp-cron.php?doing_wp_cron=1664251018.4162189960479736328125 HTTP/1.1" 200 25 "https://catalogo.coachingpop.com/wp-cron.php?doing_wp_cron=1664251018.4162189960479736328125" "WordPress/6.0.2; https://catalogo.coachingpop.com"
51.68.11.195 catalogo.coachingpop.com - [27/Sep/2022:05:58:31 +0200] "POST /wp-cron.php?doing_wp_cron=1664251111.7071440219879150390625 HTTP/1.1" 200 25 "https://catalogo.coachingpop.com/wp-cron.php?doing_wp_cron=1664251111.7071440219879150390625" "WordPress/6.0.2; https://catalogo.coachingpop.com"
51.68.11.195 catalogo.coachingpop.com - [27/Sep/2022:05:58:59 +0200] "POST /wp-cron.php?doing_wp_cron=1664251139.6507830619812011718750 HTTP/1.1" 200 25 "https://catalogo.coachingpop.com/wp-cron.php?doing_wp_cron=1664251139.6507830619812011718750" "WordPress/6.0.2; https://catalogo.coachingpop.com"
81.36.175.180 catalogo.coachingpop.com - [27/Sep/2022:05:54:56 +0200] "POST /wp-admin/admin-ajax.php HTTP/1.1" 200 47 "https://catalogo.coachingpop.com/wp-admin/edit.php?post_type=product" "Mozilla/5.0 (Windows NT 10.0; Win64; x64) AppleWebKit/537.36 (KHTML, like Gecko) Chrome/105.0.0.0 Safari/537.36"
81.36.175.180 catalogo.coachingpop.com - [27/Sep/2022:05:56:28 +0200] "POST /wp-admin/admin-ajax.php HTTP/1.1" 200 47 "https://catalogo.coachingpop.com/wp-admin/admin.php?page=wc-admin" "Mozilla/5.0 (Windows NT 10.0; Win64; x64) AppleWebKit/537.36 (KHTML, like Gecko) Chrome/105.0.0.0 Safari/537.36"
81.36.175.180 catalogo.coachingpop.com - [27/Sep/2022:05:56:57 +0200] "POST /wp-admin/admin-ajax.php HTTP/1.1" 200 47 "https://catalogo.coachingpop.com/wp-admin/edit.php?post_type=product" "Mozilla/5.0 (Windows NT 10.0; Win64; x64) AppleWebKit/537.36 (KHTML, like Gecko) Chrome/105.0.0.0 Safari/537.36"
87.98.231.4 coachingpop.com - [27/Sep/2022:05:57:07 +0200] "POST /wp-cron.php?doing_wp_cron=1664251027.0281720161437988281250 HTTP/1.1" 200 25 "http://coachingpop.com/wp-cron.php?doing_wp_cron=1664251027.0281720161437988281250" "WordPress/6.0.2; https://coachingpop.com"
114.119.139.220 coachingpop.com - [27/Sep/2022:05:57:02 +0200] "GET /tag/guia-confrontacion HTTP/1.1" 404 58138 "http://coachingpop.com/tag/japones" "Mozilla/5.0 (Linux; Android 7.0;) AppleWebKit/537.36 (KHTML, like Gecko) Mobile Safari/537.36 (compatible; PetalBot;+https://webmaster.petalsearch.com/site/petalbot)"
81.36.175.180 catalogo.coachingpop.com - [27/Sep/2022:05:58:29 +0200] "POST /wp-admin/admin-ajax.php HTTP/1.1" 200 47 "https://catalogo.coachingpop.com/wp-admin/admin.php?page=wc-admin" "Mozilla/5.0 (Windows NT 10.0; Win64; x64) AppleWebKit/537.36 (KHTML, like Gecko) Chrome/105.0.0.0 Safari/537.36"
81.36.175.180 catalogo.coachingpop.com - [27/Sep/2022:05:58:58 +0200] "POST /wp-admin/admin-ajax.php HTTP/1.1" 200 47 "https://catalogo.coachingpop.com/wp-admin/edit.php?post_type=product" "Mozilla/5.0 (Windows NT 10.0; Win64; x64) AppleWebKit/537.36 (KHTML, like Gecko) Chrome/105.0.0.0 Safari/537.36"
81.36.175.180 catalogo.coachingpop.com - [27/Sep/2022:06:00:30 +0200] "POST /wp-admin/admin-ajax.php HTTP/1.1" 200 47 "https://catalogo.coachingpop.com/wp-admin/admin.php?page=wc-admin" "Mozilla/5.0 (Windows NT 10.0; Win64; x64) AppleWebKit/537.36 (KHTML, like Gecko) Chrome/105.0.0.0 Safari/537.36"
51.68.11.195 catalogo.coachingpop.com - [27/Sep/2022:06:00:33 +0200] "POST /wp-cron.php?doing_wp_cron=1664251233.1229310035705566406250 HTTP/1.1" 200 25 "https://catalogo.coachingpop.com/wp-cron.php?doing_wp_cron=1664251233.1229310035705566406250" "WordPress/6.0.2; https://catalogo.coachingpop.com"
51.68.11.195 catalogo.coachingpop.com - [27/Sep/2022:06:01:00 +0200] "POST /wp-cron.php?doing_wp_cron=1664251260.5658879280090332031250 HTTP/1.1" 200 25 "https://catalogo.coachingpop.com/wp-cron.php?doing_wp_cron=1664251260.5658879280090332031250" "WordPress/6.0.2; https://catalogo.coachingpop.com"
51.68.11.195 catalogo.coachingpop.com - [27/Sep/2022:06:02:33 +0200] "POST /wp-cron.php?doing_wp_cron=1664251353.8699851036071777343750 HTTP/1.1" 200 25 "https://catalogo.coachingpop.com/wp-cron.php?doing_wp_cron=1664251353.8699851036071777343750" "WordPress/6.0.2; https://catalogo.coachingpop.com"
51.68.11.195 catalogo.coachingpop.com - [27/Sep/2022:06:03:02 +0200] "POST /wp-cron.php?doing_wp_cron=1664251382.1271080970764160156250 HTTP/1.1" 200 25 "https://catalogo.coachingpop.com/wp-cron.php?doing_wp_cron=1664251382.1271080970764160156250" "WordPress/6.0.2; https://catalogo.coachingpop.com"
51.68.11.195 catalogo.coachingpop.com - [27/Sep/2022:06:04:34 +0200] "POST /wp-cron.php?doing_wp_cron=1664251474.5264809131622314453125 HTTP/1.1" 200 25 "https://catalogo.coachingpop.com/wp-cron.php?doing_wp_cron=1664251474.5264809131622314453125" "WordPress/6.0.2; https://catalogo.coachingpop.com"
81.36.175.180 catalogo.coachingpop.com - [27/Sep/2022:06:00:59 +0200] "POST /wp-admin/admin-ajax.php HTTP/1.1" 200 47 "https://catalogo.coachingpop.com/wp-admin/edit.php?post_type=product" "Mozilla/5.0 (Windows NT 10.0; Win64; x64) AppleWebKit/537.36 (KHTML, like Gecko) Chrome/105.0.0.0 Safari/537.36"
81.36.175.180 catalogo.coachingpop.com - [27/Sep/2022:06:02:31 +0200] "POST /wp-admin/admin-ajax.php HTTP/1.1" 200 47 "https://catalogo.coachingpop.com/wp-admin/admin.php?page=wc-admin" "Mozilla/5.0 (Windows NT 10.0; Win64; x64) AppleWebKit/537.36 (KHTML, like Gecko) Chrome/105.0.0.0 Safari/537.36"
81.36.175.180 catalogo.coachingpop.com - [27/Sep/2022:06:03:00 +0200] "POST /wp-admin/admin-ajax.php HTTP/1.1" 200 47 "https://catalogo.coachingpop.com/wp-admin/edit.php?post_type=product" "Mozilla/5.0 (Windows NT 10.0; Win64; x64) AppleWebKit/537.36 (KHTML, like Gecko) Chrome/105.0.0.0 Safari/537.36"
81.36.175.180 catalogo.coachingpop.com - [27/Sep/2022:06:04:32 +0200] "POST /wp-admin/admin-ajax.php HTTP/1.1" 200 47 "https://catalogo.coachingpop.com/wp-admin/admin.php?page=wc-admin" "Mozilla/5.0 (Windows NT 10.0; Win64; x64) AppleWebKit/537.36 (KHTML, like Gecko) Chrome/105.0.0.0 Safari/537.36"
81.36.175.180 catalogo.coachingpop.com - [27/Sep/2022:06:05:01 +0200] "POST /wp-admin/admin-ajax.php HTTP/1.1" 200 47 "https://catalogo.coachingpop.com/wp-admin/edit.php?post_type=product" "Mozilla/5.0 (Windows NT 10.0; Win64; x64) AppleWebKit/537.36 (KHTML, like Gecko) Chrome/105.0.0.0 Safari/537.36"
51.68.11.195 catalogo.coachingpop.com - [27/Sep/2022:06:05:02 +0200] "POST /wp-cron.php?doing_wp_cron=1664251502.7728419303894042968750 HTTP/1.1" 200 25 "https://catalogo.coachingpop.com/wp-cron.php?doing_wp_cron=1664251502.7728419303894042968750" "WordPress/6.0.2; https://catalogo.coachingpop.com"
51.68.11.195 catalogo.coachingpop.com - [27/Sep/2022:06:06:36 +0200] "POST /wp-cron.php?doing_wp_cron=1664251596.2079510688781738281250 HTTP/1.1" 200 25 "https://catalogo.coachingpop.com/wp-cron.php?doing_wp_cron=1664251596.2079510688781738281250" "WordPress/6.0.2; https://catalogo.coachingpop.com"
51.68.11.195 catalogo.coachingpop.com - [27/Sep/2022:06:07:03 +0200] "POST /wp-cron.php?doing_wp_cron=1664251623.4168579578399658203125 HTTP/1.1" 200 25 "https://catalogo.coachingpop.com/wp-cron.php?doing_wp_cron=1664251623.4168579578399658203125" "WordPress/6.0.2; https://catalogo.coachingpop.com"
51.68.11.195 catalogo.coachingpop.com - [27/Sep/2022:06:08:36 +0200] "POST /wp-cron.php?doing_wp_cron=1664251716.4064180850982666015625 HTTP/1.1" 200 25 "https://catalogo.coachingpop.com/wp-cron.php?doing_wp_cron=1664251716.4064180850982666015625" "WordPress/6.0.2; https://catalogo.coachingpop.com"
81.36.175.180 catalogo.coachingpop.com - [27/Sep/2022:06:06:33 +0200] "POST /wp-admin/admin-ajax.php HTTP/1.1" 200 47 "https://catalogo.coachingpop.com/wp-admin/admin.php?page=wc-admin" "Mozilla/5.0 (Windows NT 10.0; Win64; x64) AppleWebKit/537.36 (KHTML, like Gecko) Chrome/105.0.0.0 Safari/537.36"
81.36.175.180 catalogo.coachingpop.com - [27/Sep/2022:06:07:02 +0200] "POST /wp-admin/admin-ajax.php HTTP/1.1" 200 47 "https://catalogo.coachingpop.com/wp-admin/edit.php?post_type=product" "Mozilla/5.0 (Windows NT 10.0; Win64; x64) AppleWebKit/537.36 (KHTML, like Gecko) Chrome/105.0.0.0 Safari/537.36"
81.36.175.180 catalogo.coachingpop.com - [27/Sep/2022:06:08:34 +0200] "POST /wp-admin/admin-ajax.php HTTP/1.1" 200 47 "https://catalogo.coachingpop.com/wp-admin/admin.php?page=wc-admin" "Mozilla/5.0 (Windows NT 10.0; Win64; x64) AppleWebKit/537.36 (KHTML, like Gecko) Chrome/105.0.0.0 Safari/537.36"
81.36.175.180 catalogo.coachingpop.com - [27/Sep/2022:06:09:03 +0200] "POST /wp-admin/admin-ajax.php HTTP/1.1" 200 47 "https://catalogo.coachingpop.com/wp-admin/edit.php?post_type=product" "Mozilla/5.0 (Windows NT 10.0; Win64; x64) AppleWebKit/537.36 (KHTML, like Gecko) Chrome/105.0.0.0 Safari/537.36"
51.68.11.195 catalogo.coachingpop.com - [27/Sep/2022:06:09:04 +0200] "POST /wp-cron.php?doing_wp_cron=1664251744.4743249416351318359375 HTTP/1.1" 200 25 "https://catalogo.coachingpop.com/wp-cron.php?doing_wp_cron=1664251744.4743249416351318359375" "WordPress/6.0.2; https://catalogo.coachingpop.com"
51.68.11.195 catalogo.coachingpop.com - [27/Sep/2022:06:10:37 +0200] "POST /wp-cron.php?doing_wp_cron=1664251837.8338429927825927734375 HTTP/1.1" 200 25 "https://catalogo.coachingpop.com/wp-cron.php?doing_wp_cron=1664251837.8338429927825927734375" "WordPress/6.0.2; https://catalogo.coachingpop.com"
51.68.11.195 catalogo.coachingpop.com - [27/Sep/2022:06:11:07 +0200] "POST /wp-cron.php?doing_wp_cron=1664251867.8907339572906494140625 HTTP/1.1" 200 25 "https://catalogo.coachingpop.com/wp-cron.php?doing_wp_cron=1664251867.8907339572906494140625" "WordPress/6.0.2; https://catalogo.coachingpop.com"
51.68.11.195 catalogo.coachingpop.com - [27/Sep/2022:06:12:38 +0200] "POST /wp-cron.php?doing_wp_cron=1664251958.7795069217681884765625 HTTP/1.1" 200 25 "https://catalogo.coachingpop.com/wp-cron.php?doing_wp_cron=1664251958.7795069217681884765625" "WordPress/6.0.2; https://catalogo.coachingpop.com"
51.68.11.195 catalogo.coachingpop.com - [27/Sep/2022:06:13:07 +0200] "POST /wp-cron.php?doing_wp_cron=1664251987.0479710102081298828125 HTTP/1.1" 200 25 "https://catalogo.coachingpop.com/wp-cron.php?doing_wp_cron=1664251987.0479710102081298828125" "WordPress/6.0.2; https://catalogo.coachingpop.com"
51.68.11.195 catalogo.coachingpop.com - [27/Sep/2022:06:14:39 +0200] "POST /wp-cron.php?doing_wp_cron=1664252079.6529629230499267578125 HTTP/1.1" 200 25 "https://catalogo.coachingpop.com/wp-cron.php?doing_wp_cron=1664252079.6529629230499267578125" "WordPress/6.0.2; https://catalogo.coachingpop.com"
81.36.175.180 catalogo.coachingpop.com - [27/Sep/2022:06:10:35 +0200] "POST /wp-admin/admin-ajax.php HTTP/1.1" 200 47 "https://catalogo.coachingpop.com/wp-admin/admin.php?page=wc-admin" "Mozilla/5.0 (Windows NT 10.0; Win64; x64) AppleWebKit/537.36 (KHTML, like Gecko) Chrome/105.0.0.0 Safari/537.36"
87.98.231.4 coachingpop.com - [27/Sep/2022:06:10:39 +0200] "POST /wp-cron.php?doing_wp_cron=1664251839.9196000099182128906250 HTTP/1.1" 200 25 "http://coachingpop.com/wp-cron.php?doing_wp_cron=1664251839.9196000099182128906250" "WordPress/6.0.2; https://coachingpop.com"
77.75.78.168 coachingpop.com - [27/Sep/2022:06:10:35 +0200] "GET /robots.txt HTTP/1.1" 200 133 "-" "Mozilla/5.0 (compatible; SeznamBot/3.2; +http://napoveda.seznam.cz/en/seznambot-intro/)"
77.75.78.168 coachingpop.com - [27/Sep/2022:06:10:48 +0200] "GET / HTTP/1.1" 301 - "-" "Mozilla/5.0 (compatible; SeznamBot/3.2; +http://napoveda.seznam.cz/en/seznambot-intro/)"
81.36.175.180 catalogo.coachingpop.com - [27/Sep/2022:06:11:04 +0200] "POST /wp-admin/admin-ajax.php HTTP/1.1" 200 47 "https://catalogo.coachingpop.com/wp-admin/edit.php?post_type=product" "Mozilla/5.0 (Windows NT 10.0; Win64; x64) AppleWebKit/537.36 (KHTML, like Gecko) Chrome/105.0.0.0 Safari/537.36"
198.235.24.13 2022.coachingpop.com - [27/Sep/2022:06:11:47 +0200] "GET / HTTP/1.1" 200 370 "-" "Expanse, a Palo Alto Networks company, searches across the global IPv4 space multiple times per day to identify customers' presences on the Internet. If you would like to be excluded from our scans, please send IP addresses/domains to: scaninfo@paloaltonetworks.com"
81.36.175.180 catalogo.coachingpop.com - [27/Sep/2022:06:12:36 +0200] "POST /wp-admin/admin-ajax.php HTTP/1.1" 200 47 "https://catalogo.coachingpop.com/wp-admin/admin.php?page=wc-admin" "Mozilla/5.0 (Windows NT 10.0; Win64; x64) AppleWebKit/537.36 (KHTML, like Gecko) Chrome/105.0.0.0 Safari/537.36"
81.36.175.180 catalogo.coachingpop.com - [27/Sep/2022:06:13:05 +0200] "POST /wp-admin/admin-ajax.php HTTP/1.1" 200 47 "https://catalogo.coachingpop.com/wp-admin/edit.php?post_type=product" "Mozilla/5.0 (Windows NT 10.0; Win64; x64) AppleWebKit/537.36 (KHTML, like Gecko) Chrome/105.0.0.0 Safari/537.36"
81.36.175.180 catalogo.coachingpop.com - [27/Sep/2022:06:14:37 +0200] "POST /wp-admin/admin-ajax.php HTTP/1.1" 200 47 "https://catalogo.coachingpop.com/wp-admin/admin.php?page=wc-admin" "Mozilla/5.0 (Windows NT 10.0; Win64; x64) AppleWebKit/537.36 (KHTML, like Gecko) Chrome/105.0.0.0 Safari/537.36"
81.36.175.180 catalogo.coachingpop.com - [27/Sep/2022:06:15:06 +0200] "POST /wp-admin/admin-ajax.php HTTP/1.1" 200 47 "https://catalogo.coachingpop.com/wp-admin/edit.php?post_type=product" "Mozilla/5.0 (Windows NT 10.0; Win64; x64) AppleWebKit/537.36 (KHTML, like Gecko) Chrome/105.0.0.0 Safari/537.36"
51.68.11.195 catalogo.coachingpop.com - [27/Sep/2022:06:15:08 +0200] "POST /wp-cron.php?doing_wp_cron=1664252108.1947588920593261718750 HTTP/1.1" 200 25 "https://catalogo.coachingpop.com/wp-cron.php?doing_wp_cron=1664252108.1947588920593261718750" "WordPress/6.0.2; https://catalogo.coachingpop.com"
51.68.11.195 catalogo.coachingpop.com - [27/Sep/2022:06:16:40 +0200] "POST /wp-cron.php?doing_wp_cron=1664252200.6333839893341064453125 HTTP/1.1" 200 25 "https://catalogo.coachingpop.com/wp-cron.php?doing_wp_cron=1664252200.6333839893341064453125" "WordPress/6.0.2; https://catalogo.coachingpop.com"
51.68.11.195 catalogo.coachingpop.com - [27/Sep/2022:06:17:08 +0200] "POST /wp-cron.php?doing_wp_cron=1664252228.5275840759277343750000 HTTP/1.1" 200 25 "https://catalogo.coachingpop.com/wp-cron.php?doing_wp_cron=1664252228.5275840759277343750000" "WordPress/6.0.2; https://catalogo.coachingpop.com"
51.68.11.195 catalogo.coachingpop.com - [27/Sep/2022:06:18:42 +0200] "POST /wp-cron.php?doing_wp_cron=1664252322.1037130355834960937500 HTTP/1.1" 200 25 "https://catalogo.coachingpop.com/wp-cron.php?doing_wp_cron=1664252322.1037130355834960937500" "WordPress/6.0.2; https://catalogo.coachingpop.com"
81.36.175.180 catalogo.coachingpop.com - [27/Sep/2022:06:16:38 +0200] "POST /wp-admin/admin-ajax.php HTTP/1.1" 200 47 "https://catalogo.coachingpop.com/wp-admin/admin.php?page=wc-admin" "Mozilla/5.0 (Windows NT 10.0; Win64; x64) AppleWebKit/537.36 (KHTML, like Gecko) Chrome/105.0.0.0 Safari/537.36"
81.36.175.180 catalogo.coachingpop.com - [27/Sep/2022:06:17:07 +0200] "POST /wp-admin/admin-ajax.php HTTP/1.1" 200 47 "https://catalogo.coachingpop.com/wp-admin/edit.php?post_type=product" "Mozilla/5.0 (Windows NT 10.0; Win64; x64) AppleWebKit/537.36 (KHTML, like Gecko) Chrome/105.0.0.0 Safari/537.36"
81.36.175.180 catalogo.coachingpop.com - [27/Sep/2022:06:18:39 +0200] "POST /wp-admin/admin-ajax.php HTTP/1.1" 200 47 "https://catalogo.coachingpop.com/wp-admin/admin.php?page=wc-admin" "Mozilla/5.0 (Windows NT 10.0; Win64; x64) AppleWebKit/537.36 (KHTML, like Gecko) Chrome/105.0.0.0 Safari/537.36"
81.36.175.180 catalogo.coachingpop.com - [27/Sep/2022:06:19:08 +0200] "POST /wp-admin/admin-ajax.php HTTP/1.1" 200 47 "https://catalogo.coachingpop.com/wp-admin/edit.php?post_type=product" "Mozilla/5.0 (Windows NT 10.0; Win64; x64) AppleWebKit/537.36 (KHTML, like Gecko) Chrome/105.0.0.0 Safari/537.36"
51.68.11.195 catalogo.coachingpop.com - [27/Sep/2022:06:19:09 +0200] "POST /wp-cron.php?doing_wp_cron=1664252349.5035829544067382812500 HTTP/1.1" 200 25 "https://catalogo.coachingpop.com/wp-cron.php?doing_wp_cron=1664252349.5035829544067382812500" "WordPress/6.0.2; https://catalogo.coachingpop.com"
