81.36.175.180 catalogo.coachingpop.com - [27/Sep/2022:10:33:18 +0200] "POST /wp-admin/admin-ajax.php HTTP/1.1" 200 47 "https://catalogo.coachingpop.com/wp-admin/edit.php?post_type=product" "Mozilla/5.0 (Windows NT 10.0; Win64; x64) AppleWebKit/537.36 (KHTML, like Gecko) Chrome/105.0.0.0 Safari/537.36"
81.36.175.180 catalogo.coachingpop.com - [27/Sep/2022:10:34:46 +0200] "POST /wp-admin/admin-ajax.php HTTP/1.1" 200 47 "https://catalogo.coachingpop.com/wp-admin/admin.php?page=wc-admin" "Mozilla/5.0 (Windows NT 10.0; Win64; x64) AppleWebKit/537.36 (KHTML, like Gecko) Chrome/105.0.0.0 Safari/537.36"
81.36.175.180 catalogo.coachingpop.com - [27/Sep/2022:10:35:19 +0200] "POST /wp-admin/admin-ajax.php HTTP/1.1" 200 47 "https://catalogo.coachingpop.com/wp-admin/edit.php?post_type=product" "Mozilla/5.0 (Windows NT 10.0; Win64; x64) AppleWebKit/537.36 (KHTML, like Gecko) Chrome/105.0.0.0 Safari/537.36"
51.68.11.195 catalogo.coachingpop.com - [27/Sep/2022:10:36:49 +0200] "POST /wp-cron.php?doing_wp_cron=1664267809.1334040164947509765625 HTTP/1.1" 200 25 "https://catalogo.coachingpop.com/wp-cron.php?doing_wp_cron=1664267809.1334040164947509765625" "WordPress/6.0.2; https://catalogo.coachingpop.com"
81.36.175.180 catalogo.coachingpop.com - [27/Sep/2022:10:36:47 +0200] "POST /wp-admin/admin-ajax.php HTTP/1.1" 200 47 "https://catalogo.coachingpop.com/wp-admin/admin.php?page=wc-admin" "Mozilla/5.0 (Windows NT 10.0; Win64; x64) AppleWebKit/537.36 (KHTML, like Gecko) Chrome/105.0.0.0 Safari/537.36"
81.36.175.180 catalogo.coachingpop.com - [27/Sep/2022:10:37:20 +0200] "POST /wp-admin/admin-ajax.php HTTP/1.1" 200 47 "https://catalogo.coachingpop.com/wp-admin/edit.php?post_type=product" "Mozilla/5.0 (Windows NT 10.0; Win64; x64) AppleWebKit/537.36 (KHTML, like Gecko) Chrome/105.0.0.0 Safari/537.36"
81.36.175.180 catalogo.coachingpop.com - [27/Sep/2022:10:38:48 +0200] "POST /wp-admin/admin-ajax.php HTTP/1.1" 200 47 "https://catalogo.coachingpop.com/wp-admin/admin.php?page=wc-admin" "Mozilla/5.0 (Windows NT 10.0; Win64; x64) AppleWebKit/537.36 (KHTML, like Gecko) Chrome/105.0.0.0 Safari/537.36"
81.36.175.180 catalogo.coachingpop.com - [27/Sep/2022:10:39:21 +0200] "POST /wp-admin/admin-ajax.php HTTP/1.1" 200 47 "https://catalogo.coachingpop.com/wp-admin/edit.php?post_type=product" "Mozilla/5.0 (Windows NT 10.0; Win64; x64) AppleWebKit/537.36 (KHTML, like Gecko) Chrome/105.0.0.0 Safari/537.36"
157.55.39.101 coachingpop.com - [27/Sep/2022:10:39:32 +0200] "GET /events/ HTTP/1.1" 200 15540 "-" "Mozilla/5.0 (compatible; bingbot/2.0; +http://www.bing.com/bingbot.htm)"
40.77.167.22 coachingpop.com - [27/Sep/2022:10:39:44 +0200] "GET /events/5-day-critical-friends-advanced-group-training/ HTTP/1.1" 200 19910 "-" "Mozilla/5.0 (compatible; bingbot/2.0; +http://www.bing.com/bingbot.htm)"
51.68.11.195 catalogo.coachingpop.com - [27/Sep/2022:10:38:50 +0200] "POST /wp-cron.php?doing_wp_cron=1664267930.3120670318603515625000 HTTP/1.1" 200 25 "https://catalogo.coachingpop.com/wp-cron.php?doing_wp_cron=1664267930.3120670318603515625000" "WordPress/6.0.2; https://catalogo.coachingpop.com"
51.68.11.195 coachingpop.com - [27/Sep/2022:10:39:36 +0200] "POST /wp-cron.php?doing_wp_cron=1664267976.3239910602569580078125 HTTP/1.1" 200 25 "https://coachingpop.com/wp-cron.php?doing_wp_cron=1664267976.3239910602569580078125" "WordPress/6.0.2; https://coachingpop.com"
51.68.11.195 catalogo.coachingpop.com - [27/Sep/2022:10:40:51 +0200] "POST /wp-cron.php?doing_wp_cron=1664268051.0201480388641357421875 HTTP/1.1" 200 25 "https://catalogo.coachingpop.com/wp-cron.php?doing_wp_cron=1664268051.0201480388641357421875" "WordPress/6.0.2; https://catalogo.coachingpop.com"
51.68.11.195 catalogo.coachingpop.com - [27/Sep/2022:10:42:52 +0200] "POST /wp-cron.php?doing_wp_cron=1664268172.3576469421386718750000 HTTP/1.1" 200 25 "https://catalogo.coachingpop.com/wp-cron.php?doing_wp_cron=1664268172.3576469421386718750000" "WordPress/6.0.2; https://catalogo.coachingpop.com"
51.68.11.195 catalogo.coachingpop.com - [27/Sep/2022:10:43:26 +0200] "POST /wp-cron.php?doing_wp_cron=1664268206.0827260017395019531250 HTTP/1.1" 200 25 "https://catalogo.coachingpop.com/wp-cron.php?doing_wp_cron=1664268206.0827260017395019531250" "WordPress/6.0.2; https://catalogo.coachingpop.com"
81.36.175.180 catalogo.coachingpop.com - [27/Sep/2022:10:40:49 +0200] "POST /wp-admin/admin-ajax.php HTTP/1.1" 200 47 "https://catalogo.coachingpop.com/wp-admin/admin.php?page=wc-admin" "Mozilla/5.0 (Windows NT 10.0; Win64; x64) AppleWebKit/537.36 (KHTML, like Gecko) Chrome/105.0.0.0 Safari/537.36"
81.36.175.180 catalogo.coachingpop.com - [27/Sep/2022:10:41:22 +0200] "POST /wp-admin/admin-ajax.php HTTP/1.1" 200 47 "https://catalogo.coachingpop.com/wp-admin/edit.php?post_type=product" "Mozilla/5.0 (Windows NT 10.0; Win64; x64) AppleWebKit/537.36 (KHTML, like Gecko) Chrome/105.0.0.0 Safari/537.36"
81.36.175.180 catalogo.coachingpop.com - [27/Sep/2022:10:42:50 +0200] "POST /wp-admin/admin-ajax.php HTTP/1.1" 200 47 "https://catalogo.coachingpop.com/wp-admin/admin.php?page=wc-admin" "Mozilla/5.0 (Windows NT 10.0; Win64; x64) AppleWebKit/537.36 (KHTML, like Gecko) Chrome/105.0.0.0 Safari/537.36"
81.36.175.180 catalogo.coachingpop.com - [27/Sep/2022:10:43:23 +0200] "POST /wp-admin/admin-ajax.php HTTP/1.1" 200 47 "https://catalogo.coachingpop.com/wp-admin/edit.php?post_type=product" "Mozilla/5.0 (Windows NT 10.0; Win64; x64) AppleWebKit/537.36 (KHTML, like Gecko) Chrome/105.0.0.0 Safari/537.36"
51.68.11.195 catalogo.coachingpop.com - [27/Sep/2022:10:44:53 +0200] "POST /wp-cron.php?doing_wp_cron=1664268293.1718699932098388671875 HTTP/1.1" 200 25 "https://catalogo.coachingpop.com/wp-cron.php?doing_wp_cron=1664268293.1718699932098388671875" "WordPress/6.0.2; https://catalogo.coachingpop.com"
51.68.11.195 catalogo.coachingpop.com - [27/Sep/2022:10:45:26 +0200] "POST /wp-cron.php?doing_wp_cron=1664268326.1987259387969970703125 HTTP/1.1" 200 25 "https://catalogo.coachingpop.com/wp-cron.php?doing_wp_cron=1664268326.1987259387969970703125" "WordPress/6.0.2; https://catalogo.coachingpop.com"
51.68.11.195 coachingpop.com - [27/Sep/2022:10:46:22 +0200] "POST /wp-cron.php?doing_wp_cron=1664268382.9495699405670166015625 HTTP/1.1" 200 25 "https://coachingpop.com/wp-cron.php?doing_wp_cron=1664268382.9495699405670166015625" "WordPress/6.0.2; https://coachingpop.com"
51.68.11.195 catalogo.coachingpop.com - [27/Sep/2022:10:46:55 +0200] "POST /wp-cron.php?doing_wp_cron=1664268415.5644059181213378906250 HTTP/1.1" 200 25 "https://catalogo.coachingpop.com/wp-cron.php?doing_wp_cron=1664268415.5644059181213378906250" "WordPress/6.0.2; https://catalogo.coachingpop.com"
87.98.231.4 coachingpop.com - [27/Sep/2022:10:47:24 +0200] "POST /wp-cron.php?doing_wp_cron=1664268444.0628590583801269531250 HTTP/1.1" 200 25 "http://coachingpop.com/wp-cron.php?doing_wp_cron=1664268444.0628590583801269531250" "WordPress/6.0.2; https://coachingpop.com"
114.119.139.25 coachingpop.com - [27/Sep/2022:10:47:21 +0200] "GET /tag/almacenamientos HTTP/1.1" 404 58138 "http://coachingpop.com/tag/confrontacion" "Mozilla/5.0 (Linux; Android 7.0;) AppleWebKit/537.36 (KHTML, like Gecko) Mobile Safari/537.36 (compatible; PetalBot;+https://webmaster.petalsearch.com/site/petalbot)"
51.68.11.195 catalogo.coachingpop.com - [27/Sep/2022:10:48:55 +0200] "POST /wp-cron.php?doing_wp_cron=1664268535.5524799823760986328125 HTTP/1.1" 200 25 "https://catalogo.coachingpop.com/wp-cron.php?doing_wp_cron=1664268535.5524799823760986328125" "WordPress/6.0.2; https://catalogo.coachingpop.com"
51.68.11.195 personal.coachingpop.com - [27/Sep/2022:10:49:07 +0200] "POST /wp-cron.php?doing_wp_cron=1664268547.0649490356445312500000 HTTP/1.1" 200 25 "https://personal.coachingpop.com/wp-cron.php?doing_wp_cron=1664268547.0649490356445312500000" "WordPress/5.8.5; https://personal.coachingpop.com"
81.36.175.180 catalogo.coachingpop.com - [27/Sep/2022:10:44:51 +0200] "POST /wp-admin/admin-ajax.php HTTP/1.1" 200 47 "https://catalogo.coachingpop.com/wp-admin/admin.php?page=wc-admin" "Mozilla/5.0 (Windows NT 10.0; Win64; x64) AppleWebKit/537.36 (KHTML, like Gecko) Chrome/105.0.0.0 Safari/537.36"
81.36.175.180 catalogo.coachingpop.com - [27/Sep/2022:10:45:24 +0200] "POST /wp-admin/admin-ajax.php HTTP/1.1" 200 47 "https://catalogo.coachingpop.com/wp-admin/edit.php?post_type=product" "Mozilla/5.0 (Windows NT 10.0; Win64; x64) AppleWebKit/537.36 (KHTML, like Gecko) Chrome/105.0.0.0 Safari/537.36"
66.249.70.143 coachingpop.com - [27/Sep/2022:10:46:18 +0200] "GET /ads.txt HTTP/1.1" 404 58395 "-" "Mozilla/5.0 (compatible; Googlebot/2.1; +http://www.google.com/bot.html)"
81.36.175.180 catalogo.coachingpop.com - [27/Sep/2022:10:46:52 +0200] "POST /wp-admin/admin-ajax.php HTTP/1.1" 200 47 "https://catalogo.coachingpop.com/wp-admin/admin.php?page=wc-admin" "Mozilla/5.0 (Windows NT 10.0; Win64; x64) AppleWebKit/537.36 (KHTML, like Gecko) Chrome/105.0.0.0 Safari/537.36"
81.36.175.180 catalogo.coachingpop.com - [27/Sep/2022:10:47:25 +0200] "POST /wp-admin/admin-ajax.php HTTP/1.1" 200 47 "https://catalogo.coachingpop.com/wp-admin/edit.php?post_type=product" "Mozilla/5.0 (Windows NT 10.0; Win64; x64) AppleWebKit/537.36 (KHTML, like Gecko) Chrome/105.0.0.0 Safari/537.36"
81.36.175.180 catalogo.coachingpop.com - [27/Sep/2022:10:48:53 +0200] "POST /wp-admin/admin-ajax.php HTTP/1.1" 200 47 "https://catalogo.coachingpop.com/wp-admin/admin.php?page=wc-admin" "Mozilla/5.0 (Windows NT 10.0; Win64; x64) AppleWebKit/537.36 (KHTML, like Gecko) Chrome/105.0.0.0 Safari/537.36"
2a01:4f9:6a:4f8e::2 personal.coachingpop.com - [27/Sep/2022:10:49:02 +0200] "GET /robots.txt HTTP/1.1" 200 471 "-" "Mozilla/5.0 (compatible; MJ12bot/v1.4.8; http://mj12bot.com/)"
2a01:4f9:6a:4f8e::2 personal.coachingpop.com - [27/Sep/2022:10:49:04 +0200] "GET /videos/Encuentro%2023%20(Temporada2%20Cap.10)%20Dinamica%20El%20control%20del%20Ego%C3%ADsmo HTTP/1.1" 404 55592 "-" "Mozilla/5.0 (compatible; MJ12bot/v1.4.8; http://mj12bot.com/)"
51.68.11.195 catalogo.coachingpop.com - [27/Sep/2022:10:50:58 +0200] "POST /wp-cron.php?doing_wp_cron=1664268658.4452350139617919921875 HTTP/1.1" 200 25 "https://catalogo.coachingpop.com/wp-cron.php?doing_wp_cron=1664268658.4452350139617919921875" "WordPress/6.0.2; https://catalogo.coachingpop.com"
51.68.11.195 catalogo.coachingpop.com - [27/Sep/2022:10:52:56 +0200] "POST /wp-cron.php?doing_wp_cron=1664268776.4129180908203125000000 HTTP/1.1" 200 25 "https://catalogo.coachingpop.com/wp-cron.php?doing_wp_cron=1664268776.4129180908203125000000" "WordPress/6.0.2; https://catalogo.coachingpop.com"
51.68.11.195 catalogo.coachingpop.com - [27/Sep/2022:10:53:29 +0200] "POST /wp-cron.php?doing_wp_cron=1664268809.4469919204711914062500 HTTP/1.1" 200 25 "https://catalogo.coachingpop.com/wp-cron.php?doing_wp_cron=1664268809.4469919204711914062500" "WordPress/6.0.2; https://catalogo.coachingpop.com"
81.36.175.180 catalogo.coachingpop.com - [27/Sep/2022:10:49:26 +0200] "POST /wp-admin/admin-ajax.php HTTP/1.1" 200 47 "https://catalogo.coachingpop.com/wp-admin/edit.php?post_type=product" "Mozilla/5.0 (Windows NT 10.0; Win64; x64) AppleWebKit/537.36 (KHTML, like Gecko) Chrome/105.0.0.0 Safari/537.36"
81.36.175.180 catalogo.coachingpop.com - [27/Sep/2022:10:51:27 +0200] "POST /wp-admin/admin-ajax.php HTTP/1.1" 200 47 "https://catalogo.coachingpop.com/wp-admin/edit.php?post_type=product" "Mozilla/5.0 (Windows NT 10.0; Win64; x64) AppleWebKit/537.36 (KHTML, like Gecko) Chrome/105.0.0.0 Safari/537.36"
81.36.175.180 catalogo.coachingpop.com - [27/Sep/2022:10:52:55 +0200] "POST /wp-admin/admin-ajax.php HTTP/1.1" 200 47 "https://catalogo.coachingpop.com/wp-admin/admin.php?page=wc-admin" "Mozilla/5.0 (Windows NT 10.0; Win64; x64) AppleWebKit/537.36 (KHTML, like Gecko) Chrome/105.0.0.0 Safari/537.36"
81.36.175.180 catalogo.coachingpop.com - [27/Sep/2022:10:53:28 +0200] "POST /wp-admin/admin-ajax.php HTTP/1.1" 200 47 "https://catalogo.coachingpop.com/wp-admin/edit.php?post_type=product" "Mozilla/5.0 (Windows NT 10.0; Win64; x64) AppleWebKit/537.36 (KHTML, like Gecko) Chrome/105.0.0.0 Safari/537.36"
81.36.175.180 catalogo.coachingpop.com - [27/Sep/2022:10:54:56 +0200] "POST /wp-admin/admin-ajax.php HTTP/1.1" 200 47 "https://catalogo.coachingpop.com/wp-admin/admin.php?page=wc-admin" "Mozilla/5.0 (Windows NT 10.0; Win64; x64) AppleWebKit/537.36 (KHTML, like Gecko) Chrome/105.0.0.0 Safari/537.36"
81.36.175.180 catalogo.coachingpop.com - [27/Sep/2022:10:50:54 +0200] "POST /wp-admin/admin-ajax.php HTTP/1.1" 200 47 "https://catalogo.coachingpop.com/wp-admin/admin.php?page=wc-admin" "Mozilla/5.0 (Windows NT 10.0; Win64; x64) AppleWebKit/537.36 (KHTML, like Gecko) Chrome/105.0.0.0 Safari/537.36"
51.68.11.195 catalogo.coachingpop.com - [27/Sep/2022:10:54:57 +0200] "POST /wp-cron.php?doing_wp_cron=1664268897.2883999347686767578125 HTTP/1.1" 200 25 "https://catalogo.coachingpop.com/wp-cron.php?doing_wp_cron=1664268897.2883999347686767578125" "WordPress/6.0.2; https://catalogo.coachingpop.com"
51.68.11.195 catalogo.coachingpop.com - [27/Sep/2022:10:55:30 +0200] "POST /wp-cron.php?doing_wp_cron=1664268930.4029901027679443359375 HTTP/1.1" 200 25 "https://catalogo.coachingpop.com/wp-cron.php?doing_wp_cron=1664268930.4029901027679443359375" "WordPress/6.0.2; https://catalogo.coachingpop.com"
51.68.11.195 catalogo.coachingpop.com - [27/Sep/2022:10:56:58 +0200] "POST /wp-cron.php?doing_wp_cron=1664269018.5336880683898925781250 HTTP/1.1" 200 25 "https://catalogo.coachingpop.com/wp-cron.php?doing_wp_cron=1664269018.5336880683898925781250" "WordPress/6.0.2; https://catalogo.coachingpop.com"
81.36.175.180 catalogo.coachingpop.com - [27/Sep/2022:10:55:29 +0200] "POST /wp-admin/admin-ajax.php HTTP/1.1" 200 47 "https://catalogo.coachingpop.com/wp-admin/edit.php?post_type=product" "Mozilla/5.0 (Windows NT 10.0; Win64; x64) AppleWebKit/537.36 (KHTML, like Gecko) Chrome/105.0.0.0 Safari/537.36"
81.36.175.180 catalogo.coachingpop.com - [27/Sep/2022:10:56:57 +0200] "POST /wp-admin/admin-ajax.php HTTP/1.1" 200 47 "https://catalogo.coachingpop.com/wp-admin/admin.php?page=wc-admin" "Mozilla/5.0 (Windows NT 10.0; Win64; x64) AppleWebKit/537.36 (KHTML, like Gecko) Chrome/105.0.0.0 Safari/537.36"
81.36.175.180 catalogo.coachingpop.com - [27/Sep/2022:10:57:30 +0200] "POST /wp-admin/admin-ajax.php HTTP/1.1" 200 47 "https://catalogo.coachingpop.com/wp-admin/edit.php?post_type=product" "Mozilla/5.0 (Windows NT 10.0; Win64; x64) AppleWebKit/537.36 (KHTML, like Gecko) Chrome/105.0.0.0 Safari/537.36"
81.36.175.180 catalogo.coachingpop.com - [27/Sep/2022:10:58:58 +0200] "POST /wp-admin/admin-ajax.php HTTP/1.1" 200 47 "https://catalogo.coachingpop.com/wp-admin/admin.php?page=wc-admin" "Mozilla/5.0 (Windows NT 10.0; Win64; x64) AppleWebKit/537.36 (KHTML, like Gecko) Chrome/105.0.0.0 Safari/537.36"
81.36.175.180 catalogo.coachingpop.com - [27/Sep/2022:10:59:31 +0200] "POST /wp-admin/admin-ajax.php HTTP/1.1" 200 47 "https://catalogo.coachingpop.com/wp-admin/edit.php?post_type=product" "Mozilla/5.0 (Windows NT 10.0; Win64; x64) AppleWebKit/537.36 (KHTML, like Gecko) Chrome/105.0.0.0 Safari/537.36"
51.68.11.195 catalogo.coachingpop.com - [27/Sep/2022:10:58:59 +0200] "POST /wp-cron.php?doing_wp_cron=1664269139.6778199672698974609375 HTTP/1.1" 200 25 "https://catalogo.coachingpop.com/wp-cron.php?doing_wp_cron=1664269139.6778199672698974609375" "WordPress/6.0.2; https://catalogo.coachingpop.com"
51.68.11.195 catalogo.coachingpop.com - [27/Sep/2022:11:01:00 +0200] "POST /wp-cron.php?doing_wp_cron=1664269260.8290600776672363281250 HTTP/1.1" 200 25 "https://catalogo.coachingpop.com/wp-cron.php?doing_wp_cron=1664269260.8290600776672363281250" "WordPress/6.0.2; https://catalogo.coachingpop.com"
51.68.11.195 catalogo.coachingpop.com - [27/Sep/2022:11:03:02 +0200] "POST /wp-cron.php?doing_wp_cron=1664269382.2502920627593994140625 HTTP/1.1" 200 25 "https://catalogo.coachingpop.com/wp-cron.php?doing_wp_cron=1664269382.2502920627593994140625" "WordPress/6.0.2; https://catalogo.coachingpop.com"
51.68.11.195 coachingpop.com - [27/Sep/2022:11:04:47 +0200] "POST /wp-cron.php?doing_wp_cron=1664269487.6939740180969238281250 HTTP/1.1" 200 25 "https://coachingpop.com/wp-cron.php?doing_wp_cron=1664269487.6939740180969238281250" "WordPress/6.0.2; https://coachingpop.com"
124.221.179.165 coachingpop.com - [27/Sep/2022:11:04:46 +0200] "POST /xmlrpc.php HTTP/1.1" 200 420 "-" "Mozilla/5.0 (Windows NT 6.1; rv:17.0) Gecko/20100101 Firefox/20.6.14"
43.252.230.8 coachingpop.com - [27/Sep/2022:11:04:44 +0200] "POST /xmlrpc.php HTTP/1.1" 200 422 "-" "Mozilla/5.0 (Windows NT 10.0; Win64; x64) AppleWebKit/537.36 (KHTML, like Gecko) Chrome/64.0.3282.186 Safari/537.36"
185.161.193.12 coachingpop.com - [27/Sep/2022:11:04:49 +0200] "POST /xmlrpc.php HTTP/1.1" 200 420 "-" "Mozilla/5.0 (Windows NT 10.0; Win64; x64; rv:58.0) Gecko/20100101 Firefox/58.0"
51.68.11.195 catalogo.coachingpop.com - [27/Sep/2022:11:05:03 +0200] "POST /wp-cron.php?doing_wp_cron=1664269503.1601490974426269531250 HTTP/1.1" 200 25 "https://catalogo.coachingpop.com/wp-cron.php?doing_wp_cron=1664269503.1601490974426269531250" "WordPress/6.0.2; https://catalogo.coachingpop.com"
51.68.11.195 coachingpop.com - [27/Sep/2022:11:05:18 +0200] "POST /wp-cron.php?doing_wp_cron=1664269517.9810159206390380859375 HTTP/1.1" 200 25 "https://coachingpop.com/wp-cron.php?doing_wp_cron=1664269517.9810159206390380859375" "WordPress/6.0.2; https://coachingpop.com"
81.36.175.180 catalogo.coachingpop.com - [27/Sep/2022:11:00:59 +0200] "POST /wp-admin/admin-ajax.php HTTP/1.1" 200 47 "https://catalogo.coachingpop.com/wp-admin/admin.php?page=wc-admin" "Mozilla/5.0 (Windows NT 10.0; Win64; x64) AppleWebKit/537.36 (KHTML, like Gecko) Chrome/105.0.0.0 Safari/537.36"
81.36.175.180 catalogo.coachingpop.com - [27/Sep/2022:11:01:32 +0200] "POST /wp-admin/admin-ajax.php HTTP/1.1" 200 47 "https://catalogo.coachingpop.com/wp-admin/edit.php?post_type=product" "Mozilla/5.0 (Windows NT 10.0; Win64; x64) AppleWebKit/537.36 (KHTML, like Gecko) Chrome/105.0.0.0 Safari/537.36"
81.36.175.180 catalogo.coachingpop.com - [27/Sep/2022:11:03:00 +0200] "POST /wp-admin/admin-ajax.php HTTP/1.1" 200 47 "https://catalogo.coachingpop.com/wp-admin/admin.php?page=wc-admin" "Mozilla/5.0 (Windows NT 10.0; Win64; x64) AppleWebKit/537.36 (KHTML, like Gecko) Chrome/105.0.0.0 Safari/537.36"
81.36.175.180 catalogo.coachingpop.com - [27/Sep/2022:11:03:33 +0200] "POST /wp-admin/admin-ajax.php HTTP/1.1" 200 47 "https://catalogo.coachingpop.com/wp-admin/edit.php?post_type=product" "Mozilla/5.0 (Windows NT 10.0; Win64; x64) AppleWebKit/537.36 (KHTML, like Gecko) Chrome/105.0.0.0 Safari/537.36"
101.43.32.108 coachingpop.com - [27/Sep/2022:11:04:54 +0200] "POST /xmlrpc.php HTTP/1.1" 200 422 "-" "Mozilla/5.0 (Windows NT 6.3; Win64; x64; rv:73.0) Gecko/20100101 Firefox/73.0"
81.36.175.180 catalogo.coachingpop.com - [27/Sep/2022:11:05:01 +0200] "POST /wp-admin/admin-ajax.php HTTP/1.1" 200 47 "https://catalogo.coachingpop.com/wp-admin/admin.php?page=wc-admin" "Mozilla/5.0 (Windows NT 10.0; Win64; x64) AppleWebKit/537.36 (KHTML, like Gecko) Chrome/105.0.0.0 Safari/537.36"
212.71.237.192 coachingpop.com - [27/Sep/2022:11:05:04 +0200] "POST /xmlrpc.php HTTP/1.1" 200 420 "-" "Mozilla/5.0 (Windows NT 10.0; Win64; x64; rv:59.0) Gecko/20100101 Firefox/59.0"
171.244.134.21 coachingpop.com - [27/Sep/2022:11:05:16 +0200] "POST /xmlrpc.php HTTP/1.1" 200 422 "-" "Mozilla/5.0 (Windows NT 5.1; rv:7.0.1) Gecko/20100101 Firefox/7.0.1"
161.117.12.178 coachingpop.com - [27/Sep/2022:11:05:18 +0200] "POST /xmlrpc.php HTTP/1.1" 403 - "-" "Mozilla/5.0 (Windows NT 5.1; rv:40.0) Gecko/20100101 Firefox/40.0"
51.68.11.195 catalogo.coachingpop.com - [27/Sep/2022:11:07:03 +0200] "POST /wp-cron.php?doing_wp_cron=1664269623.6175549030303955078125 HTTP/1.1" 200 25 "https://catalogo.coachingpop.com/wp-cron.php?doing_wp_cron=1664269623.6175549030303955078125" "WordPress/6.0.2; https://catalogo.coachingpop.com"
51.68.11.195 coachingpop.com - [27/Sep/2022:11:07:15 +0200] "POST /wp-cron.php?doing_wp_cron=1664269635.5248749256134033203125 HTTP/1.1" 200 25 "https://coachingpop.com/wp-cron.php?doing_wp_cron=1664269635.5248749256134033203125" "WordPress/6.0.2; https://coachingpop.com"
207.46.13.137 coachingpop.com - [27/Sep/2022:11:07:13 +0200] "GET /page-sitemap.xml HTTP/1.1" 200 1667 "-" "Mozilla/5.0 (compatible; bingbot/2.0; +http://www.bing.com/bingbot.htm)"
81.36.175.180 catalogo.coachingpop.com - [27/Sep/2022:11:05:34 +0200] "POST /wp-admin/admin-ajax.php HTTP/1.1" 200 47 "https://catalogo.coachingpop.com/wp-admin/edit.php?post_type=product" "Mozilla/5.0 (Windows NT 10.0; Win64; x64) AppleWebKit/537.36 (KHTML, like Gecko) Chrome/105.0.0.0 Safari/537.36"
81.36.175.180 catalogo.coachingpop.com - [27/Sep/2022:11:07:02 +0200] "POST /wp-admin/admin-ajax.php HTTP/1.1" 200 47 "https://catalogo.coachingpop.com/wp-admin/admin.php?page=wc-admin" "Mozilla/5.0 (Windows NT 10.0; Win64; x64) AppleWebKit/537.36 (KHTML, like Gecko) Chrome/105.0.0.0 Safari/537.36"
81.36.175.180 catalogo.coachingpop.com - [27/Sep/2022:11:07:35 +0200] "POST /wp-admin/admin-ajax.php HTTP/1.1" 200 47 "https://catalogo.coachingpop.com/wp-admin/edit.php?post_type=product" "Mozilla/5.0 (Windows NT 10.0; Win64; x64) AppleWebKit/537.36 (KHTML, like Gecko) Chrome/105.0.0.0 Safari/537.36"
81.36.175.180 catalogo.coachingpop.com - [27/Sep/2022:11:09:03 +0200] "POST /wp-admin/admin-ajax.php HTTP/1.1" 200 47 "https://catalogo.coachingpop.com/wp-admin/admin.php?page=wc-admin" "Mozilla/5.0 (Windows NT 10.0; Win64; x64) AppleWebKit/537.36 (KHTML, like Gecko) Chrome/105.0.0.0 Safari/537.36"
51.68.11.195 catalogo.coachingpop.com - [27/Sep/2022:11:09:04 +0200] "POST /wp-cron.php?doing_wp_cron=1664269744.4456610679626464843750 HTTP/1.1" 200 25 "https://catalogo.coachingpop.com/wp-cron.php?doing_wp_cron=1664269744.4456610679626464843750" "WordPress/6.0.2; https://catalogo.coachingpop.com"
51.68.11.195 catalogo.coachingpop.com - [27/Sep/2022:11:11:05 +0200] "POST /wp-cron.php?doing_wp_cron=1664269865.6893239021301269531250 HTTP/1.1" 200 25 "https://catalogo.coachingpop.com/wp-cron.php?doing_wp_cron=1664269865.6893239021301269531250" "WordPress/6.0.2; https://catalogo.coachingpop.com"
119.42.54.204 coachingpop.com - [27/Sep/2022:11:12:37 +0200] "POST /xmlrpc.php HTTP/1.1" 403 - "-" "Mozilla/5.0 (Windows NT 10.0; Win64; x64; rv:79.0) Gecko/20100101 Firefox/79.0"
51.68.11.195 coachingpop.com - [27/Sep/2022:11:12:42 +0200] "POST /wp-cron.php?doing_wp_cron=1664269962.2815070152282714843750 HTTP/1.1" 200 25 "https://coachingpop.com/wp-cron.php?doing_wp_cron=1664269962.2815070152282714843750" "WordPress/6.0.2; https://coachingpop.com"
51.68.11.195 catalogo.coachingpop.com - [27/Sep/2022:11:13:06 +0200] "POST /wp-cron.php?doing_wp_cron=1664269986.4395129680633544921875 HTTP/1.1" 200 25 "https://catalogo.coachingpop.com/wp-cron.php?doing_wp_cron=1664269986.4395129680633544921875" "WordPress/6.0.2; https://catalogo.coachingpop.com"
51.68.11.195 catalogo.coachingpop.com - [27/Sep/2022:11:15:08 +0200] "POST /wp-cron.php?doing_wp_cron=1664270108.1066761016845703125000 HTTP/1.1" 200 25 "https://catalogo.coachingpop.com/wp-cron.php?doing_wp_cron=1664270108.1066761016845703125000" "WordPress/6.0.2; https://catalogo.coachingpop.com"
81.36.175.180 catalogo.coachingpop.com - [27/Sep/2022:11:09:36 +0200] "POST /wp-admin/admin-ajax.php HTTP/1.1" 200 47 "https://catalogo.coachingpop.com/wp-admin/edit.php?post_type=product" "Mozilla/5.0 (Windows NT 10.0; Win64; x64) AppleWebKit/537.36 (KHTML, like Gecko) Chrome/105.0.0.0 Safari/537.36"
81.36.175.180 catalogo.coachingpop.com - [27/Sep/2022:11:11:04 +0200] "POST /wp-admin/admin-ajax.php HTTP/1.1" 200 47 "https://catalogo.coachingpop.com/wp-admin/admin.php?page=wc-admin" "Mozilla/5.0 (Windows NT 10.0; Win64; x64) AppleWebKit/537.36 (KHTML, like Gecko) Chrome/105.0.0.0 Safari/537.36"
81.36.175.180 catalogo.coachingpop.com - [27/Sep/2022:11:11:37 +0200] "POST /wp-admin/admin-ajax.php HTTP/1.1" 200 47 "https://catalogo.coachingpop.com/wp-admin/edit.php?post_type=product" "Mozilla/5.0 (Windows NT 10.0; Win64; x64) AppleWebKit/537.36 (KHTML, like Gecko) Chrome/105.0.0.0 Safari/537.36"
92.204.33.153 coachingpop.com - [27/Sep/2022:11:12:39 +0200] "POST /xmlrpc.php HTTP/1.1" 200 422 "-" "Mozilla/5.0 (Linux; Android 10; LM-Q720) AppleWebKit/537.36 (KHTML, like Gecko) Chrome/91.0.4472.114 Mobile Safari/537.36"
164.90.141.175 coachingpop.com - [27/Sep/2022:11:12:50 +0200] "POST /xmlrpc.php HTTP/1.1" 200 422 "-" "Mozilla/5.0 (Windows NT 10.0; WOW64) AppleWebKit/537.36 (KHTML, like Gecko) Chrome/91.0.4472.114 Safari/537.36"
81.36.175.180 catalogo.coachingpop.com - [27/Sep/2022:11:13:05 +0200] "POST /wp-admin/admin-ajax.php HTTP/1.1" 200 47 "https://catalogo.coachingpop.com/wp-admin/admin.php?page=wc-admin" "Mozilla/5.0 (Windows NT 10.0; Win64; x64) AppleWebKit/537.36 (KHTML, like Gecko) Chrome/105.0.0.0 Safari/537.36"
81.36.175.180 catalogo.coachingpop.com - [27/Sep/2022:11:13:38 +0200] "POST /wp-admin/admin-ajax.php HTTP/1.1" 200 47 "https://catalogo.coachingpop.com/wp-admin/edit.php?post_type=product" "Mozilla/5.0 (Windows NT 10.0; Win64; x64) AppleWebKit/537.36 (KHTML, like Gecko) Chrome/105.0.0.0 Safari/537.36"
199.195.254.123 www.coachingpop.com - [27/Sep/2022:11:16:28 +0200] "GET /wp-login.php HTTP/1.1" 301 - "-" "Mozilla/5.0 (Windows NT 6.2; WOW64; rv:31.0) Gecko/20100101 Firefox/31.0"
51.68.11.195 coachingpop.com - [27/Sep/2022:11:16:50 +0200] "POST /wp-cron.php?doing_wp_cron=1664270210.3823149204254150390625 HTTP/1.1" 200 25 "https://coachingpop.com/wp-cron.php?doing_wp_cron=1664270210.3823149204254150390625" "WordPress/6.0.2; https://coachingpop.com"
114.119.139.217 coachingpop.com - [27/Sep/2022:11:16:49 +0200] "GET /tag/japon HTTP/1.1" 404 58208 "http://coachingpop.com/tag/realizacion-personal" "Mozilla/5.0 (Linux; Android 7.0;) AppleWebKit/537.36 (KHTML, like Gecko) Mobile Safari/537.36 (compatible; PetalBot;+https://webmaster.petalsearch.com/site/petalbot)"
51.68.11.195 catalogo.coachingpop.com - [27/Sep/2022:11:17:09 +0200] "POST /wp-cron.php?doing_wp_cron=1664270229.1483221054077148437500 HTTP/1.1" 200 25 "https://catalogo.coachingpop.com/wp-cron.php?doing_wp_cron=1664270229.1483221054077148437500" "WordPress/6.0.2; https://catalogo.coachingpop.com"
51.68.11.195 coachingpop.com - [27/Sep/2022:11:17:18 +0200] "POST /wp-cron.php?doing_wp_cron=1664270238.2701220512390136718750 HTTP/1.1" 200 25 "https://coachingpop.com/wp-cron.php?doing_wp_cron=1664270238.2701220512390136718750" "WordPress/6.0.2; https://coachingpop.com"
54.89.191.245 coachingpop.com - [27/Sep/2022:11:17:15 +0200] "GET /robots.txt HTTP/1.1" 200 173 "-" "Mozilla/5.0 (X11; Linux x86_64) AppleWebKit/537.36 (KHTML, like Gecko) Chrome/94.0.4606.81 Safari/537.36"
54.89.191.245 coachingpop.com - [27/Sep/2022:11:17:18 +0200] "GET /contacto/ HTTP/1.1" 200 79410 "-" "Mozilla/5.0 (X11; Linux x86_64) AppleWebKit/537.36 (KHTML, like Gecko) Chrome/94.0.4606.81 Safari/537.36"
54.89.191.245 coachingpop.com - [27/Sep/2022:11:17:20 +0200] "GET /wp-includes/js/wp-emoji-release.min.js?ver=6.0.2 HTTP/1.1" 200 18617 "https://coachingpop.com/contacto/" "Mozilla/5.0 (X11; Linux x86_64) AppleWebKit/537.36 (KHTML, like Gecko) Chrome/94.0.4606.81 Safari/537.36"
54.89.191.245 coachingpop.com - [27/Sep/2022:11:17:20 +0200] "GET /wp-includes/js/jquery/jquery.min.js?ver=3.6.0 HTTP/1.1" 200 89521 "https://coachingpop.com/contacto/" "Mozilla/5.0 (X11; Linux x86_64) AppleWebKit/537.36 (KHTML, like Gecko) Chrome/94.0.4606.81 Safari/537.36"
54.89.191.245 coachingpop.com - [27/Sep/2022:11:17:20 +0200] "GET /wp-content/plugins/flowpaper-lite-pdf-flipbook/assets/lity/lity.min.js HTTP/1.1" 200 6640 "https://coachingpop.com/contacto/" "Mozilla/5.0 (X11; Linux x86_64) AppleWebKit/537.36 (KHTML, like Gecko) Chrome/94.0.4606.81 Safari/537.36"
54.89.191.245 coachingpop.com - [27/Sep/2022:11:17:20 +0200] "GET /wp-content/plugins/hide-price-add-to-cart-button/assets/js/afwhp_front.js?ver=1.0 HTTP/1.1" 200 67 "https://coachingpop.com/contacto/" "Mozilla/5.0 (X11; Linux x86_64) AppleWebKit/537.36 (KHTML, like Gecko) Chrome/94.0.4606.81 Safari/537.36"
54.89.191.245 coachingpop.com - [27/Sep/2022:11:17:20 +0200] "GET /wp-content/plugins/contact-form-7/includes/js/index.js?ver=5.6.3 HTTP/1.1" 200 12211 "https://coachingpop.com/contacto/" "Mozilla/5.0 (X11; Linux x86_64) AppleWebKit/537.36 (KHTML, like Gecko) Chrome/94.0.4606.81 Safari/537.36"
54.89.191.245 coachingpop.com - [27/Sep/2022:11:17:20 +0200] "GET /wp-content/plugins/role-based-pricing-for-woocommerce/assets/js/addify_csp_front_js.js?ver=1.0 HTTP/1.1" 200 61 "https://coachingpop.com/contacto/" "Mozilla/5.0 (X11; Linux x86_64) AppleWebKit/537.36 (KHTML, like Gecko) Chrome/94.0.4606.81 Safari/537.36"
54.89.191.245 coachingpop.com - [27/Sep/2022:11:17:20 +0200] "GET /wp-content/plugins/hide-price-add-to-cart-button/assets/js/jquery.popupoverlay.js?ver=1.0 HTTP/1.1" 200 23763 "https://coachingpop.com/contacto/" "Mozilla/5.0 (X11; Linux x86_64) AppleWebKit/537.36 (KHTML, like Gecko) Chrome/94.0.4606.81 Safari/537.36"
54.89.191.245 coachingpop.com - [27/Sep/2022:11:17:20 +0200] "GET /wp-content/plugins/logo-carousel-free/public/assets/js/splc-script.min.js?ver=3.4.13 HTTP/1.1" 200 1967 "https://coachingpop.com/contacto/" "Mozilla/5.0 (X11; Linux x86_64) AppleWebKit/537.36 (KHTML, like Gecko) Chrome/94.0.4606.81 Safari/537.36"
54.89.191.245 coachingpop.com - [27/Sep/2022:11:17:20 +0200] "GET /wp-content/plugins/contact-form-7/includes/swv/js/index.js?ver=5.6.3 HTTP/1.1" 200 9680 "https://coachingpop.com/contacto/" "Mozilla/5.0 (X11; Linux x86_64) AppleWebKit/537.36 (KHTML, like Gecko) Chrome/94.0.4606.81 Safari/537.36"
54.89.191.245 coachingpop.com - [27/Sep/2022:11:17:20 +0200] "GET /wp-content/plugins/woocommerce/assets/js/frontend/add-to-cart.min.js?ver=6.9.3 HTTP/1.1" 200 3037 "https://coachingpop.com/contacto/" "Mozilla/5.0 (X11; Linux x86_64) AppleWebKit/537.36 (KHTML, like Gecko) Chrome/94.0.4606.81 Safari/537.36"
54.89.191.245 coachingpop.com - [27/Sep/2022:11:17:20 +0200] "GET /wp-content/plugins/logo-carousel-free/public/assets/js/swiper-bundle.min.js?ver=3.4.13 HTTP/1.1" 200 208443 "https://coachingpop.com/contacto/" "Mozilla/5.0 (X11; Linux x86_64) AppleWebKit/537.36 (KHTML, like Gecko) Chrome/94.0.4606.81 Safari/537.36"
54.89.191.245 coachingpop.com - [27/Sep/2022:11:17:20 +0200] "GET /wp-includes/js/jquery/jquery-migrate.min.js?ver=3.3.2 HTTP/1.1" 200 11224 "https://coachingpop.com/contacto/" "Mozilla/5.0 (X11; Linux x86_64) AppleWebKit/537.36 (KHTML, like Gecko) Chrome/94.0.4606.81 Safari/537.36"
54.89.191.245 coachingpop.com - [27/Sep/2022:11:17:20 +0200] "GET /wp-content/plugins/stm-post-type/theme/assets/stm_lms_lazyload.js?ver=false HTTP/1.1" 200 195 "https://coachingpop.com/contacto/" "Mozilla/5.0 (X11; Linux x86_64) AppleWebKit/537.36 (KHTML, like Gecko) Chrome/94.0.4606.81 Safari/537.36"
54.89.191.245 coachingpop.com - [27/Sep/2022:11:17:20 +0200] "GET /wp-content/plugins/stm-post-type/theme/assets/lazysizes.min.js?ver=false HTTP/1.1" 200 7057 "https://coachingpop.com/contacto/" "Mozilla/5.0 (X11; Linux x86_64) AppleWebKit/537.36 (KHTML, like Gecko) Chrome/94.0.4606.81 Safari/537.36"
54.89.191.245 coachingpop.com - [27/Sep/2022:11:17:20 +0200] "GET /wp-content/plugins/woocommerce/assets/js/jquery-blockui/jquery.blockUI.min.js?ver=2.7.0-wc.6.9.3 HTTP/1.1" 200 9509 "https://coachingpop.com/contacto/" "Mozilla/5.0 (X11; Linux x86_64) AppleWebKit/537.36 (KHTML, like Gecko) Chrome/94.0.4606.81 Safari/537.36"
54.89.191.245 coachingpop.com - [27/Sep/2022:11:17:20 +0200] "GET /wp-content/plugins/js_composer/assets/js/vendors/woocommerce-add-to-cart.js?ver=6.9.0 HTTP/1.1" 200 992 "https://coachingpop.com/contacto/" "Mozilla/5.0 (X11; Linux x86_64) AppleWebKit/537.36 (KHTML, like Gecko) Chrome/94.0.4606.81 Safari/537.36"
54.89.191.245 coachingpop.com - [27/Sep/2022:11:17:20 +0200] "GET /wp-content/plugins/woocommerce/assets/js/frontend/cart-fragments.min.js?ver=6.9.3 HTTP/1.1" 200 2938 "https://coachingpop.com/contacto/" "Mozilla/5.0 (X11; Linux x86_64) AppleWebKit/537.36 (KHTML, like Gecko) Chrome/94.0.4606.81 Safari/537.36"
54.89.191.245 coachingpop.com - [27/Sep/2022:11:17:20 +0200] "GET /wp-content/plugins/woocommerce/assets/js/frontend/woocommerce.min.js?ver=6.9.3 HTTP/1.1" 200 2139 "https://coachingpop.com/contacto/" "Mozilla/5.0 (X11; Linux x86_64) AppleWebKit/537.36 (KHTML, like Gecko) Chrome/94.0.4606.81 Safari/537.36"
54.89.191.245 coachingpop.com - [27/Sep/2022:11:17:20 +0200] "GET /wp-content/plugins/woocommerce/assets/js/js-cookie/js.cookie.min.js?ver=2.1.4-wc.6.9.3 HTTP/1.1" 200 1834 "https://coachingpop.com/contacto/" "Mozilla/5.0 (X11; Linux x86_64) AppleWebKit/537.36 (KHTML, like Gecko) Chrome/94.0.4606.81 Safari/537.36"
54.89.191.245 coachingpop.com - [27/Sep/2022:11:17:20 +0200] "GET /wp-content/plugins/woocommerce/assets/js/select2/select2.full.min.js?ver=4.0.3-wc.6.9.3 HTTP/1.1" 200 74098 "https://coachingpop.com/contacto/" "Mozilla/5.0 (X11; Linux x86_64) AppleWebKit/537.36 (KHTML, like Gecko) Chrome/94.0.4606.81 Safari/537.36"
54.89.191.245 coachingpop.com - [27/Sep/2022:11:17:20 +0200] "GET /wp-content/plugins/js_composer/assets/js/dist/js_composer_front.min.js?ver=6.9.0 HTTP/1.1" 200 20315 "https://coachingpop.com/contacto/" "Mozilla/5.0 (X11; Linux x86_64) AppleWebKit/537.36 (KHTML, like Gecko) Chrome/94.0.4606.81 Safari/537.36"
54.89.191.245 coachingpop.com - [27/Sep/2022:11:17:20 +0200] "GET /wp-content/themes/masterstudy/assets/vendors/jquery.fancybox.min.js?ver=4.5.1 HTTP/1.1" 200 68253 "https://coachingpop.com/contacto/" "Mozilla/5.0 (X11; Linux x86_64) AppleWebKit/537.36 (KHTML, like Gecko) Chrome/94.0.4606.81 Safari/537.36"
54.89.191.245 coachingpop.com - [27/Sep/2022:11:17:20 +0200] "GET /wp-content/themes/masterstudy/assets/vendors/bootstrap.min.js?ver=4.5.1 HTTP/1.1" 200 24377 "https://coachingpop.com/contacto/" "Mozilla/5.0 (X11; Linux x86_64) AppleWebKit/537.36 (KHTML, like Gecko) Chrome/94.0.4606.81 Safari/537.36"
54.89.191.245 coachingpop.com - [27/Sep/2022:11:17:20 +0200] "GET /wp-content/plugins/revslider/public/assets/js/rbtools.min.js?ver=6.5.17 HTTP/1.1" 200 128668 "https://coachingpop.com/contacto/" "Mozilla/5.0 (X11; Linux x86_64) AppleWebKit/537.36 (KHTML, like Gecko) Chrome/94.0.4606.81 Safari/537.36"
54.89.191.245 coachingpop.com - [27/Sep/2022:11:17:20 +0200] "GET /wp-content/plugins/woocommerce-paypal-payments/modules/ppcp-button/assets/js/button.js?ver=1.9.3 HTTP/1.1" 200 230860 "https://coachingpop.com/contacto/" "Mozilla/5.0 (X11; Linux x86_64) AppleWebKit/537.36 (KHTML, like Gecko) Chrome/94.0.4606.81 Safari/537.36"
54.89.191.245 coachingpop.com - [27/Sep/2022:11:17:20 +0200] "GET /wp-content/plugins/wp-smushit/app/assets/js/smush-lazy-load.min.js?ver=3.11.1 HTTP/1.1" 200 7918 "https://coachingpop.com/contacto/" "Mozilla/5.0 (X11; Linux x86_64) AppleWebKit/537.36 (KHTML, like Gecko) Chrome/94.0.4606.81 Safari/537.36"
54.89.191.245 coachingpop.com - [27/Sep/2022:11:17:20 +0200] "GET /wp-content/plugins/gdpr-compliance-cookie-consent/assets/js/scripts.js?ver=6.0.2 HTTP/1.1" 200 1514 "https://coachingpop.com/contacto/" "Mozilla/5.0 (X11; Linux x86_64) AppleWebKit/537.36 (KHTML, like Gecko) Chrome/94.0.4606.81 Safari/537.36"
54.89.191.245 coachingpop.com - [27/Sep/2022:11:17:20 +0200] "GET /wp-content/plugins/revslider/public/assets/js/rs6.min.js?ver=6.5.17 HTTP/1.1" 200 387150 "https://coachingpop.com/contacto/" "Mozilla/5.0 (X11; Linux x86_64) AppleWebKit/537.36 (KHTML, like Gecko) Chrome/94.0.4606.81 Safari/537.36"
54.89.191.245 coachingpop.com - [27/Sep/2022:11:17:20 +0200] "GET /wp-content/themes/masterstudy/assets/js/ajax.submit.js?ver=4.5.1 HTTP/1.1" 200 21437 "https://coachingpop.com/contacto/" "Mozilla/5.0 (X11; Linux x86_64) AppleWebKit/537.36 (KHTML, like Gecko) Chrome/94.0.4606.81 Safari/537.36"
54.89.191.245 coachingpop.com - [27/Sep/2022:11:17:20 +0200] "GET /wp-content/themes/masterstudy/assets/js/custom.js?ver=4.5.1 HTTP/1.1" 200 14182 "https://coachingpop.com/contacto/" "Mozilla/5.0 (X11; Linux x86_64) AppleWebKit/537.36 (KHTML, like Gecko) Chrome/94.0.4606.81 Safari/537.36"
54.89.191.245 coachingpop.com - [27/Sep/2022:11:17:21 +0200] "POST /?wc-ajax=get_refreshed_fragments HTTP/1.1" 200 227 "https://coachingpop.com/contacto/" "Mozilla/5.0 (X11; Linux x86_64) AppleWebKit/537.36 (KHTML, like Gecko) Chrome/94.0.4606.81 Safari/537.36"
54.89.191.245 coachingpop.com - [27/Sep/2022:11:17:22 +0200] "GET /contacto/ HTTP/1.1" 200 79410 "-" "Mozilla/5.0 (X11; Linux x86_64) AppleWebKit/537.36 (KHTML, like Gecko) Chrome/94.0.4606.81 Safari/537.36"
54.89.191.245 coachingpop.com - [27/Sep/2022:11:17:22 +0200] "GET /wp-includes/js/wp-emoji-release.min.js?ver=6.0.2 HTTP/1.1" 200 18617 "https://coachingpop.com/contacto/" "Mozilla/5.0 (X11; Linux x86_64) AppleWebKit/537.36 (KHTML, like Gecko) Chrome/94.0.4606.81 Safari/537.36"
54.89.191.245 coachingpop.com - [27/Sep/2022:11:17:22 +0200] "GET /wp-includes/js/jquery/jquery-migrate.min.js?ver=3.3.2 HTTP/1.1" 200 11224 "https://coachingpop.com/contacto/" "Mozilla/5.0 (X11; Linux x86_64) AppleWebKit/537.36 (KHTML, like Gecko) Chrome/94.0.4606.81 Safari/537.36"
54.89.191.245 coachingpop.com - [27/Sep/2022:11:17:22 +0200] "GET /wp-content/plugins/role-based-pricing-for-woocommerce/assets/js/addify_csp_front_js.js?ver=1.0 HTTP/1.1" 200 61 "https://coachingpop.com/contacto/" "Mozilla/5.0 (X11; Linux x86_64) AppleWebKit/537.36 (KHTML, like Gecko) Chrome/94.0.4606.81 Safari/537.36"
54.89.191.245 coachingpop.com - [27/Sep/2022:11:17:22 +0200] "GET /wp-content/plugins/hide-price-add-to-cart-button/assets/js/afwhp_front.js?ver=1.0 HTTP/1.1" 200 67 "https://coachingpop.com/contacto/" "Mozilla/5.0 (X11; Linux x86_64) AppleWebKit/537.36 (KHTML, like Gecko) Chrome/94.0.4606.81 Safari/537.36"
54.89.191.245 coachingpop.com - [27/Sep/2022:11:17:22 +0200] "GET /wp-content/plugins/hide-price-add-to-cart-button/assets/js/jquery.popupoverlay.js?ver=1.0 HTTP/1.1" 200 23763 "https://coachingpop.com/contacto/" "Mozilla/5.0 (X11; Linux x86_64) AppleWebKit/537.36 (KHTML, like Gecko) Chrome/94.0.4606.81 Safari/537.36"
54.89.191.245 coachingpop.com - [27/Sep/2022:11:17:22 +0200] "GET /wp-content/plugins/stm-post-type/theme/assets/lazysizes.min.js?ver=false HTTP/1.1" 200 7057 "https://coachingpop.com/contacto/" "Mozilla/5.0 (X11; Linux x86_64) AppleWebKit/537.36 (KHTML, like Gecko) Chrome/94.0.4606.81 Safari/537.36"
54.89.191.245 coachingpop.com - [27/Sep/2022:11:17:22 +0200] "GET /wp-content/plugins/flowpaper-lite-pdf-flipbook/assets/lity/lity.min.js HTTP/1.1" 200 6640 "https://coachingpop.com/contacto/" "Mozilla/5.0 (X11; Linux x86_64) AppleWebKit/537.36 (KHTML, like Gecko) Chrome/94.0.4606.81 Safari/537.36"
54.89.191.245 coachingpop.com - [27/Sep/2022:11:17:22 +0200] "GET /wp-content/plugins/stm-post-type/theme/assets/stm_lms_lazyload.js?ver=false HTTP/1.1" 200 195 "https://coachingpop.com/contacto/" "Mozilla/5.0 (X11; Linux x86_64) AppleWebKit/537.36 (KHTML, like Gecko) Chrome/94.0.4606.81 Safari/537.36"
54.89.191.245 coachingpop.com - [27/Sep/2022:11:17:22 +0200] "GET /wp-includes/js/jquery/jquery.min.js?ver=3.6.0 HTTP/1.1" 200 89521 "https://coachingpop.com/contacto/" "Mozilla/5.0 (X11; Linux x86_64) AppleWebKit/537.36 (KHTML, like Gecko) Chrome/94.0.4606.81 Safari/537.36"
54.89.191.245 coachingpop.com - [27/Sep/2022:11:17:22 +0200] "GET /wp-content/plugins/contact-form-7/includes/swv/js/index.js?ver=5.6.3 HTTP/1.1" 200 9680 "https://coachingpop.com/contacto/" "Mozilla/5.0 (X11; Linux x86_64) AppleWebKit/537.36 (KHTML, like Gecko) Chrome/94.0.4606.81 Safari/537.36"
54.89.191.245 coachingpop.com - [27/Sep/2022:11:17:22 +0200] "GET /wp-content/plugins/contact-form-7/includes/js/index.js?ver=5.6.3 HTTP/1.1" 200 12211 "https://coachingpop.com/contacto/" "Mozilla/5.0 (X11; Linux x86_64) AppleWebKit/537.36 (KHTML, like Gecko) Chrome/94.0.4606.81 Safari/537.36"
54.89.191.245 coachingpop.com - [27/Sep/2022:11:17:22 +0200] "GET /wp-content/plugins/woocommerce/assets/js/frontend/add-to-cart.min.js?ver=6.9.3 HTTP/1.1" 200 3037 "https://coachingpop.com/contacto/" "Mozilla/5.0 (X11; Linux x86_64) AppleWebKit/537.36 (KHTML, like Gecko) Chrome/94.0.4606.81 Safari/537.36"
54.89.191.245 coachingpop.com - [27/Sep/2022:11:17:22 +0200] "GET /wp-content/plugins/logo-carousel-free/public/assets/js/splc-script.min.js?ver=3.4.13 HTTP/1.1" 200 1967 "https://coachingpop.com/contacto/" "Mozilla/5.0 (X11; Linux x86_64) AppleWebKit/537.36 (KHTML, like Gecko) Chrome/94.0.4606.81 Safari/537.36"
54.89.191.245 coachingpop.com - [27/Sep/2022:11:17:22 +0200] "GET /wp-content/plugins/woocommerce/assets/js/js-cookie/js.cookie.min.js?ver=2.1.4-wc.6.9.3 HTTP/1.1" 200 1834 "https://coachingpop.com/contacto/" "Mozilla/5.0 (X11; Linux x86_64) AppleWebKit/537.36 (KHTML, like Gecko) Chrome/94.0.4606.81 Safari/537.36"
54.89.191.245 coachingpop.com - [27/Sep/2022:11:17:22 +0200] "GET /wp-content/plugins/woocommerce/assets/js/jquery-blockui/jquery.blockUI.min.js?ver=2.7.0-wc.6.9.3 HTTP/1.1" 200 9509 "https://coachingpop.com/contacto/" "Mozilla/5.0 (X11; Linux x86_64) AppleWebKit/537.36 (KHTML, like Gecko) Chrome/94.0.4606.81 Safari/537.36"
54.89.191.245 coachingpop.com - [27/Sep/2022:11:17:22 +0200] "GET /wp-content/plugins/js_composer/assets/js/vendors/woocommerce-add-to-cart.js?ver=6.9.0 HTTP/1.1" 200 992 "https://coachingpop.com/contacto/" "Mozilla/5.0 (X11; Linux x86_64) AppleWebKit/537.36 (KHTML, like Gecko) Chrome/94.0.4606.81 Safari/537.36"
54.89.191.245 coachingpop.com - [27/Sep/2022:11:17:22 +0200] "GET /wp-content/plugins/woocommerce/assets/js/frontend/woocommerce.min.js?ver=6.9.3 HTTP/1.1" 200 2139 "https://coachingpop.com/contacto/" "Mozilla/5.0 (X11; Linux x86_64) AppleWebKit/537.36 (KHTML, like Gecko) Chrome/94.0.4606.81 Safari/537.36"
54.89.191.245 coachingpop.com - [27/Sep/2022:11:17:22 +0200] "GET /wp-content/plugins/gdpr-compliance-cookie-consent/assets/js/scripts.js?ver=6.0.2 HTTP/1.1" 200 1514 "https://coachingpop.com/contacto/" "Mozilla/5.0 (X11; Linux x86_64) AppleWebKit/537.36 (KHTML, like Gecko) Chrome/94.0.4606.81 Safari/537.36"
54.89.191.245 coachingpop.com - [27/Sep/2022:11:17:22 +0200] "GET /wp-content/plugins/woocommerce/assets/js/frontend/cart-fragments.min.js?ver=6.9.3 HTTP/1.1" 200 2938 "https://coachingpop.com/contacto/" "Mozilla/5.0 (X11; Linux x86_64) AppleWebKit/537.36 (KHTML, like Gecko) Chrome/94.0.4606.81 Safari/537.36"
54.89.191.245 coachingpop.com - [27/Sep/2022:11:17:22 +0200] "GET /wp-content/plugins/logo-carousel-free/public/assets/js/swiper-bundle.min.js?ver=3.4.13 HTTP/1.1" 200 208443 "https://coachingpop.com/contacto/" "Mozilla/5.0 (X11; Linux x86_64) AppleWebKit/537.36 (KHTML, like Gecko) Chrome/94.0.4606.81 Safari/537.36"
54.89.191.245 coachingpop.com - [27/Sep/2022:11:17:22 +0200] "GET /wp-content/plugins/revslider/public/assets/js/rbtools.min.js?ver=6.5.17 HTTP/1.1" 200 128668 "https://coachingpop.com/contacto/" "Mozilla/5.0 (X11; Linux x86_64) AppleWebKit/537.36 (KHTML, like Gecko) Chrome/94.0.4606.81 Safari/537.36"
54.89.191.245 coachingpop.com - [27/Sep/2022:11:17:22 +0200] "GET /wp-content/plugins/woocommerce-paypal-payments/modules/ppcp-button/assets/js/button.js?ver=1.9.3 HTTP/1.1" 200 230860 "https://coachingpop.com/contacto/" "Mozilla/5.0 (X11; Linux x86_64) AppleWebKit/537.36 (KHTML, like Gecko) Chrome/94.0.4606.81 Safari/537.36"
54.89.191.245 coachingpop.com - [27/Sep/2022:11:17:22 +0200] "GET /wp-content/plugins/revslider/public/assets/js/rs6.min.js?ver=6.5.17 HTTP/1.1" 200 387150 "https://coachingpop.com/contacto/" "Mozilla/5.0 (X11; Linux x86_64) AppleWebKit/537.36 (KHTML, like Gecko) Chrome/94.0.4606.81 Safari/537.36"
54.89.191.245 coachingpop.com - [27/Sep/2022:11:17:22 +0200] "GET /wp-content/themes/masterstudy/assets/vendors/bootstrap.min.js?ver=4.5.1 HTTP/1.1" 200 24377 "https://coachingpop.com/contacto/" "Mozilla/5.0 (X11; Linux x86_64) AppleWebKit/537.36 (KHTML, like Gecko) Chrome/94.0.4606.81 Safari/537.36"
54.89.191.245 coachingpop.com - [27/Sep/2022:11:17:22 +0200] "GET /wp-content/plugins/woocommerce/assets/js/select2/select2.full.min.js?ver=4.0.3-wc.6.9.3 HTTP/1.1" 200 74098 "https://coachingpop.com/contacto/" "Mozilla/5.0 (X11; Linux x86_64) AppleWebKit/537.36 (KHTML, like Gecko) Chrome/94.0.4606.81 Safari/537.36"
54.89.191.245 coachingpop.com - [27/Sep/2022:11:17:22 +0200] "GET /wp-content/themes/masterstudy/assets/js/ajax.submit.js?ver=4.5.1 HTTP/1.1" 200 21437 "https://coachingpop.com/contacto/" "Mozilla/5.0 (X11; Linux x86_64) AppleWebKit/537.36 (KHTML, like Gecko) Chrome/94.0.4606.81 Safari/537.36"
54.89.191.245 coachingpop.com - [27/Sep/2022:11:17:22 +0200] "GET /wp-content/themes/masterstudy/assets/js/custom.js?ver=4.5.1 HTTP/1.1" 200 14182 "https://coachingpop.com/contacto/" "Mozilla/5.0 (X11; Linux x86_64) AppleWebKit/537.36 (KHTML, like Gecko) Chrome/94.0.4606.81 Safari/537.36"
54.89.191.245 coachingpop.com - [27/Sep/2022:11:17:22 +0200] "GET /wp-content/themes/masterstudy/assets/vendors/jquery.fancybox.min.js?ver=4.5.1 HTTP/1.1" 200 68253 "https://coachingpop.com/contacto/" "Mozilla/5.0 (X11; Linux x86_64) AppleWebKit/537.36 (KHTML, like Gecko) Chrome/94.0.4606.81 Safari/537.36"
54.89.191.245 coachingpop.com - [27/Sep/2022:11:17:22 +0200] "GET /wp-content/plugins/wp-smushit/app/assets/js/smush-lazy-load.min.js?ver=3.11.1 HTTP/1.1" 200 7918 "https://coachingpop.com/contacto/" "Mozilla/5.0 (X11; Linux x86_64) AppleWebKit/537.36 (KHTML, like Gecko) Chrome/94.0.4606.81 Safari/537.36"
54.89.191.245 coachingpop.com - [27/Sep/2022:11:17:22 +0200] "GET /wp-content/plugins/js_composer/assets/js/dist/js_composer_front.min.js?ver=6.9.0 HTTP/1.1" 200 20315 "https://coachingpop.com/contacto/" "Mozilla/5.0 (X11; Linux x86_64) AppleWebKit/537.36 (KHTML, like Gecko) Chrome/94.0.4606.81 Safari/537.36"
54.89.191.245 coachingpop.com - [27/Sep/2022:11:17:22 +0200] "POST /?wc-ajax=get_refreshed_fragments HTTP/1.1" 200 227 "https://coachingpop.com/contacto/" "Mozilla/5.0 (X11; Linux x86_64) AppleWebKit/537.36 (KHTML, like Gecko) Chrome/94.0.4606.81 Safari/537.36"
81.36.175.180 catalogo.coachingpop.com - [27/Sep/2022:11:15:06 +0200] "POST /wp-admin/admin-ajax.php HTTP/1.1" 200 47 "https://catalogo.coachingpop.com/wp-admin/admin.php?page=wc-admin" "Mozilla/5.0 (Windows NT 10.0; Win64; x64) AppleWebKit/537.36 (KHTML, like Gecko) Chrome/105.0.0.0 Safari/537.36"
81.36.175.180 catalogo.coachingpop.com - [27/Sep/2022:11:15:39 +0200] "POST /wp-admin/admin-ajax.php HTTP/1.1" 200 47 "https://catalogo.coachingpop.com/wp-admin/edit.php?post_type=product" "Mozilla/5.0 (Windows NT 10.0; Win64; x64) AppleWebKit/537.36 (KHTML, like Gecko) Chrome/105.0.0.0 Safari/537.36"
81.36.175.180 catalogo.coachingpop.com - [27/Sep/2022:11:17:07 +0200] "POST /wp-admin/admin-ajax.php HTTP/1.1" 200 47 "https://catalogo.coachingpop.com/wp-admin/admin.php?page=wc-admin" "Mozilla/5.0 (Windows NT 10.0; Win64; x64) AppleWebKit/537.36 (KHTML, like Gecko) Chrome/105.0.0.0 Safari/537.36"
81.36.175.180 catalogo.coachingpop.com - [27/Sep/2022:11:17:40 +0200] "POST /wp-admin/admin-ajax.php HTTP/1.1" 200 47 "https://catalogo.coachingpop.com/wp-admin/edit.php?post_type=product" "Mozilla/5.0 (Windows NT 10.0; Win64; x64) AppleWebKit/537.36 (KHTML, like Gecko) Chrome/105.0.0.0 Safari/537.36"
81.36.175.180 catalogo.coachingpop.com - [27/Sep/2022:11:19:08 +0200] "POST /wp-admin/admin-ajax.php HTTP/1.1" 200 47 "https://catalogo.coachingpop.com/wp-admin/admin.php?page=wc-admin" "Mozilla/5.0 (Windows NT 10.0; Win64; x64) AppleWebKit/537.36 (KHTML, like Gecko) Chrome/105.0.0.0 Safari/537.36"
81.36.175.180 catalogo.coachingpop.com - [27/Sep/2022:11:19:41 +0200] "POST /wp-admin/admin-ajax.php HTTP/1.1" 200 47 "https://catalogo.coachingpop.com/wp-admin/edit.php?post_type=product" "Mozilla/5.0 (Windows NT 10.0; Win64; x64) AppleWebKit/537.36 (KHTML, like Gecko) Chrome/105.0.0.0 Safari/537.36"
51.68.11.195 catalogo.coachingpop.com - [27/Sep/2022:11:19:10 +0200] "POST /wp-cron.php?doing_wp_cron=1664270349.9844710826873779296875 HTTP/1.1" 200 25 "https://catalogo.coachingpop.com/wp-cron.php?doing_wp_cron=1664270349.9844710826873779296875" "WordPress/6.0.2; https://catalogo.coachingpop.com"
51.68.11.195 coachingpop.com - [27/Sep/2022:11:20:12 +0200] "POST /wp-cron.php?doing_wp_cron=1664270412.3421380519866943359375 HTTP/1.1" 200 25 "https://coachingpop.com/wp-cron.php?doing_wp_cron=1664270412.3421380519866943359375" "WordPress/6.0.2; https://coachingpop.com"
199.195.254.123 coachingpop.com - [27/Sep/2022:11:20:09 +0200] "GET /-/-/-/-/-/-/-/-/-/-/ HTTP/1.1" 404 58395 "-" "Mozilla/5.0 (Windows NT 6.2; WOW64; rv:31.0) Gecko/20100101 Firefox/31.0"
51.68.11.195 catalogo.coachingpop.com - [27/Sep/2022:11:21:10 +0200] "POST /wp-cron.php?doing_wp_cron=1664270470.8237650394439697265625 HTTP/1.1" 200 25 "https://catalogo.coachingpop.com/wp-cron.php?doing_wp_cron=1664270470.8237650394439697265625" "WordPress/6.0.2; https://catalogo.coachingpop.com"
51.68.11.195 catalogo.coachingpop.com - [27/Sep/2022:11:23:11 +0200] "POST /wp-cron.php?doing_wp_cron=1664270591.9081039428710937500000 HTTP/1.1" 200 25 "https://catalogo.coachingpop.com/wp-cron.php?doing_wp_cron=1664270591.9081039428710937500000" "WordPress/6.0.2; https://catalogo.coachingpop.com"
51.68.11.195 catalogo.coachingpop.com - [27/Sep/2022:11:23:14 +0200] "GET / HTTP/1.1" 200 2110 "https://catalogo.coachingpop.com/" "WordPress/6.0.2; https://catalogo.coachingpop.com"
81.36.175.180 catalogo.coachingpop.com - [27/Sep/2022:11:21:09 +0200] "POST /wp-admin/admin-ajax.php HTTP/1.1" 200 47 "https://catalogo.coachingpop.com/wp-admin/admin.php?page=wc-admin" "Mozilla/5.0 (Windows NT 10.0; Win64; x64) AppleWebKit/537.36 (KHTML, like Gecko) Chrome/105.0.0.0 Safari/537.36"
81.36.175.180 catalogo.coachingpop.com - [27/Sep/2022:11:21:42 +0200] "POST /wp-admin/admin-ajax.php HTTP/1.1" 200 47 "https://catalogo.coachingpop.com/wp-admin/edit.php?post_type=product" "Mozilla/5.0 (Windows NT 10.0; Win64; x64) AppleWebKit/537.36 (KHTML, like Gecko) Chrome/105.0.0.0 Safari/537.36"
