87.98.231.4 coachingpop.com - [27/Sep/2022:03:13:16 +0200] "POST /wp-cron.php?doing_wp_cron=1664241196.1652760505676269531250 HTTP/1.1" 200 25 "http://coachingpop.com/wp-cron.php?doing_wp_cron=1664241196.1652760505676269531250" "WordPress/6.0.2; https://coachingpop.com"
54.245.128.150 coachingpop.com - [27/Sep/2022:03:13:13 +0200] "GET /wp-content/uploads/2017/06/princesa-juicio-e1497458384460-370x193.jpg HTTP/1.1" 404 58324 "-" "Mozilla/5.0 (X11; Ubuntu; Linux x86_64; rv:72.0) Gecko/20100101 Firefox/72.0"
81.36.175.180 catalogo.coachingpop.com - [27/Sep/2022:03:11:06 +0200] "POST /wp-admin/admin-ajax.php HTTP/1.1" 200 47 "https://catalogo.coachingpop.com/wp-admin/admin.php?page=wc-admin" "Mozilla/5.0 (Windows NT 10.0; Win64; x64) AppleWebKit/537.36 (KHTML, like Gecko) Chrome/105.0.0.0 Safari/537.36"
81.36.175.180 catalogo.coachingpop.com - [27/Sep/2022:03:11:35 +0200] "POST /wp-admin/admin-ajax.php HTTP/1.1" 200 47 "https://catalogo.coachingpop.com/wp-admin/edit.php?post_type=product" "Mozilla/5.0 (Windows NT 10.0; Win64; x64) AppleWebKit/537.36 (KHTML, like Gecko) Chrome/105.0.0.0 Safari/537.36"
81.36.175.180 catalogo.coachingpop.com - [27/Sep/2022:03:13:07 +0200] "POST /wp-admin/admin-ajax.php HTTP/1.1" 200 47 "https://catalogo.coachingpop.com/wp-admin/admin.php?page=wc-admin" "Mozilla/5.0 (Windows NT 10.0; Win64; x64) AppleWebKit/537.36 (KHTML, like Gecko) Chrome/105.0.0.0 Safari/537.36"
81.36.175.180 catalogo.coachingpop.com - [27/Sep/2022:03:13:36 +0200] "POST /wp-admin/admin-ajax.php HTTP/1.1" 200 47 "https://catalogo.coachingpop.com/wp-admin/edit.php?post_type=product" "Mozilla/5.0 (Windows NT 10.0; Win64; x64) AppleWebKit/537.36 (KHTML, like Gecko) Chrome/105.0.0.0 Safari/537.36"
51.68.11.195 catalogo.coachingpop.com - [27/Sep/2022:03:15:10 +0200] "POST /wp-cron.php?doing_wp_cron=1664241310.2493429183959960937500 HTTP/1.1" 200 25 "https://catalogo.coachingpop.com/wp-cron.php?doing_wp_cron=1664241310.2493429183959960937500" "WordPress/6.0.2; https://catalogo.coachingpop.com"
51.68.11.195 catalogo.coachingpop.com - [27/Sep/2022:03:17:11 +0200] "POST /wp-cron.php?doing_wp_cron=1664241431.1799359321594238281250 HTTP/1.1" 200 25 "https://catalogo.coachingpop.com/wp-cron.php?doing_wp_cron=1664241431.1799359321594238281250" "WordPress/6.0.2; https://catalogo.coachingpop.com"
51.68.11.195 coachingpop.com - [27/Sep/2022:03:17:22 +0200] "POST /wp-cron.php?doing_wp_cron=1664241442.9622979164123535156250 HTTP/1.1" 200 25 "https://coachingpop.com/wp-cron.php?doing_wp_cron=1664241442.9622979164123535156250" "WordPress/6.0.2; https://coachingpop.com"
137.184.193.51 coachingpop.com - [27/Sep/2022:03:17:20 +0200] "POST /xmlrpc.php HTTP/1.1" 200 422 "-" "Mozilla/5.0 (Windows NT 6.1; Win64; x64) AppleWebKit/537.36 (KHTML, like Gecko) Chrome/74.0.3729.169 Safari/537.36"
185.2.6.16 coachingpop.com - [27/Sep/2022:03:17:24 +0200] "POST /xmlrpc.php HTTP/1.1" 403 - "-" "Mozilla/5.0 (Windows NT 10.0; Win64; x64) AppleWebKit/537.36 (KHTML, like Gecko) Chrome/60.0.3112.113 Safari/537.36"
121.5.128.87 coachingpop.com - [27/Sep/2022:03:17:33 +0200] "POST /xmlrpc.php HTTP/1.1" 200 422 "-" "Mozilla/5.0 (Windows NT 10.0; Win64; x64) AppleWebKit/537.36 (KHTML, like Gecko) Chrome/57.0.2987.133 Safari/537.36"
185.2.6.16 coachingpop.com - [27/Sep/2022:03:17:36 +0200] "POST /xmlrpc.php HTTP/1.1" 403 - "-" "Mozilla/5.0 (Windows NT 10.0; Win64; x64) AppleWebKit/537.36 (KHTML, like Gecko) Chrome/87.0.4280.141 Safari/537.36"
89.46.106.198 coachingpop.com - [27/Sep/2022:03:17:37 +0200] "POST /xmlrpc.php HTTP/1.1" 403 - "-" "Mozilla/5.0 (Windows NT 10.0; Win64; x64; rv:78.0) Gecko/20100101 Firefox/78.0"
54.37.121.239 coachingpop.com - [27/Sep/2022:03:17:40 +0200] "POST /xmlrpc.php HTTP/1.1" 200 422 "-" "Mozilla/5.0 (Windows NT 10.0; Win64; x64) AppleWebKit/537.36 (KHTML, like Gecko) Chrome/80.0.3987.132 Safari/537.36"
149.255.62.61 coachingpop.com - [27/Sep/2022:03:17:46 +0200] "POST /xmlrpc.php HTTP/1.1" 200 422 "-" "Mozilla/5.0 (Windows NT 5.1; rv:30.0) Gecko/20100101 Firefox/30.0"
188.68.47.178 coachingpop.com - [27/Sep/2022:03:17:52 +0200] "POST /xmlrpc.php HTTP/1.1" 200 422 "-" "Mozilla/5.0 (Windows NT 6.1; WOW64; rv:52.0) Gecko/20100101 Firefox/52.0"
81.36.175.180 catalogo.coachingpop.com - [27/Sep/2022:03:15:08 +0200] "POST /wp-admin/admin-ajax.php HTTP/1.1" 200 47 "https://catalogo.coachingpop.com/wp-admin/admin.php?page=wc-admin" "Mozilla/5.0 (Windows NT 10.0; Win64; x64) AppleWebKit/537.36 (KHTML, like Gecko) Chrome/105.0.0.0 Safari/537.36"
81.36.175.180 catalogo.coachingpop.com - [27/Sep/2022:03:15:37 +0200] "POST /wp-admin/admin-ajax.php HTTP/1.1" 200 47 "https://catalogo.coachingpop.com/wp-admin/edit.php?post_type=product" "Mozilla/5.0 (Windows NT 10.0; Win64; x64) AppleWebKit/537.36 (KHTML, like Gecko) Chrome/105.0.0.0 Safari/537.36"
81.36.175.180 catalogo.coachingpop.com - [27/Sep/2022:03:17:09 +0200] "POST /wp-admin/admin-ajax.php HTTP/1.1" 200 47 "https://catalogo.coachingpop.com/wp-admin/admin.php?page=wc-admin" "Mozilla/5.0 (Windows NT 10.0; Win64; x64) AppleWebKit/537.36 (KHTML, like Gecko) Chrome/105.0.0.0 Safari/537.36"
54.37.11.28 coachingpop.com - [27/Sep/2022:03:17:14 +0200] "POST /xmlrpc.php HTTP/1.1" 403 - "-" "Mozilla/5.0 (Windows NT 6.1) AppleWebKit/537.36 (KHTML, like Gecko) Chrome/56.0.2924.76 Safari/537.36"
54.37.11.28 coachingpop.com - [27/Sep/2022:03:17:14 +0200] "POST /xmlrpc.php HTTP/1.1" 403 - "-" "Mozilla/5.0 (Windows NT 6.2; Win64; x64) AppleWebKit/537.36 (KHTML, like Gecko) Chrome/60.0.3112.90 Safari/537.36"
148.66.56.82 coachingpop.com - [27/Sep/2022:03:17:23 +0200] "POST /xmlrpc.php HTTP/1.1" 403 - "-" "Mozilla/5.0 (Windows NT 10.0; Win64; x64; rv:62.0) Gecko/20100101 Firefox/62.0"
81.36.175.180 catalogo.coachingpop.com - [27/Sep/2022:03:17:38 +0200] "POST /wp-admin/admin-ajax.php HTTP/1.1" 200 47 "https://catalogo.coachingpop.com/wp-admin/edit.php?post_type=product" "Mozilla/5.0 (Windows NT 10.0; Win64; x64) AppleWebKit/537.36 (KHTML, like Gecko) Chrome/105.0.0.0 Safari/537.36"
1.15.242.40 coachingpop.com - [27/Sep/2022:03:17:41 +0200] "POST /xmlrpc.php HTTP/1.1" 200 422 "-" "Mozilla/5.0 (iPad; CPU OS 14_6 like Mac OS X) AppleWebKit/605.1.15 (KHTML, like Gecko) CriOS/91.0.4472.80 Mobile/15E148 Safari/604.1"
13.126.254.135 coachingpop.com - [27/Sep/2022:03:17:42 +0200] "POST /xmlrpc.php HTTP/1.1" 200 422 "-" "Mozilla/5.0 (Windows NT 10.0; Win64; x64) AppleWebKit/537.36 (KHTML, like Gecko) Chrome/67.0.3396.99 Safari/537.36"
64.71.32.67 coachingpop.com - [27/Sep/2022:03:17:49 +0200] "POST /xmlrpc.php HTTP/1.1" 200 493 "-" "Mozilla/5.0 (Windows NT 6.1; WOW64; rv:41.0) Gecko/20100101 Firefox/41.0"
81.36.175.180 catalogo.coachingpop.com - [27/Sep/2022:03:19:10 +0200] "POST /wp-admin/admin-ajax.php HTTP/1.1" 200 47 "https://catalogo.coachingpop.com/wp-admin/admin.php?page=wc-admin" "Mozilla/5.0 (Windows NT 10.0; Win64; x64) AppleWebKit/537.36 (KHTML, like Gecko) Chrome/105.0.0.0 Safari/537.36"
81.36.175.180 catalogo.coachingpop.com - [27/Sep/2022:03:19:39 +0200] "POST /wp-admin/admin-ajax.php HTTP/1.1" 200 47 "https://catalogo.coachingpop.com/wp-admin/edit.php?post_type=product" "Mozilla/5.0 (Windows NT 10.0; Win64; x64) AppleWebKit/537.36 (KHTML, like Gecko) Chrome/105.0.0.0 Safari/537.36"
51.68.11.195 catalogo.coachingpop.com - [27/Sep/2022:03:19:12 +0200] "POST /wp-cron.php?doing_wp_cron=1664241552.9740490913391113281250 HTTP/1.1" 200 25 "https://catalogo.coachingpop.com/wp-cron.php?doing_wp_cron=1664241552.9740490913391113281250" "WordPress/6.0.2; https://catalogo.coachingpop.com"
51.68.11.195 catalogo.coachingpop.com - [27/Sep/2022:03:21:13 +0200] "POST /wp-cron.php?doing_wp_cron=1664241673.2821729183197021484375 HTTP/1.1" 200 25 "https://catalogo.coachingpop.com/wp-cron.php?doing_wp_cron=1664241673.2821729183197021484375" "WordPress/6.0.2; https://catalogo.coachingpop.com"
51.68.11.195 coachingpop.com - [27/Sep/2022:03:23:06 +0200] "POST /wp-cron.php?doing_wp_cron=1664241785.9891719818115234375000 HTTP/1.1" 200 25 "https://coachingpop.com/wp-cron.php?doing_wp_cron=1664241785.9891719818115234375000" "WordPress/6.0.2; https://coachingpop.com"
18.234.94.235 coachingpop.com - [27/Sep/2022:03:23:02 +0200] "GET /robots.txt HTTP/1.1" 200 173 "-" "Mozilla/5.0 (X11; Linux x86_64) AppleWebKit/537.36 (KHTML, like Gecko) Chrome/94.0.4606.81 Safari/537.36"
18.234.94.235 coachingpop.com - [27/Sep/2022:03:23:06 +0200] "GET /contacto/ HTTP/1.1" 200 79410 "-" "Mozilla/5.0 (X11; Linux x86_64) AppleWebKit/537.36 (KHTML, like Gecko) Chrome/94.0.4606.81 Safari/537.36"
18.234.94.235 coachingpop.com - [27/Sep/2022:03:23:08 +0200] "GET /wp-includes/js/wp-emoji-release.min.js?ver=6.0.2 HTTP/1.1" 200 18617 "https://coachingpop.com/contacto/" "Mozilla/5.0 (X11; Linux x86_64) AppleWebKit/537.36 (KHTML, like Gecko) Chrome/94.0.4606.81 Safari/537.36"
18.234.94.235 coachingpop.com - [27/Sep/2022:03:23:09 +0200] "GET /wp-includes/js/jquery/jquery.min.js?ver=3.6.0 HTTP/1.1" 200 89521 "https://coachingpop.com/contacto/" "Mozilla/5.0 (X11; Linux x86_64) AppleWebKit/537.36 (KHTML, like Gecko) Chrome/94.0.4606.81 Safari/537.36"
18.234.94.235 coachingpop.com - [27/Sep/2022:03:23:09 +0200] "GET /wp-content/plugins/role-based-pricing-for-woocommerce/assets/js/addify_csp_front_js.js?ver=1.0 HTTP/1.1" 200 61 "https://coachingpop.com/contacto/" "Mozilla/5.0 (X11; Linux x86_64) AppleWebKit/537.36 (KHTML, like Gecko) Chrome/94.0.4606.81 Safari/537.36"
18.234.94.235 coachingpop.com - [27/Sep/2022:03:23:09 +0200] "GET /wp-content/plugins/hide-price-add-to-cart-button/assets/js/jquery.popupoverlay.js?ver=1.0 HTTP/1.1" 200 23763 "https://coachingpop.com/contacto/" "Mozilla/5.0 (X11; Linux x86_64) AppleWebKit/537.36 (KHTML, like Gecko) Chrome/94.0.4606.81 Safari/537.36"
18.234.94.235 coachingpop.com - [27/Sep/2022:03:23:09 +0200] "GET /wp-content/plugins/hide-price-add-to-cart-button/assets/js/afwhp_front.js?ver=1.0 HTTP/1.1" 200 67 "https://coachingpop.com/contacto/" "Mozilla/5.0 (X11; Linux x86_64) AppleWebKit/537.36 (KHTML, like Gecko) Chrome/94.0.4606.81 Safari/537.36"
18.234.94.235 coachingpop.com - [27/Sep/2022:03:23:09 +0200] "GET /wp-includes/js/jquery/jquery-migrate.min.js?ver=3.3.2 HTTP/1.1" 200 11224 "https://coachingpop.com/contacto/" "Mozilla/5.0 (X11; Linux x86_64) AppleWebKit/537.36 (KHTML, like Gecko) Chrome/94.0.4606.81 Safari/537.36"
18.234.94.235 coachingpop.com - [27/Sep/2022:03:23:09 +0200] "GET /wp-content/plugins/logo-carousel-free/public/assets/js/splc-script.min.js?ver=3.4.13 HTTP/1.1" 200 1967 "https://coachingpop.com/contacto/" "Mozilla/5.0 (X11; Linux x86_64) AppleWebKit/537.36 (KHTML, like Gecko) Chrome/94.0.4606.81 Safari/537.36"
18.234.94.235 coachingpop.com - [27/Sep/2022:03:23:09 +0200] "GET /wp-content/plugins/flowpaper-lite-pdf-flipbook/assets/lity/lity.min.js HTTP/1.1" 200 6640 "https://coachingpop.com/contacto/" "Mozilla/5.0 (X11; Linux x86_64) AppleWebKit/537.36 (KHTML, like Gecko) Chrome/94.0.4606.81 Safari/537.36"
18.234.94.235 coachingpop.com - [27/Sep/2022:03:23:09 +0200] "GET /wp-content/plugins/woocommerce/assets/js/jquery-blockui/jquery.blockUI.min.js?ver=2.7.0-wc.6.9.3 HTTP/1.1" 200 9509 "https://coachingpop.com/contacto/" "Mozilla/5.0 (X11; Linux x86_64) AppleWebKit/537.36 (KHTML, like Gecko) Chrome/94.0.4606.81 Safari/537.36"
18.234.94.235 coachingpop.com - [27/Sep/2022:03:23:09 +0200] "GET /wp-content/plugins/woocommerce/assets/js/frontend/add-to-cart.min.js?ver=6.9.3 HTTP/1.1" 200 3037 "https://coachingpop.com/contacto/" "Mozilla/5.0 (X11; Linux x86_64) AppleWebKit/537.36 (KHTML, like Gecko) Chrome/94.0.4606.81 Safari/537.36"
18.234.94.235 coachingpop.com - [27/Sep/2022:03:23:09 +0200] "GET /wp-content/plugins/contact-form-7/includes/js/index.js?ver=5.6.3 HTTP/1.1" 200 12211 "https://coachingpop.com/contacto/" "Mozilla/5.0 (X11; Linux x86_64) AppleWebKit/537.36 (KHTML, like Gecko) Chrome/94.0.4606.81 Safari/537.36"
18.234.94.235 coachingpop.com - [27/Sep/2022:03:23:09 +0200] "GET /wp-content/plugins/stm-post-type/theme/assets/lazysizes.min.js?ver=false HTTP/1.1" 200 7057 "https://coachingpop.com/contacto/" "Mozilla/5.0 (X11; Linux x86_64) AppleWebKit/537.36 (KHTML, like Gecko) Chrome/94.0.4606.81 Safari/537.36"
18.234.94.235 coachingpop.com - [27/Sep/2022:03:23:09 +0200] "GET /wp-content/plugins/stm-post-type/theme/assets/stm_lms_lazyload.js?ver=false HTTP/1.1" 200 195 "https://coachingpop.com/contacto/" "Mozilla/5.0 (X11; Linux x86_64) AppleWebKit/537.36 (KHTML, like Gecko) Chrome/94.0.4606.81 Safari/537.36"
18.234.94.235 coachingpop.com - [27/Sep/2022:03:23:09 +0200] "GET /wp-content/plugins/js_composer/assets/js/vendors/woocommerce-add-to-cart.js?ver=6.9.0 HTTP/1.1" 200 992 "https://coachingpop.com/contacto/" "Mozilla/5.0 (X11; Linux x86_64) AppleWebKit/537.36 (KHTML, like Gecko) Chrome/94.0.4606.81 Safari/537.36"
18.234.94.235 coachingpop.com - [27/Sep/2022:03:23:09 +0200] "GET /wp-content/plugins/logo-carousel-free/public/assets/js/swiper-bundle.min.js?ver=3.4.13 HTTP/1.1" 200 208443 "https://coachingpop.com/contacto/" "Mozilla/5.0 (X11; Linux x86_64) AppleWebKit/537.36 (KHTML, like Gecko) Chrome/94.0.4606.81 Safari/537.36"
18.234.94.235 coachingpop.com - [27/Sep/2022:03:23:09 +0200] "GET /wp-content/plugins/contact-form-7/includes/swv/js/index.js?ver=5.6.3 HTTP/1.1" 200 9680 "https://coachingpop.com/contacto/" "Mozilla/5.0 (X11; Linux x86_64) AppleWebKit/537.36 (KHTML, like Gecko) Chrome/94.0.4606.81 Safari/537.36"
18.234.94.235 coachingpop.com - [27/Sep/2022:03:23:09 +0200] "GET /wp-content/plugins/woocommerce/assets/js/frontend/woocommerce.min.js?ver=6.9.3 HTTP/1.1" 200 2139 "https://coachingpop.com/contacto/" "Mozilla/5.0 (X11; Linux x86_64) AppleWebKit/537.36 (KHTML, like Gecko) Chrome/94.0.4606.81 Safari/537.36"
18.234.94.235 coachingpop.com - [27/Sep/2022:03:23:09 +0200] "GET /wp-content/plugins/woocommerce/assets/js/select2/select2.full.min.js?ver=4.0.3-wc.6.9.3 HTTP/1.1" 200 74098 "https://coachingpop.com/contacto/" "Mozilla/5.0 (X11; Linux x86_64) AppleWebKit/537.36 (KHTML, like Gecko) Chrome/94.0.4606.81 Safari/537.36"
18.234.94.235 coachingpop.com - [27/Sep/2022:03:23:09 +0200] "GET /wp-content/plugins/js_composer/assets/js/dist/js_composer_front.min.js?ver=6.9.0 HTTP/1.1" 200 20315 "https://coachingpop.com/contacto/" "Mozilla/5.0 (X11; Linux x86_64) AppleWebKit/537.36 (KHTML, like Gecko) Chrome/94.0.4606.81 Safari/537.36"
18.234.94.235 coachingpop.com - [27/Sep/2022:03:23:09 +0200] "GET /wp-content/plugins/woocommerce/assets/js/js-cookie/js.cookie.min.js?ver=2.1.4-wc.6.9.3 HTTP/1.1" 200 1834 "https://coachingpop.com/contacto/" "Mozilla/5.0 (X11; Linux x86_64) AppleWebKit/537.36 (KHTML, like Gecko) Chrome/94.0.4606.81 Safari/537.36"
18.234.94.235 coachingpop.com - [27/Sep/2022:03:23:09 +0200] "GET /wp-content/plugins/woocommerce/assets/js/frontend/cart-fragments.min.js?ver=6.9.3 HTTP/1.1" 200 2938 "https://coachingpop.com/contacto/" "Mozilla/5.0 (X11; Linux x86_64) AppleWebKit/537.36 (KHTML, like Gecko) Chrome/94.0.4606.81 Safari/537.36"
18.234.94.235 coachingpop.com - [27/Sep/2022:03:23:09 +0200] "GET /wp-content/plugins/wp-smushit/app/assets/js/smush-lazy-load.min.js?ver=3.11.1 HTTP/1.1" 200 7918 "https://coachingpop.com/contacto/" "Mozilla/5.0 (X11; Linux x86_64) AppleWebKit/537.36 (KHTML, like Gecko) Chrome/94.0.4606.81 Safari/537.36"
18.234.94.235 coachingpop.com - [27/Sep/2022:03:23:09 +0200] "GET /wp-content/plugins/gdpr-compliance-cookie-consent/assets/js/scripts.js?ver=6.0.2 HTTP/1.1" 200 1514 "https://coachingpop.com/contacto/" "Mozilla/5.0 (X11; Linux x86_64) AppleWebKit/537.36 (KHTML, like Gecko) Chrome/94.0.4606.81 Safari/537.36"
18.234.94.235 coachingpop.com - [27/Sep/2022:03:23:09 +0200] "GET /wp-content/plugins/revslider/public/assets/js/rbtools.min.js?ver=6.5.17 HTTP/1.1" 200 128668 "https://coachingpop.com/contacto/" "Mozilla/5.0 (X11; Linux x86_64) AppleWebKit/537.36 (KHTML, like Gecko) Chrome/94.0.4606.81 Safari/537.36"
18.234.94.235 coachingpop.com - [27/Sep/2022:03:23:09 +0200] "GET /wp-content/plugins/woocommerce-paypal-payments/modules/ppcp-button/assets/js/button.js?ver=1.9.3 HTTP/1.1" 200 230860 "https://coachingpop.com/contacto/" "Mozilla/5.0 (X11; Linux x86_64) AppleWebKit/537.36 (KHTML, like Gecko) Chrome/94.0.4606.81 Safari/537.36"
18.234.94.235 coachingpop.com - [27/Sep/2022:03:23:09 +0200] "GET /wp-content/themes/masterstudy/assets/vendors/jquery.fancybox.min.js?ver=4.5.1 HTTP/1.1" 200 68253 "https://coachingpop.com/contacto/" "Mozilla/5.0 (X11; Linux x86_64) AppleWebKit/537.36 (KHTML, like Gecko) Chrome/94.0.4606.81 Safari/537.36"
18.234.94.235 coachingpop.com - [27/Sep/2022:03:23:09 +0200] "GET /wp-content/plugins/revslider/public/assets/js/rs6.min.js?ver=6.5.17 HTTP/1.1" 200 387150 "https://coachingpop.com/contacto/" "Mozilla/5.0 (X11; Linux x86_64) AppleWebKit/537.36 (KHTML, like Gecko) Chrome/94.0.4606.81 Safari/537.36"
18.234.94.235 coachingpop.com - [27/Sep/2022:03:23:09 +0200] "GET /wp-content/themes/masterstudy/assets/js/ajax.submit.js?ver=4.5.1 HTTP/1.1" 200 21437 "https://coachingpop.com/contacto/" "Mozilla/5.0 (X11; Linux x86_64) AppleWebKit/537.36 (KHTML, like Gecko) Chrome/94.0.4606.81 Safari/537.36"
18.234.94.235 coachingpop.com - [27/Sep/2022:03:23:09 +0200] "GET /wp-content/themes/masterstudy/assets/js/custom.js?ver=4.5.1 HTTP/1.1" 200 14182 "https://coachingpop.com/contacto/" "Mozilla/5.0 (X11; Linux x86_64) AppleWebKit/537.36 (KHTML, like Gecko) Chrome/94.0.4606.81 Safari/537.36"
18.234.94.235 coachingpop.com - [27/Sep/2022:03:23:09 +0200] "GET /wp-content/themes/masterstudy/assets/vendors/bootstrap.min.js?ver=4.5.1 HTTP/1.1" 200 24377 "https://coachingpop.com/contacto/" "Mozilla/5.0 (X11; Linux x86_64) AppleWebKit/537.36 (KHTML, like Gecko) Chrome/94.0.4606.81 Safari/537.36"
18.234.94.235 coachingpop.com - [27/Sep/2022:03:23:09 +0200] "POST /?wc-ajax=get_refreshed_fragments HTTP/1.1" 200 227 "https://coachingpop.com/contacto/" "Mozilla/5.0 (X11; Linux x86_64) AppleWebKit/537.36 (KHTML, like Gecko) Chrome/94.0.4606.81 Safari/537.36"
18.234.94.235 coachingpop.com - [27/Sep/2022:03:23:10 +0200] "GET /contacto/ HTTP/1.1" 200 79410 "-" "Mozilla/5.0 (X11; Linux x86_64) AppleWebKit/537.36 (KHTML, like Gecko) Chrome/94.0.4606.81 Safari/537.36"
18.234.94.235 coachingpop.com - [27/Sep/2022:03:23:10 +0200] "GET /wp-includes/js/wp-emoji-release.min.js?ver=6.0.2 HTTP/1.1" 200 18617 "https://coachingpop.com/contacto/" "Mozilla/5.0 (X11; Linux x86_64) AppleWebKit/537.36 (KHTML, like Gecko) Chrome/94.0.4606.81 Safari/537.36"
18.234.94.235 coachingpop.com - [27/Sep/2022:03:23:11 +0200] "GET /wp-includes/js/jquery/jquery.min.js?ver=3.6.0 HTTP/1.1" 200 89521 "https://coachingpop.com/contacto/" "Mozilla/5.0 (X11; Linux x86_64) AppleWebKit/537.36 (KHTML, like Gecko) Chrome/94.0.4606.81 Safari/537.36"
18.234.94.235 coachingpop.com - [27/Sep/2022:03:23:11 +0200] "GET /wp-content/plugins/hide-price-add-to-cart-button/assets/js/afwhp_front.js?ver=1.0 HTTP/1.1" 200 67 "https://coachingpop.com/contacto/" "Mozilla/5.0 (X11; Linux x86_64) AppleWebKit/537.36 (KHTML, like Gecko) Chrome/94.0.4606.81 Safari/537.36"
18.234.94.235 coachingpop.com - [27/Sep/2022:03:23:11 +0200] "GET /wp-content/plugins/role-based-pricing-for-woocommerce/assets/js/addify_csp_front_js.js?ver=1.0 HTTP/1.1" 200 61 "https://coachingpop.com/contacto/" "Mozilla/5.0 (X11; Linux x86_64) AppleWebKit/537.36 (KHTML, like Gecko) Chrome/94.0.4606.81 Safari/537.36"
18.234.94.235 coachingpop.com - [27/Sep/2022:03:23:11 +0200] "GET /wp-content/plugins/woocommerce/assets/js/frontend/add-to-cart.min.js?ver=6.9.3 HTTP/1.1" 200 3037 "https://coachingpop.com/contacto/" "Mozilla/5.0 (X11; Linux x86_64) AppleWebKit/537.36 (KHTML, like Gecko) Chrome/94.0.4606.81 Safari/537.36"
18.234.94.235 coachingpop.com - [27/Sep/2022:03:23:11 +0200] "GET /wp-content/plugins/flowpaper-lite-pdf-flipbook/assets/lity/lity.min.js HTTP/1.1" 200 6640 "https://coachingpop.com/contacto/" "Mozilla/5.0 (X11; Linux x86_64) AppleWebKit/537.36 (KHTML, like Gecko) Chrome/94.0.4606.81 Safari/537.36"
18.234.94.235 coachingpop.com - [27/Sep/2022:03:23:11 +0200] "GET /wp-includes/js/jquery/jquery-migrate.min.js?ver=3.3.2 HTTP/1.1" 200 11224 "https://coachingpop.com/contacto/" "Mozilla/5.0 (X11; Linux x86_64) AppleWebKit/537.36 (KHTML, like Gecko) Chrome/94.0.4606.81 Safari/537.36"
18.234.94.235 coachingpop.com - [27/Sep/2022:03:23:11 +0200] "GET /wp-content/plugins/stm-post-type/theme/assets/lazysizes.min.js?ver=false HTTP/1.1" 200 7057 "https://coachingpop.com/contacto/" "Mozilla/5.0 (X11; Linux x86_64) AppleWebKit/537.36 (KHTML, like Gecko) Chrome/94.0.4606.81 Safari/537.36"
18.234.94.235 coachingpop.com - [27/Sep/2022:03:23:11 +0200] "GET /wp-content/plugins/woocommerce/assets/js/jquery-blockui/jquery.blockUI.min.js?ver=2.7.0-wc.6.9.3 HTTP/1.1" 200 9509 "https://coachingpop.com/contacto/" "Mozilla/5.0 (X11; Linux x86_64) AppleWebKit/537.36 (KHTML, like Gecko) Chrome/94.0.4606.81 Safari/537.36"
18.234.94.235 coachingpop.com - [27/Sep/2022:03:23:11 +0200] "GET /wp-content/plugins/stm-post-type/theme/assets/stm_lms_lazyload.js?ver=false HTTP/1.1" 200 195 "https://coachingpop.com/contacto/" "Mozilla/5.0 (X11; Linux x86_64) AppleWebKit/537.36 (KHTML, like Gecko) Chrome/94.0.4606.81 Safari/537.36"
18.234.94.235 coachingpop.com - [27/Sep/2022:03:23:11 +0200] "GET /wp-content/plugins/js_composer/assets/js/vendors/woocommerce-add-to-cart.js?ver=6.9.0 HTTP/1.1" 200 992 "https://coachingpop.com/contacto/" "Mozilla/5.0 (X11; Linux x86_64) AppleWebKit/537.36 (KHTML, like Gecko) Chrome/94.0.4606.81 Safari/537.36"
18.234.94.235 coachingpop.com - [27/Sep/2022:03:23:11 +0200] "GET /wp-content/plugins/contact-form-7/includes/js/index.js?ver=5.6.3 HTTP/1.1" 200 12211 "https://coachingpop.com/contacto/" "Mozilla/5.0 (X11; Linux x86_64) AppleWebKit/537.36 (KHTML, like Gecko) Chrome/94.0.4606.81 Safari/537.36"
18.234.94.235 coachingpop.com - [27/Sep/2022:03:23:11 +0200] "GET /wp-content/plugins/logo-carousel-free/public/assets/js/splc-script.min.js?ver=3.4.13 HTTP/1.1" 200 1967 "https://coachingpop.com/contacto/" "Mozilla/5.0 (X11; Linux x86_64) AppleWebKit/537.36 (KHTML, like Gecko) Chrome/94.0.4606.81 Safari/537.36"
18.234.94.235 coachingpop.com - [27/Sep/2022:03:23:11 +0200] "GET /wp-content/plugins/hide-price-add-to-cart-button/assets/js/jquery.popupoverlay.js?ver=1.0 HTTP/1.1" 200 23763 "https://coachingpop.com/contacto/" "Mozilla/5.0 (X11; Linux x86_64) AppleWebKit/537.36 (KHTML, like Gecko) Chrome/94.0.4606.81 Safari/537.36"
18.234.94.235 coachingpop.com - [27/Sep/2022:03:23:11 +0200] "GET /wp-content/plugins/contact-form-7/includes/swv/js/index.js?ver=5.6.3 HTTP/1.1" 200 9680 "https://coachingpop.com/contacto/" "Mozilla/5.0 (X11; Linux x86_64) AppleWebKit/537.36 (KHTML, like Gecko) Chrome/94.0.4606.81 Safari/537.36"
18.234.94.235 coachingpop.com - [27/Sep/2022:03:23:11 +0200] "GET /wp-content/plugins/logo-carousel-free/public/assets/js/swiper-bundle.min.js?ver=3.4.13 HTTP/1.1" 200 208443 "https://coachingpop.com/contacto/" "Mozilla/5.0 (X11; Linux x86_64) AppleWebKit/537.36 (KHTML, like Gecko) Chrome/94.0.4606.81 Safari/537.36"
18.234.94.235 coachingpop.com - [27/Sep/2022:03:23:11 +0200] "GET /wp-content/plugins/woocommerce/assets/js/frontend/woocommerce.min.js?ver=6.9.3 HTTP/1.1" 200 2139 "https://coachingpop.com/contacto/" "Mozilla/5.0 (X11; Linux x86_64) AppleWebKit/537.36 (KHTML, like Gecko) Chrome/94.0.4606.81 Safari/537.36"
18.234.94.235 coachingpop.com - [27/Sep/2022:03:23:11 +0200] "GET /wp-content/plugins/gdpr-compliance-cookie-consent/assets/js/scripts.js?ver=6.0.2 HTTP/1.1" 200 1514 "https://coachingpop.com/contacto/" "Mozilla/5.0 (X11; Linux x86_64) AppleWebKit/537.36 (KHTML, like Gecko) Chrome/94.0.4606.81 Safari/537.36"
18.234.94.235 coachingpop.com - [27/Sep/2022:03:23:11 +0200] "GET /wp-content/themes/masterstudy/assets/vendors/bootstrap.min.js?ver=4.5.1 HTTP/1.1" 200 24377 "https://coachingpop.com/contacto/" "Mozilla/5.0 (X11; Linux x86_64) AppleWebKit/537.36 (KHTML, like Gecko) Chrome/94.0.4606.81 Safari/537.36"
18.234.94.235 coachingpop.com - [27/Sep/2022:03:23:11 +0200] "GET /wp-content/plugins/woocommerce/assets/js/js-cookie/js.cookie.min.js?ver=2.1.4-wc.6.9.3 HTTP/1.1" 200 1834 "https://coachingpop.com/contacto/" "Mozilla/5.0 (X11; Linux x86_64) AppleWebKit/537.36 (KHTML, like Gecko) Chrome/94.0.4606.81 Safari/537.36"
18.234.94.235 coachingpop.com - [27/Sep/2022:03:23:11 +0200] "GET /wp-content/plugins/woocommerce/assets/js/frontend/cart-fragments.min.js?ver=6.9.3 HTTP/1.1" 200 2938 "https://coachingpop.com/contacto/" "Mozilla/5.0 (X11; Linux x86_64) AppleWebKit/537.36 (KHTML, like Gecko) Chrome/94.0.4606.81 Safari/537.36"
18.234.94.235 coachingpop.com - [27/Sep/2022:03:23:11 +0200] "GET /wp-content/themes/masterstudy/assets/vendors/jquery.fancybox.min.js?ver=4.5.1 HTTP/1.1" 200 68253 "https://coachingpop.com/contacto/" "Mozilla/5.0 (X11; Linux x86_64) AppleWebKit/537.36 (KHTML, like Gecko) Chrome/94.0.4606.81 Safari/537.36"
18.234.94.235 coachingpop.com - [27/Sep/2022:03:23:11 +0200] "GET /wp-content/plugins/revslider/public/assets/js/rbtools.min.js?ver=6.5.17 HTTP/1.1" 200 128668 "https://coachingpop.com/contacto/" "Mozilla/5.0 (X11; Linux x86_64) AppleWebKit/537.36 (KHTML, like Gecko) Chrome/94.0.4606.81 Safari/537.36"
18.234.94.235 coachingpop.com - [27/Sep/2022:03:23:11 +0200] "GET /wp-content/plugins/woocommerce-paypal-payments/modules/ppcp-button/assets/js/button.js?ver=1.9.3 HTTP/1.1" 200 230860 "https://coachingpop.com/contacto/" "Mozilla/5.0 (X11; Linux x86_64) AppleWebKit/537.36 (KHTML, like Gecko) Chrome/94.0.4606.81 Safari/537.36"
18.234.94.235 coachingpop.com - [27/Sep/2022:03:23:11 +0200] "GET /wp-content/plugins/revslider/public/assets/js/rs6.min.js?ver=6.5.17 HTTP/1.1" 200 387150 "https://coachingpop.com/contacto/" "Mozilla/5.0 (X11; Linux x86_64) AppleWebKit/537.36 (KHTML, like Gecko) Chrome/94.0.4606.81 Safari/537.36"
18.234.94.235 coachingpop.com - [27/Sep/2022:03:23:11 +0200] "GET /wp-content/plugins/wp-smushit/app/assets/js/smush-lazy-load.min.js?ver=3.11.1 HTTP/1.1" 200 7918 "https://coachingpop.com/contacto/" "Mozilla/5.0 (X11; Linux x86_64) AppleWebKit/537.36 (KHTML, like Gecko) Chrome/94.0.4606.81 Safari/537.36"
18.234.94.235 coachingpop.com - [27/Sep/2022:03:23:11 +0200] "GET /wp-content/themes/masterstudy/assets/js/custom.js?ver=4.5.1 HTTP/1.1" 200 14182 "https://coachingpop.com/contacto/" "Mozilla/5.0 (X11; Linux x86_64) AppleWebKit/537.36 (KHTML, like Gecko) Chrome/94.0.4606.81 Safari/537.36"
18.234.94.235 coachingpop.com - [27/Sep/2022:03:23:11 +0200] "GET /wp-content/themes/masterstudy/assets/js/ajax.submit.js?ver=4.5.1 HTTP/1.1" 200 21437 "https://coachingpop.com/contacto/" "Mozilla/5.0 (X11; Linux x86_64) AppleWebKit/537.36 (KHTML, like Gecko) Chrome/94.0.4606.81 Safari/537.36"
18.234.94.235 coachingpop.com - [27/Sep/2022:03:23:11 +0200] "GET /wp-content/plugins/woocommerce/assets/js/select2/select2.full.min.js?ver=4.0.3-wc.6.9.3 HTTP/1.1" 200 74098 "https://coachingpop.com/contacto/" "Mozilla/5.0 (X11; Linux x86_64) AppleWebKit/537.36 (KHTML, like Gecko) Chrome/94.0.4606.81 Safari/537.36"
18.234.94.235 coachingpop.com - [27/Sep/2022:03:23:11 +0200] "GET /wp-content/plugins/js_composer/assets/js/dist/js_composer_front.min.js?ver=6.9.0 HTTP/1.1" 200 20315 "https://coachingpop.com/contacto/" "Mozilla/5.0 (X11; Linux x86_64) AppleWebKit/537.36 (KHTML, like Gecko) Chrome/94.0.4606.81 Safari/537.36"
18.234.94.235 coachingpop.com - [27/Sep/2022:03:23:11 +0200] "POST /?wc-ajax=get_refreshed_fragments HTTP/1.1" 200 227 "https://coachingpop.com/contacto/" "Mozilla/5.0 (X11; Linux x86_64) AppleWebKit/537.36 (KHTML, like Gecko) Chrome/94.0.4606.81 Safari/537.36"
51.68.11.195 catalogo.coachingpop.com - [27/Sep/2022:03:23:14 +0200] "POST /wp-cron.php?doing_wp_cron=1664241794.3471848964691162109375 HTTP/1.1" 200 25 "https://catalogo.coachingpop.com/wp-cron.php?doing_wp_cron=1664241794.3471848964691162109375" "WordPress/6.0.2; https://catalogo.coachingpop.com"
81.36.175.180 catalogo.coachingpop.com - [27/Sep/2022:03:21:11 +0200] "POST /wp-admin/admin-ajax.php HTTP/1.1" 200 47 "https://catalogo.coachingpop.com/wp-admin/admin.php?page=wc-admin" "Mozilla/5.0 (Windows NT 10.0; Win64; x64) AppleWebKit/537.36 (KHTML, like Gecko) Chrome/105.0.0.0 Safari/537.36"
81.36.175.180 catalogo.coachingpop.com - [27/Sep/2022:03:21:40 +0200] "POST /wp-admin/admin-ajax.php HTTP/1.1" 200 47 "https://catalogo.coachingpop.com/wp-admin/edit.php?post_type=product" "Mozilla/5.0 (Windows NT 10.0; Win64; x64) AppleWebKit/537.36 (KHTML, like Gecko) Chrome/105.0.0.0 Safari/537.36"
81.36.175.180 catalogo.coachingpop.com - [27/Sep/2022:03:23:12 +0200] "POST /wp-admin/admin-ajax.php HTTP/1.1" 200 47 "https://catalogo.coachingpop.com/wp-admin/admin.php?page=wc-admin" "Mozilla/5.0 (Windows NT 10.0; Win64; x64) AppleWebKit/537.36 (KHTML, like Gecko) Chrome/105.0.0.0 Safari/537.36"
81.36.175.180 catalogo.coachingpop.com - [27/Sep/2022:03:23:41 +0200] "POST /wp-admin/admin-ajax.php HTTP/1.1" 200 47 "https://catalogo.coachingpop.com/wp-admin/edit.php?post_type=product" "Mozilla/5.0 (Windows NT 10.0; Win64; x64) AppleWebKit/537.36 (KHTML, like Gecko) Chrome/105.0.0.0 Safari/537.36"
81.36.175.180 catalogo.coachingpop.com - [27/Sep/2022:03:25:13 +0200] "POST /wp-admin/admin-ajax.php HTTP/1.1" 200 47 "https://catalogo.coachingpop.com/wp-admin/admin.php?page=wc-admin" "Mozilla/5.0 (Windows NT 10.0; Win64; x64) AppleWebKit/537.36 (KHTML, like Gecko) Chrome/105.0.0.0 Safari/537.36"
81.36.175.180 catalogo.coachingpop.com - [27/Sep/2022:03:25:42 +0200] "POST /wp-admin/admin-ajax.php HTTP/1.1" 200 47 "https://catalogo.coachingpop.com/wp-admin/edit.php?post_type=product" "Mozilla/5.0 (Windows NT 10.0; Win64; x64) AppleWebKit/537.36 (KHTML, like Gecko) Chrome/105.0.0.0 Safari/537.36"
51.68.11.195 catalogo.coachingpop.com - [27/Sep/2022:03:25:15 +0200] "POST /wp-cron.php?doing_wp_cron=1664241915.4199309349060058593750 HTTP/1.1" 200 25 "https://catalogo.coachingpop.com/wp-cron.php?doing_wp_cron=1664241915.4199309349060058593750" "WordPress/6.0.2; https://catalogo.coachingpop.com"
51.68.11.195 catalogo.coachingpop.com - [27/Sep/2022:03:27:16 +0200] "POST /wp-cron.php?doing_wp_cron=1664242036.2229990959167480468750 HTTP/1.1" 200 25 "https://catalogo.coachingpop.com/wp-cron.php?doing_wp_cron=1664242036.2229990959167480468750" "WordPress/6.0.2; https://catalogo.coachingpop.com"
81.36.175.180 catalogo.coachingpop.com - [27/Sep/2022:03:27:14 +0200] "POST /wp-admin/admin-ajax.php HTTP/1.1" 200 47 "https://catalogo.coachingpop.com/wp-admin/admin.php?page=wc-admin" "Mozilla/5.0 (Windows NT 10.0; Win64; x64) AppleWebKit/537.36 (KHTML, like Gecko) Chrome/105.0.0.0 Safari/537.36"
81.36.175.180 catalogo.coachingpop.com - [27/Sep/2022:03:27:43 +0200] "POST /wp-admin/admin-ajax.php HTTP/1.1" 200 47 "https://catalogo.coachingpop.com/wp-admin/edit.php?post_type=product" "Mozilla/5.0 (Windows NT 10.0; Win64; x64) AppleWebKit/537.36 (KHTML, like Gecko) Chrome/105.0.0.0 Safari/537.36"
81.36.175.180 catalogo.coachingpop.com - [27/Sep/2022:03:29:15 +0200] "POST /wp-admin/admin-ajax.php HTTP/1.1" 200 47 "https://catalogo.coachingpop.com/wp-admin/admin.php?page=wc-admin" "Mozilla/5.0 (Windows NT 10.0; Win64; x64) AppleWebKit/537.36 (KHTML, like Gecko) Chrome/105.0.0.0 Safari/537.36"
51.68.11.195 catalogo.coachingpop.com - [27/Sep/2022:03:29:17 +0200] "POST /wp-cron.php?doing_wp_cron=1664242157.2965590953826904296875 HTTP/1.1" 200 25 "https://catalogo.coachingpop.com/wp-cron.php?doing_wp_cron=1664242157.2965590953826904296875" "WordPress/6.0.2; https://catalogo.coachingpop.com"
51.68.11.195 catalogo.coachingpop.com - [27/Sep/2022:03:31:18 +0200] "POST /wp-cron.php?doing_wp_cron=1664242278.5796599388122558593750 HTTP/1.1" 200 25 "https://catalogo.coachingpop.com/wp-cron.php?doing_wp_cron=1664242278.5796599388122558593750" "WordPress/6.0.2; https://catalogo.coachingpop.com"
51.68.11.195 catalogo.coachingpop.com - [27/Sep/2022:03:31:46 +0200] "POST /wp-cron.php?doing_wp_cron=1664242306.0724279880523681640625 HTTP/1.1" 200 25 "https://catalogo.coachingpop.com/wp-cron.php?doing_wp_cron=1664242306.0724279880523681640625" "WordPress/6.0.2; https://catalogo.coachingpop.com"
87.98.231.4 coachingpop.com - [27/Sep/2022:03:32:39 +0200] "POST /wp-cron.php?doing_wp_cron=1664242359.6216781139373779296875 HTTP/1.1" 200 25 "http://coachingpop.com/wp-cron.php?doing_wp_cron=1664242359.6216781139373779296875" "WordPress/6.0.2; https://coachingpop.com"
114.119.139.217 coachingpop.com - [27/Sep/2022:03:32:35 +0200] "GET /cursos/ HTTP/1.1" 200 16671 "http://coachingpop.com/2016/03/28/percepcion/" "Mozilla/5.0 (Linux; Android 7.0;) AppleWebKit/537.36 (KHTML, like Gecko) Mobile Safari/537.36 (compatible; PetalBot;+https://webmaster.petalsearch.com/site/petalbot)"
51.68.11.195 catalogo.coachingpop.com - [27/Sep/2022:03:33:19 +0200] "POST /wp-cron.php?doing_wp_cron=1664242399.7522709369659423828125 HTTP/1.1" 200 25 "https://catalogo.coachingpop.com/wp-cron.php?doing_wp_cron=1664242399.7522709369659423828125" "WordPress/6.0.2; https://catalogo.coachingpop.com"
51.68.11.195 catalogo.coachingpop.com - [27/Sep/2022:03:33:47 +0200] "POST /wp-cron.php?doing_wp_cron=1664242427.0811479091644287109375 HTTP/1.1" 200 25 "https://catalogo.coachingpop.com/wp-cron.php?doing_wp_cron=1664242427.0811479091644287109375" "WordPress/6.0.2; https://catalogo.coachingpop.com"
51.68.11.195 coachingpop.com - [27/Sep/2022:03:34:41 +0200] "POST /wp-cron.php?doing_wp_cron=1664242481.6633410453796386718750 HTTP/1.1" 200 25 "https://coachingpop.com/wp-cron.php?doing_wp_cron=1664242481.6633410453796386718750" "WordPress/6.0.2; https://coachingpop.com"
81.36.175.180 catalogo.coachingpop.com - [27/Sep/2022:03:29:44 +0200] "POST /wp-admin/admin-ajax.php HTTP/1.1" 200 47 "https://catalogo.coachingpop.com/wp-admin/edit.php?post_type=product" "Mozilla/5.0 (Windows NT 10.0; Win64; x64) AppleWebKit/537.36 (KHTML, like Gecko) Chrome/105.0.0.0 Safari/537.36"
81.36.175.180 catalogo.coachingpop.com - [27/Sep/2022:03:31:16 +0200] "POST /wp-admin/admin-ajax.php HTTP/1.1" 200 47 "https://catalogo.coachingpop.com/wp-admin/admin.php?page=wc-admin" "Mozilla/5.0 (Windows NT 10.0; Win64; x64) AppleWebKit/537.36 (KHTML, like Gecko) Chrome/105.0.0.0 Safari/537.36"
81.36.175.180 catalogo.coachingpop.com - [27/Sep/2022:03:31:45 +0200] "POST /wp-admin/admin-ajax.php HTTP/1.1" 200 47 "https://catalogo.coachingpop.com/wp-admin/edit.php?post_type=product" "Mozilla/5.0 (Windows NT 10.0; Win64; x64) AppleWebKit/537.36 (KHTML, like Gecko) Chrome/105.0.0.0 Safari/537.36"
81.36.175.180 catalogo.coachingpop.com - [27/Sep/2022:03:33:17 +0200] "POST /wp-admin/admin-ajax.php HTTP/1.1" 200 47 "https://catalogo.coachingpop.com/wp-admin/admin.php?page=wc-admin" "Mozilla/5.0 (Windows NT 10.0; Win64; x64) AppleWebKit/537.36 (KHTML, like Gecko) Chrome/105.0.0.0 Safari/537.36"
81.36.175.180 catalogo.coachingpop.com - [27/Sep/2022:03:33:46 +0200] "POST /wp-admin/admin-ajax.php HTTP/1.1" 200 47 "https://catalogo.coachingpop.com/wp-admin/edit.php?post_type=product" "Mozilla/5.0 (Windows NT 10.0; Win64; x64) AppleWebKit/537.36 (KHTML, like Gecko) Chrome/105.0.0.0 Safari/537.36"
54.176.208.90 www.coachingpop.com - [27/Sep/2022:03:34:38 +0200] "GET /.git/config HTTP/1.1" 301 - "-" "Mozilla/5.0 (Windows NT 10.0; Win64; x64) AppleWebKit/537.36 (KHTML, like Gecko) Chrome/101.0.4951.64 Safari/537.36 Edg/101.0.1210.47"
51.68.11.195 catalogo.coachingpop.com - [27/Sep/2022:03:35:20 +0200] "POST /wp-cron.php?doing_wp_cron=1664242520.6222200393676757812500 HTTP/1.1" 200 25 "https://catalogo.coachingpop.com/wp-cron.php?doing_wp_cron=1664242520.6222200393676757812500" "WordPress/6.0.2; https://catalogo.coachingpop.com"
51.68.11.195 catalogo.coachingpop.com - [27/Sep/2022:03:35:48 +0200] "POST /wp-cron.php?doing_wp_cron=1664242548.0606360435485839843750 HTTP/1.1" 200 25 "https://catalogo.coachingpop.com/wp-cron.php?doing_wp_cron=1664242548.0606360435485839843750" "WordPress/6.0.2; https://catalogo.coachingpop.com"
51.68.11.195 catalogo.coachingpop.com - [27/Sep/2022:03:37:21 +0200] "POST /wp-cron.php?doing_wp_cron=1664242641.1528120040893554687500 HTTP/1.1" 200 25 "https://catalogo.coachingpop.com/wp-cron.php?doing_wp_cron=1664242641.1528120040893554687500" "WordPress/6.0.2; https://catalogo.coachingpop.com"
51.68.11.195 catalogo.coachingpop.com - [27/Sep/2022:03:37:48 +0200] "POST /wp-cron.php?doing_wp_cron=1664242668.9841461181640625000000 HTTP/1.1" 200 25 "https://catalogo.coachingpop.com/wp-cron.php?doing_wp_cron=1664242668.9841461181640625000000" "WordPress/6.0.2; https://catalogo.coachingpop.com"
51.68.11.195 coachingpop.com - [27/Sep/2022:03:38:46 +0200] "POST /wp-cron.php?doing_wp_cron=1664242725.9634389877319335937500 HTTP/1.1" 200 25 "https://coachingpop.com/wp-cron.php?doing_wp_cron=1664242725.9634389877319335937500" "WordPress/6.0.2; https://coachingpop.com"
8.29.198.26 coachingpop.com - [27/Sep/2022:03:38:43 +0200] "GET /blog/feed/ HTTP/1.1" 200 1093 "-" "Feedly/1.0 (+http://www.feedly.com/fetcher.html; 1 subscribers; like FeedFetcher-Google)"
81.36.175.180 catalogo.coachingpop.com - [27/Sep/2022:03:35:18 +0200] "POST /wp-admin/admin-ajax.php HTTP/1.1" 200 47 "https://catalogo.coachingpop.com/wp-admin/admin.php?page=wc-admin" "Mozilla/5.0 (Windows NT 10.0; Win64; x64) AppleWebKit/537.36 (KHTML, like Gecko) Chrome/105.0.0.0 Safari/537.36"
81.36.175.180 catalogo.coachingpop.com - [27/Sep/2022:03:35:47 +0200] "POST /wp-admin/admin-ajax.php HTTP/1.1" 200 47 "https://catalogo.coachingpop.com/wp-admin/edit.php?post_type=product" "Mozilla/5.0 (Windows NT 10.0; Win64; x64) AppleWebKit/537.36 (KHTML, like Gecko) Chrome/105.0.0.0 Safari/537.36"
81.36.175.180 catalogo.coachingpop.com - [27/Sep/2022:03:37:19 +0200] "POST /wp-admin/admin-ajax.php HTTP/1.1" 200 47 "https://catalogo.coachingpop.com/wp-admin/admin.php?page=wc-admin" "Mozilla/5.0 (Windows NT 10.0; Win64; x64) AppleWebKit/537.36 (KHTML, like Gecko) Chrome/105.0.0.0 Safari/537.36"
81.36.175.180 catalogo.coachingpop.com - [27/Sep/2022:03:37:48 +0200] "POST /wp-admin/admin-ajax.php HTTP/1.1" 200 47 "https://catalogo.coachingpop.com/wp-admin/edit.php?post_type=product" "Mozilla/5.0 (Windows NT 10.0; Win64; x64) AppleWebKit/537.36 (KHTML, like Gecko) Chrome/105.0.0.0 Safari/537.36"
81.36.175.180 catalogo.coachingpop.com - [27/Sep/2022:03:39:20 +0200] "POST /wp-admin/admin-ajax.php HTTP/1.1" 200 47 "https://catalogo.coachingpop.com/wp-admin/admin.php?page=wc-admin" "Mozilla/5.0 (Windows NT 10.0; Win64; x64) AppleWebKit/537.36 (KHTML, like Gecko) Chrome/105.0.0.0 Safari/537.36"
51.68.11.195 catalogo.coachingpop.com - [27/Sep/2022:03:43:24 +0200] "POST /wp-cron.php?doing_wp_cron=1664243004.4668259620666503906250 HTTP/1.1" 200 25 "https://catalogo.coachingpop.com/wp-cron.php?doing_wp_cron=1664243004.4668259620666503906250" "WordPress/6.0.2; https://catalogo.coachingpop.com"
51.68.11.195 catalogo.coachingpop.com - [27/Sep/2022:03:43:56 +0200] "POST /wp-cron.php?doing_wp_cron=1664243036.9279561042785644531250 HTTP/1.1" 200 25 "https://catalogo.coachingpop.com/wp-cron.php?doing_wp_cron=1664243036.9279561042785644531250" "WordPress/6.0.2; https://catalogo.coachingpop.com"
51.68.11.195 catalogo.coachingpop.com - [27/Sep/2022:03:39:22 +0200] "POST /wp-cron.php?doing_wp_cron=1664242762.0711579322814941406250 HTTP/1.1" 200 25 "https://catalogo.coachingpop.com/wp-cron.php?doing_wp_cron=1664242762.0711579322814941406250" "WordPress/6.0.2; https://catalogo.coachingpop.com"
51.68.11.195 catalogo.coachingpop.com - [27/Sep/2022:03:39:50 +0200] "POST /wp-cron.php?doing_wp_cron=1664242790.8706290721893310546875 HTTP/1.1" 200 25 "https://catalogo.coachingpop.com/wp-cron.php?doing_wp_cron=1664242790.8706290721893310546875" "WordPress/6.0.2; https://catalogo.coachingpop.com"
51.68.11.195 catalogo.coachingpop.com - [27/Sep/2022:03:41:23 +0200] "POST /wp-cron.php?doing_wp_cron=1664242883.0141758918762207031250 HTTP/1.1" 200 25 "https://catalogo.coachingpop.com/wp-cron.php?doing_wp_cron=1664242883.0141758918762207031250" "WordPress/6.0.2; https://catalogo.coachingpop.com"
51.68.11.195 catalogo.coachingpop.com - [27/Sep/2022:03:41:51 +0200] "POST /wp-cron.php?doing_wp_cron=1664242911.0689671039581298828125 HTTP/1.1" 200 25 "https://catalogo.coachingpop.com/wp-cron.php?doing_wp_cron=1664242911.0689671039581298828125" "WordPress/6.0.2; https://catalogo.coachingpop.com"
81.36.175.180 catalogo.coachingpop.com - [27/Sep/2022:03:39:49 +0200] "POST /wp-admin/admin-ajax.php HTTP/1.1" 200 47 "https://catalogo.coachingpop.com/wp-admin/edit.php?post_type=product" "Mozilla/5.0 (Windows NT 10.0; Win64; x64) AppleWebKit/537.36 (KHTML, like Gecko) Chrome/105.0.0.0 Safari/537.36"
81.36.175.180 catalogo.coachingpop.com - [27/Sep/2022:03:41:21 +0200] "POST /wp-admin/admin-ajax.php HTTP/1.1" 200 47 "https://catalogo.coachingpop.com/wp-admin/admin.php?page=wc-admin" "Mozilla/5.0 (Windows NT 10.0; Win64; x64) AppleWebKit/537.36 (KHTML, like Gecko) Chrome/105.0.0.0 Safari/537.36"
81.36.175.180 catalogo.coachingpop.com - [27/Sep/2022:03:41:50 +0200] "POST /wp-admin/admin-ajax.php HTTP/1.1" 200 47 "https://catalogo.coachingpop.com/wp-admin/edit.php?post_type=product" "Mozilla/5.0 (Windows NT 10.0; Win64; x64) AppleWebKit/537.36 (KHTML, like Gecko) Chrome/105.0.0.0 Safari/537.36"
81.36.175.180 catalogo.coachingpop.com - [27/Sep/2022:03:43:22 +0200] "POST /wp-admin/admin-ajax.php HTTP/1.1" 200 47 "https://catalogo.coachingpop.com/wp-admin/admin.php?page=wc-admin" "Mozilla/5.0 (Windows NT 10.0; Win64; x64) AppleWebKit/537.36 (KHTML, like Gecko) Chrome/105.0.0.0 Safari/537.36"
81.36.175.180 catalogo.coachingpop.com - [27/Sep/2022:03:43:51 +0200] "POST /wp-admin/admin-ajax.php HTTP/1.1" 200 47 "https://catalogo.coachingpop.com/wp-admin/edit.php?post_type=product" "Mozilla/5.0 (Windows NT 10.0; Win64; x64) AppleWebKit/537.36 (KHTML, like Gecko) Chrome/105.0.0.0 Safari/537.36"
81.36.175.180 catalogo.coachingpop.com - [27/Sep/2022:03:45:23 +0200] "POST /wp-admin/admin-ajax.php HTTP/1.1" 200 47 "https://catalogo.coachingpop.com/wp-admin/admin.php?page=wc-admin" "Mozilla/5.0 (Windows NT 10.0; Win64; x64) AppleWebKit/537.36 (KHTML, like Gecko) Chrome/105.0.0.0 Safari/537.36"
51.68.11.195 catalogo.coachingpop.com - [27/Sep/2022:03:45:25 +0200] "POST /wp-cron.php?doing_wp_cron=1664243125.9515581130981445312500 HTTP/1.1" 200 25 "https://catalogo.coachingpop.com/wp-cron.php?doing_wp_cron=1664243125.9515581130981445312500" "WordPress/6.0.2; https://catalogo.coachingpop.com"
51.68.11.195 catalogo.coachingpop.com - [27/Sep/2022:03:45:53 +0200] "POST /wp-cron.php?doing_wp_cron=1664243153.6448280811309814453125 HTTP/1.1" 200 25 "https://catalogo.coachingpop.com/wp-cron.php?doing_wp_cron=1664243153.6448280811309814453125" "WordPress/6.0.2; https://catalogo.coachingpop.com"
87.98.231.4 coachingpop.com - [27/Sep/2022:03:46:18 +0200] "POST /wp-cron.php?doing_wp_cron=1664243178.0984630584716796875000 HTTP/1.1" 200 25 "http://coachingpop.com/wp-cron.php?doing_wp_cron=1664243178.0984630584716796875000" "WordPress/6.0.2; https://coachingpop.com"
45.248.76.230 coachingpop.com - [27/Sep/2022:03:46:07 +0200] "GET / HTTP/1.1" 301 - "-" "Mozilla/5.0 (Windows NT 10.0; Win64; x64) AppleWebKit/537.36 (KHTML, like Gecko) Chrome/78.0.3904.108 Safari/537.36"
51.68.11.195 catalogo.coachingpop.com - [27/Sep/2022:03:47:26 +0200] "POST /wp-cron.php?doing_wp_cron=1664243246.8393518924713134765625 HTTP/1.1" 200 25 "https://catalogo.coachingpop.com/wp-cron.php?doing_wp_cron=1664243246.8393518924713134765625" "WordPress/6.0.2; https://catalogo.coachingpop.com"
51.68.11.195 catalogo.coachingpop.com - [27/Sep/2022:03:47:54 +0200] "POST /wp-cron.php?doing_wp_cron=1664243274.7207429409027099609375 HTTP/1.1" 200 25 "https://catalogo.coachingpop.com/wp-cron.php?doing_wp_cron=1664243274.7207429409027099609375" "WordPress/6.0.2; https://catalogo.coachingpop.com"
51.68.11.195 coachingpop.com - [27/Sep/2022:03:47:56 +0200] "POST /wp-cron.php?doing_wp_cron=1664243276.8271598815917968750000 HTTP/1.1" 200 25 "https://coachingpop.com/wp-cron.php?doing_wp_cron=1664243276.8271598815917968750000" "WordPress/6.0.2; https://coachingpop.com"
51.68.11.195 catalogo.coachingpop.com - [27/Sep/2022:03:49:28 +0200] "POST /wp-cron.php?doing_wp_cron=1664243367.9903500080108642578125 HTTP/1.1" 200 25 "https://catalogo.coachingpop.com/wp-cron.php?doing_wp_cron=1664243367.9903500080108642578125" "WordPress/6.0.2; https://catalogo.coachingpop.com"
81.36.175.180 catalogo.coachingpop.com - [27/Sep/2022:03:45:52 +0200] "POST /wp-admin/admin-ajax.php HTTP/1.1" 200 47 "https://catalogo.coachingpop.com/wp-admin/edit.php?post_type=product" "Mozilla/5.0 (Windows NT 10.0; Win64; x64) AppleWebKit/537.36 (KHTML, like Gecko) Chrome/105.0.0.0 Safari/537.36"
81.36.175.180 catalogo.coachingpop.com - [27/Sep/2022:03:47:24 +0200] "POST /wp-admin/admin-ajax.php HTTP/1.1" 200 47 "https://catalogo.coachingpop.com/wp-admin/admin.php?page=wc-admin" "Mozilla/5.0 (Windows NT 10.0; Win64; x64) AppleWebKit/537.36 (KHTML, like Gecko) Chrome/105.0.0.0 Safari/537.36"
81.36.175.180 catalogo.coachingpop.com - [27/Sep/2022:03:47:53 +0200] "POST /wp-admin/admin-ajax.php HTTP/1.1" 200 47 "https://catalogo.coachingpop.com/wp-admin/edit.php?post_type=product" "Mozilla/5.0 (Windows NT 10.0; Win64; x64) AppleWebKit/537.36 (KHTML, like Gecko) Chrome/105.0.0.0 Safari/537.36"
64.42.179.51 coachingpop.com - [27/Sep/2022:03:47:49 +0200] "POST /xmlrpc.php HTTP/1.1" 200 422 "-" "Mozilla/5.0 (Windows NT 10.0; Win64; x64) AppleWebKit/537.36 (KHTML, like Gecko) Chrome/100.0.4896.127 Safari/537.36"
81.36.175.180 catalogo.coachingpop.com - [27/Sep/2022:03:49:25 +0200] "POST /wp-admin/admin-ajax.php HTTP/1.1" 200 47 "https://catalogo.coachingpop.com/wp-admin/admin.php?page=wc-admin" "Mozilla/5.0 (Windows NT 10.0; Win64; x64) AppleWebKit/537.36 (KHTML, like Gecko) Chrome/105.0.0.0 Safari/537.36"
81.36.175.180 catalogo.coachingpop.com - [27/Sep/2022:03:49:54 +0200] "POST /wp-admin/admin-ajax.php HTTP/1.1" 200 47 "https://catalogo.coachingpop.com/wp-admin/edit.php?post_type=product" "Mozilla/5.0 (Windows NT 10.0; Win64; x64) AppleWebKit/537.36 (KHTML, like Gecko) Chrome/105.0.0.0 Safari/537.36"
51.68.11.195 catalogo.coachingpop.com - [27/Sep/2022:03:49:55 +0200] "POST /wp-cron.php?doing_wp_cron=1664243395.5202550888061523437500 HTTP/1.1" 200 25 "https://catalogo.coachingpop.com/wp-cron.php?doing_wp_cron=1664243395.5202550888061523437500" "WordPress/6.0.2; https://catalogo.coachingpop.com"
51.68.11.195 catalogo.coachingpop.com - [27/Sep/2022:03:51:28 +0200] "POST /wp-cron.php?doing_wp_cron=1664243488.7755310535430908203125 HTTP/1.1" 200 25 "https://catalogo.coachingpop.com/wp-cron.php?doing_wp_cron=1664243488.7755310535430908203125" "WordPress/6.0.2; https://catalogo.coachingpop.com"
51.68.11.195 catalogo.coachingpop.com - [27/Sep/2022:03:51:56 +0200] "POST /wp-cron.php?doing_wp_cron=1664243516.7054378986358642578125 HTTP/1.1" 200 25 "https://catalogo.coachingpop.com/wp-cron.php?doing_wp_cron=1664243516.7054378986358642578125" "WordPress/6.0.2; https://catalogo.coachingpop.com"
51.68.11.195 catalogo.coachingpop.com - [27/Sep/2022:03:53:30 +0200] "POST /wp-cron.php?doing_wp_cron=1664243610.0736169815063476562500 HTTP/1.1" 200 25 "https://catalogo.coachingpop.com/wp-cron.php?doing_wp_cron=1664243610.0736169815063476562500" "WordPress/6.0.2; https://catalogo.coachingpop.com"
51.68.11.195 catalogo.coachingpop.com - [27/Sep/2022:03:53:57 +0200] "POST /wp-cron.php?doing_wp_cron=1664243637.5161740779876708984375 HTTP/1.1" 200 25 "https://catalogo.coachingpop.com/wp-cron.php?doing_wp_cron=1664243637.5161740779876708984375" "WordPress/6.0.2; https://catalogo.coachingpop.com"
81.36.175.180 catalogo.coachingpop.com - [27/Sep/2022:03:51:26 +0200] "POST /wp-admin/admin-ajax.php HTTP/1.1" 200 47 "https://catalogo.coachingpop.com/wp-admin/admin.php?page=wc-admin" "Mozilla/5.0 (Windows NT 10.0; Win64; x64) AppleWebKit/537.36 (KHTML, like Gecko) Chrome/105.0.0.0 Safari/537.36"
81.36.175.180 catalogo.coachingpop.com - [27/Sep/2022:03:51:55 +0200] "POST /wp-admin/admin-ajax.php HTTP/1.1" 200 47 "https://catalogo.coachingpop.com/wp-admin/edit.php?post_type=product" "Mozilla/5.0 (Windows NT 10.0; Win64; x64) AppleWebKit/537.36 (KHTML, like Gecko) Chrome/105.0.0.0 Safari/537.36"
81.36.175.180 catalogo.coachingpop.com - [27/Sep/2022:03:53:27 +0200] "POST /wp-admin/admin-ajax.php HTTP/1.1" 200 47 "https://catalogo.coachingpop.com/wp-admin/admin.php?page=wc-admin" "Mozilla/5.0 (Windows NT 10.0; Win64; x64) AppleWebKit/537.36 (KHTML, like Gecko) Chrome/105.0.0.0 Safari/537.36"
81.36.175.180 catalogo.coachingpop.com - [27/Sep/2022:03:53:56 +0200] "POST /wp-admin/admin-ajax.php HTTP/1.1" 200 47 "https://catalogo.coachingpop.com/wp-admin/edit.php?post_type=product" "Mozilla/5.0 (Windows NT 10.0; Win64; x64) AppleWebKit/537.36 (KHTML, like Gecko) Chrome/105.0.0.0 Safari/537.36"
81.36.175.180 catalogo.coachingpop.com - [27/Sep/2022:03:55:28 +0200] "POST /wp-admin/admin-ajax.php HTTP/1.1" 200 47 "https://catalogo.coachingpop.com/wp-admin/admin.php?page=wc-admin" "Mozilla/5.0 (Windows NT 10.0; Win64; x64) AppleWebKit/537.36 (KHTML, like Gecko) Chrome/105.0.0.0 Safari/537.36"
51.68.11.195 catalogo.coachingpop.com - [27/Sep/2022:03:55:31 +0200] "POST /wp-cron.php?doing_wp_cron=1664243731.1736481189727783203125 HTTP/1.1" 200 25 "https://catalogo.coachingpop.com/wp-cron.php?doing_wp_cron=1664243731.1736481189727783203125" "WordPress/6.0.2; https://catalogo.coachingpop.com"
51.68.11.195 catalogo.coachingpop.com - [27/Sep/2022:03:55:58 +0200] "POST /wp-cron.php?doing_wp_cron=1664243758.6006579399108886718750 HTTP/1.1" 200 25 "https://catalogo.coachingpop.com/wp-cron.php?doing_wp_cron=1664243758.6006579399108886718750" "WordPress/6.0.2; https://catalogo.coachingpop.com"
51.68.11.195 catalogo.coachingpop.com - [27/Sep/2022:03:57:34 +0200] "POST /wp-cron.php?doing_wp_cron=1664243854.0188910961151123046875 HTTP/1.1" 200 25 "https://catalogo.coachingpop.com/wp-cron.php?doing_wp_cron=1664243854.0188910961151123046875" "WordPress/6.0.2; https://catalogo.coachingpop.com"
