51.68.11.195 catalogo.coachingpop.com - [27/Sep/2022:01:56:30 +0200] "POST /wp-cron.php?doing_wp_cron=1664236590.9055991172790527343750 HTTP/1.1" 200 25 "https://catalogo.coachingpop.com/wp-cron.php?doing_wp_cron=1664236590.9055991172790527343750" "WordPress/6.0.2; https://catalogo.coachingpop.com"
51.68.11.195 catalogo.coachingpop.com - [27/Sep/2022:01:56:59 +0200] "POST /wp-cron.php?doing_wp_cron=1664236619.1203339099884033203125 HTTP/1.1" 200 25 "https://catalogo.coachingpop.com/wp-cron.php?doing_wp_cron=1664236619.1203339099884033203125" "WordPress/6.0.2; https://catalogo.coachingpop.com"
51.68.11.195 catalogo.coachingpop.com - [27/Sep/2022:01:58:31 +0200] "POST /wp-cron.php?doing_wp_cron=1664236711.8527069091796875000000 HTTP/1.1" 200 25 "https://catalogo.coachingpop.com/wp-cron.php?doing_wp_cron=1664236711.8527069091796875000000" "WordPress/6.0.2; https://catalogo.coachingpop.com"
51.68.11.195 catalogo.coachingpop.com - [27/Sep/2022:01:59:00 +0200] "POST /wp-cron.php?doing_wp_cron=1664236740.1112089157104492187500 HTTP/1.1" 200 25 "https://catalogo.coachingpop.com/wp-cron.php?doing_wp_cron=1664236740.1112089157104492187500" "WordPress/6.0.2; https://catalogo.coachingpop.com"
81.36.175.180 catalogo.coachingpop.com - [27/Sep/2022:01:56:29 +0200] "POST /wp-admin/admin-ajax.php HTTP/1.1" 200 47 "https://catalogo.coachingpop.com/wp-admin/admin.php?page=wc-admin" "Mozilla/5.0 (Windows NT 10.0; Win64; x64) AppleWebKit/537.36 (KHTML, like Gecko) Chrome/105.0.0.0 Safari/537.36"
81.36.175.180 catalogo.coachingpop.com - [27/Sep/2022:01:56:58 +0200] "POST /wp-admin/admin-ajax.php HTTP/1.1" 200 47 "https://catalogo.coachingpop.com/wp-admin/edit.php?post_type=product" "Mozilla/5.0 (Windows NT 10.0; Win64; x64) AppleWebKit/537.36 (KHTML, like Gecko) Chrome/105.0.0.0 Safari/537.36"
81.36.175.180 catalogo.coachingpop.com - [27/Sep/2022:01:58:30 +0200] "POST /wp-admin/admin-ajax.php HTTP/1.1" 200 47 "https://catalogo.coachingpop.com/wp-admin/admin.php?page=wc-admin" "Mozilla/5.0 (Windows NT 10.0; Win64; x64) AppleWebKit/537.36 (KHTML, like Gecko) Chrome/105.0.0.0 Safari/537.36"
81.36.175.180 catalogo.coachingpop.com - [27/Sep/2022:01:58:59 +0200] "POST /wp-admin/admin-ajax.php HTTP/1.1" 200 47 "https://catalogo.coachingpop.com/wp-admin/edit.php?post_type=product" "Mozilla/5.0 (Windows NT 10.0; Win64; x64) AppleWebKit/537.36 (KHTML, like Gecko) Chrome/105.0.0.0 Safari/537.36"
51.68.11.195 catalogo.coachingpop.com - [27/Sep/2022:02:00:33 +0200] "POST /wp-cron.php?doing_wp_cron=1664236833.0362029075622558593750 HTTP/1.1" 200 25 "https://catalogo.coachingpop.com/wp-cron.php?doing_wp_cron=1664236833.0362029075622558593750" "WordPress/6.0.2; https://catalogo.coachingpop.com"
51.68.11.195 catalogo.coachingpop.com - [27/Sep/2022:02:01:01 +0200] "POST /wp-cron.php?doing_wp_cron=1664236861.1153759956359863281250 HTTP/1.1" 200 25 "https://catalogo.coachingpop.com/wp-cron.php?doing_wp_cron=1664236861.1153759956359863281250" "WordPress/6.0.2; https://catalogo.coachingpop.com"
51.68.11.195 catalogo.coachingpop.com - [27/Sep/2022:02:02:33 +0200] "POST /wp-cron.php?doing_wp_cron=1664236953.9073309898376464843750 HTTP/1.1" 200 25 "https://catalogo.coachingpop.com/wp-cron.php?doing_wp_cron=1664236953.9073309898376464843750" "WordPress/6.0.2; https://catalogo.coachingpop.com"
51.68.11.195 catalogo.coachingpop.com - [27/Sep/2022:02:03:02 +0200] "POST /wp-cron.php?doing_wp_cron=1664236982.0796570777893066406250 HTTP/1.1" 200 25 "https://catalogo.coachingpop.com/wp-cron.php?doing_wp_cron=1664236982.0796570777893066406250" "WordPress/6.0.2; https://catalogo.coachingpop.com"
51.68.11.195 catalogo.coachingpop.com - [27/Sep/2022:02:04:34 +0200] "POST /wp-cron.php?doing_wp_cron=1664237074.9323658943176269531250 HTTP/1.1" 200 25 "https://catalogo.coachingpop.com/wp-cron.php?doing_wp_cron=1664237074.9323658943176269531250" "WordPress/6.0.2; https://catalogo.coachingpop.com"
51.68.11.195 catalogo.coachingpop.com - [27/Sep/2022:02:05:03 +0200] "POST /wp-cron.php?doing_wp_cron=1664237103.0550749301910400390625 HTTP/1.1" 200 25 "https://catalogo.coachingpop.com/wp-cron.php?doing_wp_cron=1664237103.0550749301910400390625" "WordPress/6.0.2; https://catalogo.coachingpop.com"
81.36.175.180 catalogo.coachingpop.com - [27/Sep/2022:02:00:31 +0200] "POST /wp-admin/admin-ajax.php HTTP/1.1" 200 104 "https://catalogo.coachingpop.com/wp-admin/admin.php?page=wc-admin" "Mozilla/5.0 (Windows NT 10.0; Win64; x64) AppleWebKit/537.36 (KHTML, like Gecko) Chrome/105.0.0.0 Safari/537.36"
81.36.175.180 catalogo.coachingpop.com - [27/Sep/2022:02:01:00 +0200] "POST /wp-admin/admin-ajax.php HTTP/1.1" 200 104 "https://catalogo.coachingpop.com/wp-admin/edit.php?post_type=product" "Mozilla/5.0 (Windows NT 10.0; Win64; x64) AppleWebKit/537.36 (KHTML, like Gecko) Chrome/105.0.0.0 Safari/537.36"
81.36.175.180 catalogo.coachingpop.com - [27/Sep/2022:02:02:32 +0200] "POST /wp-admin/admin-ajax.php HTTP/1.1" 200 47 "https://catalogo.coachingpop.com/wp-admin/admin.php?page=wc-admin" "Mozilla/5.0 (Windows NT 10.0; Win64; x64) AppleWebKit/537.36 (KHTML, like Gecko) Chrome/105.0.0.0 Safari/537.36"
81.36.175.180 catalogo.coachingpop.com - [27/Sep/2022:02:03:01 +0200] "POST /wp-admin/admin-ajax.php HTTP/1.1" 200 47 "https://catalogo.coachingpop.com/wp-admin/edit.php?post_type=product" "Mozilla/5.0 (Windows NT 10.0; Win64; x64) AppleWebKit/537.36 (KHTML, like Gecko) Chrome/105.0.0.0 Safari/537.36"
81.36.175.180 catalogo.coachingpop.com - [27/Sep/2022:02:04:33 +0200] "POST /wp-admin/admin-ajax.php HTTP/1.1" 200 47 "https://catalogo.coachingpop.com/wp-admin/admin.php?page=wc-admin" "Mozilla/5.0 (Windows NT 10.0; Win64; x64) AppleWebKit/537.36 (KHTML, like Gecko) Chrome/105.0.0.0 Safari/537.36"
81.36.175.180 catalogo.coachingpop.com - [27/Sep/2022:02:05:02 +0200] "POST /wp-admin/admin-ajax.php HTTP/1.1" 200 47 "https://catalogo.coachingpop.com/wp-admin/edit.php?post_type=product" "Mozilla/5.0 (Windows NT 10.0; Win64; x64) AppleWebKit/537.36 (KHTML, like Gecko) Chrome/105.0.0.0 Safari/537.36"
51.68.11.195 catalogo.coachingpop.com - [27/Sep/2022:02:06:36 +0200] "POST /wp-cron.php?doing_wp_cron=1664237196.0890069007873535156250 HTTP/1.1" 200 25 "https://catalogo.coachingpop.com/wp-cron.php?doing_wp_cron=1664237196.0890069007873535156250" "WordPress/6.0.2; https://catalogo.coachingpop.com"
51.68.11.195 catalogo.coachingpop.com - [27/Sep/2022:02:07:04 +0200] "POST /wp-cron.php?doing_wp_cron=1664237224.0759079456329345703125 HTTP/1.1" 200 25 "https://catalogo.coachingpop.com/wp-cron.php?doing_wp_cron=1664237224.0759079456329345703125" "WordPress/6.0.2; https://catalogo.coachingpop.com"
51.68.11.195 catalogo.coachingpop.com - [27/Sep/2022:02:08:37 +0200] "POST /wp-cron.php?doing_wp_cron=1664237317.0874910354614257812500 HTTP/1.1" 200 25 "https://catalogo.coachingpop.com/wp-cron.php?doing_wp_cron=1664237317.0874910354614257812500" "WordPress/6.0.2; https://catalogo.coachingpop.com"
51.68.11.195 catalogo.coachingpop.com - [27/Sep/2022:02:09:05 +0200] "POST /wp-cron.php?doing_wp_cron=1664237345.1112420558929443359375 HTTP/1.1" 200 25 "https://catalogo.coachingpop.com/wp-cron.php?doing_wp_cron=1664237345.1112420558929443359375" "WordPress/6.0.2; https://catalogo.coachingpop.com"
81.36.175.180 catalogo.coachingpop.com - [27/Sep/2022:02:06:34 +0200] "POST /wp-admin/admin-ajax.php HTTP/1.1" 200 47 "https://catalogo.coachingpop.com/wp-admin/admin.php?page=wc-admin" "Mozilla/5.0 (Windows NT 10.0; Win64; x64) AppleWebKit/537.36 (KHTML, like Gecko) Chrome/105.0.0.0 Safari/537.36"
81.36.175.180 catalogo.coachingpop.com - [27/Sep/2022:02:07:03 +0200] "POST /wp-admin/admin-ajax.php HTTP/1.1" 200 47 "https://catalogo.coachingpop.com/wp-admin/edit.php?post_type=product" "Mozilla/5.0 (Windows NT 10.0; Win64; x64) AppleWebKit/537.36 (KHTML, like Gecko) Chrome/105.0.0.0 Safari/537.36"
81.36.175.180 catalogo.coachingpop.com - [27/Sep/2022:02:08:35 +0200] "POST /wp-admin/admin-ajax.php HTTP/1.1" 200 47 "https://catalogo.coachingpop.com/wp-admin/admin.php?page=wc-admin" "Mozilla/5.0 (Windows NT 10.0; Win64; x64) AppleWebKit/537.36 (KHTML, like Gecko) Chrome/105.0.0.0 Safari/537.36"
81.36.175.180 catalogo.coachingpop.com - [27/Sep/2022:02:09:04 +0200] "POST /wp-admin/admin-ajax.php HTTP/1.1" 200 47 "https://catalogo.coachingpop.com/wp-admin/edit.php?post_type=product" "Mozilla/5.0 (Windows NT 10.0; Win64; x64) AppleWebKit/537.36 (KHTML, like Gecko) Chrome/105.0.0.0 Safari/537.36"
51.68.11.195 catalogo.coachingpop.com - [27/Sep/2022:02:10:37 +0200] "POST /wp-cron.php?doing_wp_cron=1664237437.7926928997039794921875 HTTP/1.1" 200 25 "https://catalogo.coachingpop.com/wp-cron.php?doing_wp_cron=1664237437.7926928997039794921875" "WordPress/6.0.2; https://catalogo.coachingpop.com"
51.68.11.195 catalogo.coachingpop.com - [27/Sep/2022:02:11:06 +0200] "POST /wp-cron.php?doing_wp_cron=1664237466.0890250205993652343750 HTTP/1.1" 200 25 "https://catalogo.coachingpop.com/wp-cron.php?doing_wp_cron=1664237466.0890250205993652343750" "WordPress/6.0.2; https://catalogo.coachingpop.com"
51.68.11.195 catalogo.coachingpop.com - [27/Sep/2022:02:12:38 +0200] "POST /wp-cron.php?doing_wp_cron=1664237558.8927690982818603515625 HTTP/1.1" 200 25 "https://catalogo.coachingpop.com/wp-cron.php?doing_wp_cron=1664237558.8927690982818603515625" "WordPress/6.0.2; https://catalogo.coachingpop.com"
51.68.11.195 catalogo.coachingpop.com - [27/Sep/2022:02:13:07 +0200] "POST /wp-cron.php?doing_wp_cron=1664237587.1041200160980224609375 HTTP/1.1" 200 25 "https://catalogo.coachingpop.com/wp-cron.php?doing_wp_cron=1664237587.1041200160980224609375" "WordPress/6.0.2; https://catalogo.coachingpop.com"
51.68.11.195 catalogo.coachingpop.com - [27/Sep/2022:02:14:39 +0200] "POST /wp-cron.php?doing_wp_cron=1664237679.9161350727081298828125 HTTP/1.1" 200 25 "https://catalogo.coachingpop.com/wp-cron.php?doing_wp_cron=1664237679.9161350727081298828125" "WordPress/6.0.2; https://catalogo.coachingpop.com"
51.68.11.195 catalogo.coachingpop.com - [27/Sep/2022:02:15:08 +0200] "POST /wp-cron.php?doing_wp_cron=1664237708.0500049591064453125000 HTTP/1.1" 200 25 "https://catalogo.coachingpop.com/wp-cron.php?doing_wp_cron=1664237708.0500049591064453125000" "WordPress/6.0.2; https://catalogo.coachingpop.com"
81.36.175.180 catalogo.coachingpop.com - [27/Sep/2022:02:10:36 +0200] "POST /wp-admin/admin-ajax.php HTTP/1.1" 200 47 "https://catalogo.coachingpop.com/wp-admin/admin.php?page=wc-admin" "Mozilla/5.0 (Windows NT 10.0; Win64; x64) AppleWebKit/537.36 (KHTML, like Gecko) Chrome/105.0.0.0 Safari/537.36"
81.36.175.180 catalogo.coachingpop.com - [27/Sep/2022:02:11:05 +0200] "POST /wp-admin/admin-ajax.php HTTP/1.1" 200 47 "https://catalogo.coachingpop.com/wp-admin/edit.php?post_type=product" "Mozilla/5.0 (Windows NT 10.0; Win64; x64) AppleWebKit/537.36 (KHTML, like Gecko) Chrome/105.0.0.0 Safari/537.36"
81.36.175.180 catalogo.coachingpop.com - [27/Sep/2022:02:12:37 +0200] "POST /wp-admin/admin-ajax.php HTTP/1.1" 200 47 "https://catalogo.coachingpop.com/wp-admin/admin.php?page=wc-admin" "Mozilla/5.0 (Windows NT 10.0; Win64; x64) AppleWebKit/537.36 (KHTML, like Gecko) Chrome/105.0.0.0 Safari/537.36"
81.36.175.180 catalogo.coachingpop.com - [27/Sep/2022:02:13:06 +0200] "POST /wp-admin/admin-ajax.php HTTP/1.1" 200 47 "https://catalogo.coachingpop.com/wp-admin/edit.php?post_type=product" "Mozilla/5.0 (Windows NT 10.0; Win64; x64) AppleWebKit/537.36 (KHTML, like Gecko) Chrome/105.0.0.0 Safari/537.36"
81.36.175.180 catalogo.coachingpop.com - [27/Sep/2022:02:14:38 +0200] "POST /wp-admin/admin-ajax.php HTTP/1.1" 200 47 "https://catalogo.coachingpop.com/wp-admin/admin.php?page=wc-admin" "Mozilla/5.0 (Windows NT 10.0; Win64; x64) AppleWebKit/537.36 (KHTML, like Gecko) Chrome/105.0.0.0 Safari/537.36"
81.36.175.180 catalogo.coachingpop.com - [27/Sep/2022:02:15:07 +0200] "POST /wp-admin/admin-ajax.php HTTP/1.1" 200 47 "https://catalogo.coachingpop.com/wp-admin/edit.php?post_type=product" "Mozilla/5.0 (Windows NT 10.0; Win64; x64) AppleWebKit/537.36 (KHTML, like Gecko) Chrome/105.0.0.0 Safari/537.36"
51.68.11.195 catalogo.coachingpop.com - [27/Sep/2022:02:16:40 +0200] "POST /wp-cron.php?doing_wp_cron=1664237800.8771719932556152343750 HTTP/1.1" 200 25 "https://catalogo.coachingpop.com/wp-cron.php?doing_wp_cron=1664237800.8771719932556152343750" "WordPress/6.0.2; https://catalogo.coachingpop.com"
51.68.11.195 catalogo.coachingpop.com - [27/Sep/2022:02:17:09 +0200] "POST /wp-cron.php?doing_wp_cron=1664237829.0492420196533203125000 HTTP/1.1" 200 25 "https://catalogo.coachingpop.com/wp-cron.php?doing_wp_cron=1664237829.0492420196533203125000" "WordPress/6.0.2; https://catalogo.coachingpop.com"
51.68.11.195 catalogo.coachingpop.com - [27/Sep/2022:02:18:41 +0200] "POST /wp-cron.php?doing_wp_cron=1664237921.8725090026855468750000 HTTP/1.1" 200 25 "https://catalogo.coachingpop.com/wp-cron.php?doing_wp_cron=1664237921.8725090026855468750000" "WordPress/6.0.2; https://catalogo.coachingpop.com"
81.36.175.180 catalogo.coachingpop.com - [27/Sep/2022:02:16:39 +0200] "POST /wp-admin/admin-ajax.php HTTP/1.1" 200 47 "https://catalogo.coachingpop.com/wp-admin/admin.php?page=wc-admin" "Mozilla/5.0 (Windows NT 10.0; Win64; x64) AppleWebKit/537.36 (KHTML, like Gecko) Chrome/105.0.0.0 Safari/537.36"
81.36.175.180 catalogo.coachingpop.com - [27/Sep/2022:02:17:08 +0200] "POST /wp-admin/admin-ajax.php HTTP/1.1" 200 47 "https://catalogo.coachingpop.com/wp-admin/edit.php?post_type=product" "Mozilla/5.0 (Windows NT 10.0; Win64; x64) AppleWebKit/537.36 (KHTML, like Gecko) Chrome/105.0.0.0 Safari/537.36"
81.36.175.180 catalogo.coachingpop.com - [27/Sep/2022:02:18:40 +0200] "POST /wp-admin/admin-ajax.php HTTP/1.1" 200 47 "https://catalogo.coachingpop.com/wp-admin/admin.php?page=wc-admin" "Mozilla/5.0 (Windows NT 10.0; Win64; x64) AppleWebKit/537.36 (KHTML, like Gecko) Chrome/105.0.0.0 Safari/537.36"
81.36.175.180 catalogo.coachingpop.com - [27/Sep/2022:02:19:09 +0200] "POST /wp-admin/admin-ajax.php HTTP/1.1" 200 47 "https://catalogo.coachingpop.com/wp-admin/edit.php?post_type=product" "Mozilla/5.0 (Windows NT 10.0; Win64; x64) AppleWebKit/537.36 (KHTML, like Gecko) Chrome/105.0.0.0 Safari/537.36"
51.68.11.195 catalogo.coachingpop.com - [27/Sep/2022:02:19:10 +0200] "POST /wp-cron.php?doing_wp_cron=1664237950.0816359519958496093750 HTTP/1.1" 200 25 "https://catalogo.coachingpop.com/wp-cron.php?doing_wp_cron=1664237950.0816359519958496093750" "WordPress/6.0.2; https://catalogo.coachingpop.com"
51.68.11.195 catalogo.coachingpop.com - [27/Sep/2022:02:20:42 +0200] "POST /wp-cron.php?doing_wp_cron=1664238042.8510270118713378906250 HTTP/1.1" 200 25 "https://catalogo.coachingpop.com/wp-cron.php?doing_wp_cron=1664238042.8510270118713378906250" "WordPress/6.0.2; https://catalogo.coachingpop.com"
51.68.11.195 catalogo.coachingpop.com - [27/Sep/2022:02:21:11 +0200] "POST /wp-cron.php?doing_wp_cron=1664238071.1004650592803955078125 HTTP/1.1" 200 25 "https://catalogo.coachingpop.com/wp-cron.php?doing_wp_cron=1664238071.1004650592803955078125" "WordPress/6.0.2; https://catalogo.coachingpop.com"
173.0.81.65 2022.coachingpop.com - [27/Sep/2022:02:21:46 +0200] "POST /wp-json/paypal/v1/incoming HTTP/1.1" 404 196 "-" "PayPal/AUHR-214.0-57664823"
51.68.11.195 catalogo.coachingpop.com - [27/Sep/2022:02:22:43 +0200] "POST /wp-cron.php?doing_wp_cron=1664238163.9435889720916748046875 HTTP/1.1" 200 25 "https://catalogo.coachingpop.com/wp-cron.php?doing_wp_cron=1664238163.9435889720916748046875" "WordPress/6.0.2; https://catalogo.coachingpop.com"
51.68.11.195 coachingpop.com - [27/Sep/2022:02:22:57 +0200] "POST /wp-cron.php?doing_wp_cron=1664238177.8530969619750976562500 HTTP/1.1" 200 25 "https://coachingpop.com/wp-cron.php?doing_wp_cron=1664238177.8530969619750976562500" "WordPress/6.0.2; https://coachingpop.com"
51.68.11.195 catalogo.coachingpop.com - [27/Sep/2022:02:23:12 +0200] "POST /wp-cron.php?doing_wp_cron=1664238192.3673460483551025390625 HTTP/1.1" 200 25 "https://catalogo.coachingpop.com/wp-cron.php?doing_wp_cron=1664238192.3673460483551025390625" "WordPress/6.0.2; https://catalogo.coachingpop.com"
51.68.11.195 catalogo.coachingpop.com - [27/Sep/2022:02:24:44 +0200] "POST /wp-cron.php?doing_wp_cron=1664238284.8700149059295654296875 HTTP/1.1" 200 25 "https://catalogo.coachingpop.com/wp-cron.php?doing_wp_cron=1664238284.8700149059295654296875" "WordPress/6.0.2; https://catalogo.coachingpop.com"
81.36.175.180 catalogo.coachingpop.com - [27/Sep/2022:02:20:41 +0200] "POST /wp-admin/admin-ajax.php HTTP/1.1" 200 47 "https://catalogo.coachingpop.com/wp-admin/admin.php?page=wc-admin" "Mozilla/5.0 (Windows NT 10.0; Win64; x64) AppleWebKit/537.36 (KHTML, like Gecko) Chrome/105.0.0.0 Safari/537.36"
81.36.175.180 catalogo.coachingpop.com - [27/Sep/2022:02:21:10 +0200] "POST /wp-admin/admin-ajax.php HTTP/1.1" 200 47 "https://catalogo.coachingpop.com/wp-admin/edit.php?post_type=product" "Mozilla/5.0 (Windows NT 10.0; Win64; x64) AppleWebKit/537.36 (KHTML, like Gecko) Chrome/105.0.0.0 Safari/537.36"
81.36.175.180 catalogo.coachingpop.com - [27/Sep/2022:02:22:42 +0200] "POST /wp-admin/admin-ajax.php HTTP/1.1" 200 47 "https://catalogo.coachingpop.com/wp-admin/admin.php?page=wc-admin" "Mozilla/5.0 (Windows NT 10.0; Win64; x64) AppleWebKit/537.36 (KHTML, like Gecko) Chrome/105.0.0.0 Safari/537.36"
157.55.39.223 coachingpop.com - [27/Sep/2022:02:22:55 +0200] "GET /tag/miedos/ HTTP/1.1" 404 58395 "-" "Mozilla/5.0 (compatible; bingbot/2.0; +http://www.bing.com/bingbot.htm)"
182.162.90.116 coachingpop.com - [27/Sep/2022:02:22:59 +0200] "GET /wp-static.php HTTP/1.1" 404 58324 "coachingpop.com" "Mozilla/5.0 (Windows NT 6.1; WOW64) AppleWebKit/537.36 (KHTML, like Gecko) Chrome/50.0.2661.75 Safari/537.36"
81.36.175.180 catalogo.coachingpop.com - [27/Sep/2022:02:23:11 +0200] "POST /wp-admin/admin-ajax.php HTTP/1.1" 200 47 "https://catalogo.coachingpop.com/wp-admin/edit.php?post_type=product" "Mozilla/5.0 (Windows NT 10.0; Win64; x64) AppleWebKit/537.36 (KHTML, like Gecko) Chrome/105.0.0.0 Safari/537.36"
81.36.175.180 catalogo.coachingpop.com - [27/Sep/2022:02:24:43 +0200] "POST /wp-admin/admin-ajax.php HTTP/1.1" 200 47 "https://catalogo.coachingpop.com/wp-admin/admin.php?page=wc-admin" "Mozilla/5.0 (Windows NT 10.0; Win64; x64) AppleWebKit/537.36 (KHTML, like Gecko) Chrome/105.0.0.0 Safari/537.36"
81.36.175.180 catalogo.coachingpop.com - [27/Sep/2022:02:25:12 +0200] "POST /wp-admin/admin-ajax.php HTTP/1.1" 200 47 "https://catalogo.coachingpop.com/wp-admin/edit.php?post_type=product" "Mozilla/5.0 (Windows NT 10.0; Win64; x64) AppleWebKit/537.36 (KHTML, like Gecko) Chrome/105.0.0.0 Safari/537.36"
51.68.11.195 catalogo.coachingpop.com - [27/Sep/2022:02:26:46 +0200] "POST /wp-cron.php?doing_wp_cron=1664238406.0237259864807128906250 HTTP/1.1" 200 25 "https://catalogo.coachingpop.com/wp-cron.php?doing_wp_cron=1664238406.0237259864807128906250" "WordPress/6.0.2; https://catalogo.coachingpop.com"
51.68.11.195 catalogo.coachingpop.com - [27/Sep/2022:02:28:46 +0200] "POST /wp-cron.php?doing_wp_cron=1664238526.8910200595855712890625 HTTP/1.1" 200 25 "https://catalogo.coachingpop.com/wp-cron.php?doing_wp_cron=1664238526.8910200595855712890625" "WordPress/6.0.2; https://catalogo.coachingpop.com"
81.36.175.180 catalogo.coachingpop.com - [27/Sep/2022:02:26:44 +0200] "POST /wp-admin/admin-ajax.php HTTP/1.1" 200 47 "https://catalogo.coachingpop.com/wp-admin/admin.php?page=wc-admin" "Mozilla/5.0 (Windows NT 10.0; Win64; x64) AppleWebKit/537.36 (KHTML, like Gecko) Chrome/105.0.0.0 Safari/537.36"
81.36.175.180 catalogo.coachingpop.com - [27/Sep/2022:02:27:13 +0200] "POST /wp-admin/admin-ajax.php HTTP/1.1" 200 47 "https://catalogo.coachingpop.com/wp-admin/edit.php?post_type=product" "Mozilla/5.0 (Windows NT 10.0; Win64; x64) AppleWebKit/537.36 (KHTML, like Gecko) Chrome/105.0.0.0 Safari/537.36"
81.36.175.180 catalogo.coachingpop.com - [27/Sep/2022:02:28:45 +0200] "POST /wp-admin/admin-ajax.php HTTP/1.1" 200 47 "https://catalogo.coachingpop.com/wp-admin/admin.php?page=wc-admin" "Mozilla/5.0 (Windows NT 10.0; Win64; x64) AppleWebKit/537.36 (KHTML, like Gecko) Chrome/105.0.0.0 Safari/537.36"
173.0.81.140 2022.coachingpop.com - [27/Sep/2022:02:29:05 +0200] "POST /wp-json/paypal/v1/incoming HTTP/1.1" 404 196 "-" "PayPal/AUHR-214.0-57664823"
81.36.175.180 catalogo.coachingpop.com - [27/Sep/2022:02:29:14 +0200] "POST /wp-admin/admin-ajax.php HTTP/1.1" 200 47 "https://catalogo.coachingpop.com/wp-admin/edit.php?post_type=product" "Mozilla/5.0 (Windows NT 10.0; Win64; x64) AppleWebKit/537.36 (KHTML, like Gecko) Chrome/105.0.0.0 Safari/537.36"
51.68.11.195 catalogo.coachingpop.com - [27/Sep/2022:02:30:47 +0200] "POST /wp-cron.php?doing_wp_cron=1664238647.8624269962310791015625 HTTP/1.1" 200 25 "https://catalogo.coachingpop.com/wp-cron.php?doing_wp_cron=1664238647.8624269962310791015625" "WordPress/6.0.2; https://catalogo.coachingpop.com"
51.68.11.195 catalogo.coachingpop.com - [27/Sep/2022:02:32:48 +0200] "POST /wp-cron.php?doing_wp_cron=1664238768.8782389163970947265625 HTTP/1.1" 200 25 "https://catalogo.coachingpop.com/wp-cron.php?doing_wp_cron=1664238768.8782389163970947265625" "WordPress/6.0.2; https://catalogo.coachingpop.com"
81.36.175.180 catalogo.coachingpop.com - [27/Sep/2022:02:30:46 +0200] "POST /wp-admin/admin-ajax.php HTTP/1.1" 200 47 "https://catalogo.coachingpop.com/wp-admin/admin.php?page=wc-admin" "Mozilla/5.0 (Windows NT 10.0; Win64; x64) AppleWebKit/537.36 (KHTML, like Gecko) Chrome/105.0.0.0 Safari/537.36"
81.36.175.180 catalogo.coachingpop.com - [27/Sep/2022:02:31:15 +0200] "POST /wp-admin/admin-ajax.php HTTP/1.1" 200 47 "https://catalogo.coachingpop.com/wp-admin/edit.php?post_type=product" "Mozilla/5.0 (Windows NT 10.0; Win64; x64) AppleWebKit/537.36 (KHTML, like Gecko) Chrome/105.0.0.0 Safari/537.36"
87.98.231.4 coachingpop.com - [27/Sep/2022:02:32:13 +0200] "POST /wp-cron.php?doing_wp_cron=1664238733.5698239803314208984375 HTTP/1.1" 200 25 "http://coachingpop.com/wp-cron.php?doing_wp_cron=1664238733.5698239803314208984375" "WordPress/6.0.2; https://coachingpop.com"
114.119.139.110 coachingpop.com - [27/Sep/2022:02:32:11 +0200] "GET /tag/colaboracion/ HTTP/1.1" 404 58138 "http://coachingpop.com/tag/dialogo/" "Mozilla/5.0 (Linux; Android 7.0;) AppleWebKit/537.36 (KHTML, like Gecko) Mobile Safari/537.36 (compatible; PetalBot;+https://webmaster.petalsearch.com/site/petalbot)"
81.36.175.180 catalogo.coachingpop.com - [27/Sep/2022:02:32:47 +0200] "POST /wp-admin/admin-ajax.php HTTP/1.1" 200 47 "https://catalogo.coachingpop.com/wp-admin/admin.php?page=wc-admin" "Mozilla/5.0 (Windows NT 10.0; Win64; x64) AppleWebKit/537.36 (KHTML, like Gecko) Chrome/105.0.0.0 Safari/537.36"
81.36.175.180 catalogo.coachingpop.com - [27/Sep/2022:02:33:16 +0200] "POST /wp-admin/admin-ajax.php HTTP/1.1" 200 47 "https://catalogo.coachingpop.com/wp-admin/edit.php?post_type=product" "Mozilla/5.0 (Windows NT 10.0; Win64; x64) AppleWebKit/537.36 (KHTML, like Gecko) Chrome/105.0.0.0 Safari/537.36"
81.36.175.180 catalogo.coachingpop.com - [27/Sep/2022:02:34:48 +0200] "POST /wp-admin/admin-ajax.php HTTP/1.1" 200 47 "https://catalogo.coachingpop.com/wp-admin/admin.php?page=wc-admin" "Mozilla/5.0 (Windows NT 10.0; Win64; x64) AppleWebKit/537.36 (KHTML, like Gecko) Chrome/105.0.0.0 Safari/537.36"
81.36.175.180 catalogo.coachingpop.com - [27/Sep/2022:02:35:17 +0200] "POST /wp-admin/admin-ajax.php HTTP/1.1" 200 47 "https://catalogo.coachingpop.com/wp-admin/edit.php?post_type=product" "Mozilla/5.0 (Windows NT 10.0; Win64; x64) AppleWebKit/537.36 (KHTML, like Gecko) Chrome/105.0.0.0 Safari/537.36"
51.68.11.195 catalogo.coachingpop.com - [27/Sep/2022:02:34:49 +0200] "POST /wp-cron.php?doing_wp_cron=1664238889.8808789253234863281250 HTTP/1.1" 200 25 "https://catalogo.coachingpop.com/wp-cron.php?doing_wp_cron=1664238889.8808789253234863281250" "WordPress/6.0.2; https://catalogo.coachingpop.com"
51.68.11.195 catalogo.coachingpop.com - [27/Sep/2022:02:36:51 +0200] "POST /wp-cron.php?doing_wp_cron=1664239011.2800929546356201171875 HTTP/1.1" 200 25 "https://catalogo.coachingpop.com/wp-cron.php?doing_wp_cron=1664239011.2800929546356201171875" "WordPress/6.0.2; https://catalogo.coachingpop.com"
51.68.11.195 catalogo.coachingpop.com - [27/Sep/2022:02:38:52 +0200] "POST /wp-cron.php?doing_wp_cron=1664239132.1336328983306884765625 HTTP/1.1" 200 25 "https://catalogo.coachingpop.com/wp-cron.php?doing_wp_cron=1664239132.1336328983306884765625" "WordPress/6.0.2; https://catalogo.coachingpop.com"
54.167.111.101 coachingpop.com - [27/Sep/2022:02:39:03 +0200] "POST /xmlrpc.php HTTP/1.1" 403 - "-" "Mozilla/5.0 (Windows NT 10.0; Win64; x64; rv:63.0) Gecko/20100101 Firefox/63.0"
51.68.11.195 coachingpop.com - [27/Sep/2022:02:39:04 +0200] "POST /wp-cron.php?doing_wp_cron=1664239144.8406500816345214843750 HTTP/1.1" 200 25 "https://coachingpop.com/wp-cron.php?doing_wp_cron=1664239144.8406500816345214843750" "WordPress/6.0.2; https://coachingpop.com"
15.228.156.74 coachingpop.com - [27/Sep/2022:02:39:02 +0200] "POST /xmlrpc.php HTTP/1.1" 200 420 "-" "Mozilla/5.0 (Windows NT 6.3; Win64; x64) AppleWebKit/537.36 (KHTML, like Gecko) Chrome/60.0.3112.113 Safari/537.36"
34.176.167.92 coachingpop.com - [27/Sep/2022:02:39:10 +0200] "POST /xmlrpc.php HTTP/1.1" 403 - "-" "Mozilla/5.0 (Windows NT 10.0) AppleWebKit/537.36 (KHTML, like Gecko) Chrome/91.0.4472.114 Safari/537.36"
51.68.11.195 coachingpop.com - [27/Sep/2022:02:39:14 +0200] "POST /wp-cron.php?doing_wp_cron=1664239154.5781509876251220703125 HTTP/1.1" 200 25 "https://coachingpop.com/wp-cron.php?doing_wp_cron=1664239154.5781509876251220703125" "WordPress/6.0.2; https://coachingpop.com"
18.140.64.25 coachingpop.com - [27/Sep/2022:02:39:13 +0200] "POST /xmlrpc.php HTTP/1.1" 200 422 "-" "Mozilla/5.0 (Linux; Android 10; LM-X420) AppleWebKit/537.36 (KHTML, like Gecko) Chrome/91.0.4472.114 Mobile Safari/537.36"
46.101.231.105 coachingpop.com - [27/Sep/2022:02:39:17 +0200] "POST /xmlrpc.php HTTP/1.1" 403 - "-" "Mozilla/5.0 (Windows NT 10.0; Win64; x64) AppleWebKit/537.36 (KHTML, like Gecko) Chrome/87.0.4280.88 Safari/537.36"
210.2.86.69 coachingpop.com - [27/Sep/2022:02:39:22 +0200] "POST /xmlrpc.php HTTP/1.1" 403 - "-" "Mozilla/5.0 (X11; Linux x86_64) AppleWebKit/537.36 (KHTML, like Gecko) Chrome/44.0.2403.157 Safari/537.36"
81.36.175.180 catalogo.coachingpop.com - [27/Sep/2022:02:36:49 +0200] "POST /wp-admin/admin-ajax.php HTTP/1.1" 200 47 "https://catalogo.coachingpop.com/wp-admin/admin.php?page=wc-admin" "Mozilla/5.0 (Windows NT 10.0; Win64; x64) AppleWebKit/537.36 (KHTML, like Gecko) Chrome/105.0.0.0 Safari/537.36"
81.36.175.180 catalogo.coachingpop.com - [27/Sep/2022:02:37:18 +0200] "POST /wp-admin/admin-ajax.php HTTP/1.1" 200 47 "https://catalogo.coachingpop.com/wp-admin/edit.php?post_type=product" "Mozilla/5.0 (Windows NT 10.0; Win64; x64) AppleWebKit/537.36 (KHTML, like Gecko) Chrome/105.0.0.0 Safari/537.36"
81.36.175.180 catalogo.coachingpop.com - [27/Sep/2022:02:38:50 +0200] "POST /wp-admin/admin-ajax.php HTTP/1.1" 200 47 "https://catalogo.coachingpop.com/wp-admin/admin.php?page=wc-admin" "Mozilla/5.0 (Windows NT 10.0; Win64; x64) AppleWebKit/537.36 (KHTML, like Gecko) Chrome/105.0.0.0 Safari/537.36"
79.137.65.179 coachingpop.com - [27/Sep/2022:02:39:09 +0200] "POST /xmlrpc.php HTTP/1.1" 200 422 "-" "Mozilla/5.0 (X11; Linux x86_64) AppleWebKit/537.36 (KHTML, like Gecko) Chrome/44.0.2403.157 Safari/537.36"
81.36.175.180 catalogo.coachingpop.com - [27/Sep/2022:02:39:19 +0200] "POST /wp-admin/admin-ajax.php HTTP/1.1" 200 47 "https://catalogo.coachingpop.com/wp-admin/edit.php?post_type=product" "Mozilla/5.0 (Windows NT 10.0; Win64; x64) AppleWebKit/537.36 (KHTML, like Gecko) Chrome/105.0.0.0 Safari/537.36"
192.95.11.244 coachingpop.com - [27/Sep/2022:02:39:24 +0200] "POST /xmlrpc.php HTTP/1.1" 200 422 "-" "Mozilla/5.0 (Windows NT 10.0; Win64; x64) AppleWebKit/537.36 (KHTML, like Gecko) Chrome/61.0.3163.100 Safari/537.36"
42.193.106.55 coachingpop.com - [27/Sep/2022:02:39:27 +0200] "POST /xmlrpc.php HTTP/1.1" 200 422 "-" "Mozilla/5.0 (Windows NT 10.0; Win64; x64) AppleWebKit/537.36 (KHTML, like Gecko) Chrome/79.0.3945.88 Safari/537.36"
161.35.237.196 coachingpop.com - [27/Sep/2022:02:39:30 +0200] "POST /xmlrpc.php HTTP/1.1" 403 - "-" "Mozilla/5.0 (Windows NT 10.0; Win64; x64) AppleWebKit/537.36 (KHTML, like Gecko) Chrome/74.0.3729.157 Safari/537.36"
185.2.6.16 coachingpop.com - [27/Sep/2022:02:39:35 +0200] "POST /xmlrpc.php HTTP/1.1" 403 - "-" "Mozilla/5.0 (iPhone; CPU iPhone OS 14_6 like Mac OS X) AppleWebKit/605.1.15 (KHTML, like Gecko) CriOS/91.0.4472.80 Mobile/15E148 Safari/604.1"
23.168.193.131 coachingpop.com - [27/Sep/2022:02:39:36 +0200] "POST /xmlrpc.php HTTP/1.1" 200 493 "-" "Mozilla/5.0 (Windows NT 10.0; Win64; x64) AppleWebKit/537.36 (KHTML, like Gecko) Chrome/74.0.3729.157 Safari/537.36"
54.180.33.4 coachingpop.com - [27/Sep/2022:02:39:37 +0200] "POST /xmlrpc.php HTTP/1.1" 403 - "-" "Mozilla/5.0 (Windows NT 10.0; Win64; x64) AppleWebKit/537.36 (KHTML, like Gecko) Chrome/78.0.3904.108 Safari/537.36"
110.40.182.95 coachingpop.com - [27/Sep/2022:02:39:45 +0200] "POST /xmlrpc.php HTTP/1.1" 200 420 "-" "Mozilla/5.0 (Windows NT 10.0; Win64; x64) AppleWebKit/537.36 (KHTML, like Gecko) Chrome/57.0.2987.133 Safari/537.36"
51.68.11.195 catalogo.coachingpop.com - [27/Sep/2022:02:40:52 +0200] "POST /wp-cron.php?doing_wp_cron=1664239252.8778789043426513671875 HTTP/1.1" 200 25 "https://catalogo.coachingpop.com/wp-cron.php?doing_wp_cron=1664239252.8778789043426513671875" "WordPress/6.0.2; https://catalogo.coachingpop.com"
51.68.11.195 catalogo.coachingpop.com - [27/Sep/2022:02:42:55 +0200] "POST /wp-cron.php?doing_wp_cron=1664239375.5649199485778808593750 HTTP/1.1" 200 25 "https://catalogo.coachingpop.com/wp-cron.php?doing_wp_cron=1664239375.5649199485778808593750" "WordPress/6.0.2; https://catalogo.coachingpop.com"
51.68.11.195 catalogo.coachingpop.com - [27/Sep/2022:02:43:22 +0200] "POST /wp-cron.php?doing_wp_cron=1664239402.0685529708862304687500 HTTP/1.1" 200 25 "https://catalogo.coachingpop.com/wp-cron.php?doing_wp_cron=1664239402.0685529708862304687500" "WordPress/6.0.2; https://catalogo.coachingpop.com"
51.68.11.195 catalogo.coachingpop.com - [27/Sep/2022:02:44:54 +0200] "POST /wp-cron.php?doing_wp_cron=1664239494.8995110988616943359375 HTTP/1.1" 200 25 "https://catalogo.coachingpop.com/wp-cron.php?doing_wp_cron=1664239494.8995110988616943359375" "WordPress/6.0.2; https://catalogo.coachingpop.com"
185.250.202.147 coachingpop.com - [27/Sep/2022:02:39:40 +0200] "POST /xmlrpc.php HTTP/1.1" 200 422 "-" "Mozilla/5.0 (X11; Linux x86_64) AppleWebKit/537.36 (KHTML, like Gecko) Chrome/91.0.4472.114 Safari/537.36"
81.36.175.180 catalogo.coachingpop.com - [27/Sep/2022:02:40:51 +0200] "POST /wp-admin/admin-ajax.php HTTP/1.1" 200 47 "https://catalogo.coachingpop.com/wp-admin/admin.php?page=wc-admin" "Mozilla/5.0 (Windows NT 10.0; Win64; x64) AppleWebKit/537.36 (KHTML, like Gecko) Chrome/105.0.0.0 Safari/537.36"
81.36.175.180 catalogo.coachingpop.com - [27/Sep/2022:02:42:52 +0200] "POST /wp-admin/admin-ajax.php HTTP/1.1" 200 47 "https://catalogo.coachingpop.com/wp-admin/admin.php?page=wc-admin" "Mozilla/5.0 (Windows NT 10.0; Win64; x64) AppleWebKit/537.36 (KHTML, like Gecko) Chrome/105.0.0.0 Safari/537.36"
87.98.231.4 coachingpop.com - [27/Sep/2022:02:43:07 +0200] "POST /wp-cron.php?doing_wp_cron=1664239387.3101789951324462890625 HTTP/1.1" 200 25 "http://coachingpop.com/wp-cron.php?doing_wp_cron=1664239387.3101789951324462890625" "WordPress/6.0.2; https://coachingpop.com"
114.119.139.110 coachingpop.com - [27/Sep/2022:02:43:04 +0200] "GET /tag/taller?post_type=events HTTP/1.1" 404 58138 "http://coachingpop.com/events/meditacion-mindfulness" "Mozilla/5.0 (Linux; Android 7.0;) AppleWebKit/537.36 (KHTML, like Gecko) Mobile Safari/537.36 (compatible; PetalBot;+https://webmaster.petalsearch.com/site/petalbot)"
81.36.175.180 catalogo.coachingpop.com - [27/Sep/2022:02:43:21 +0200] "POST /wp-admin/admin-ajax.php HTTP/1.1" 200 47 "https://catalogo.coachingpop.com/wp-admin/edit.php?post_type=product" "Mozilla/5.0 (Windows NT 10.0; Win64; x64) AppleWebKit/537.36 (KHTML, like Gecko) Chrome/105.0.0.0 Safari/537.36"
81.36.175.180 catalogo.coachingpop.com - [27/Sep/2022:02:41:20 +0200] "POST /wp-admin/admin-ajax.php HTTP/1.1" 200 47 "https://catalogo.coachingpop.com/wp-admin/edit.php?post_type=product" "Mozilla/5.0 (Windows NT 10.0; Win64; x64) AppleWebKit/537.36 (KHTML, like Gecko) Chrome/105.0.0.0 Safari/537.36"
51.68.11.195 catalogo.coachingpop.com - [27/Sep/2022:02:45:23 +0200] "POST /wp-cron.php?doing_wp_cron=1664239523.0464520454406738281250 HTTP/1.1" 200 25 "https://catalogo.coachingpop.com/wp-cron.php?doing_wp_cron=1664239523.0464520454406738281250" "WordPress/6.0.2; https://catalogo.coachingpop.com"
51.68.11.195 catalogo.coachingpop.com - [27/Sep/2022:02:46:55 +0200] "POST /wp-cron.php?doing_wp_cron=1664239615.9327120780944824218750 HTTP/1.1" 200 25 "https://catalogo.coachingpop.com/wp-cron.php?doing_wp_cron=1664239615.9327120780944824218750" "WordPress/6.0.2; https://catalogo.coachingpop.com"
51.68.11.195 catalogo.coachingpop.com - [27/Sep/2022:02:48:56 +0200] "POST /wp-cron.php?doing_wp_cron=1664239736.8038220405578613281250 HTTP/1.1" 200 25 "https://catalogo.coachingpop.com/wp-cron.php?doing_wp_cron=1664239736.8038220405578613281250" "WordPress/6.0.2; https://catalogo.coachingpop.com"
81.36.175.180 catalogo.coachingpop.com - [27/Sep/2022:02:44:53 +0200] "POST /wp-admin/admin-ajax.php HTTP/1.1" 200 47 "https://catalogo.coachingpop.com/wp-admin/admin.php?page=wc-admin" "Mozilla/5.0 (Windows NT 10.0; Win64; x64) AppleWebKit/537.36 (KHTML, like Gecko) Chrome/105.0.0.0 Safari/537.36"
81.36.175.180 catalogo.coachingpop.com - [27/Sep/2022:02:45:22 +0200] "POST /wp-admin/admin-ajax.php HTTP/1.1" 200 47 "https://catalogo.coachingpop.com/wp-admin/edit.php?post_type=product" "Mozilla/5.0 (Windows NT 10.0; Win64; x64) AppleWebKit/537.36 (KHTML, like Gecko) Chrome/105.0.0.0 Safari/537.36"
81.36.175.180 catalogo.coachingpop.com - [27/Sep/2022:02:46:54 +0200] "POST /wp-admin/admin-ajax.php HTTP/1.1" 200 47 "https://catalogo.coachingpop.com/wp-admin/admin.php?page=wc-admin" "Mozilla/5.0 (Windows NT 10.0; Win64; x64) AppleWebKit/537.36 (KHTML, like Gecko) Chrome/105.0.0.0 Safari/537.36"
81.36.175.180 catalogo.coachingpop.com - [27/Sep/2022:02:47:23 +0200] "POST /wp-admin/admin-ajax.php HTTP/1.1" 200 47 "https://catalogo.coachingpop.com/wp-admin/edit.php?post_type=product" "Mozilla/5.0 (Windows NT 10.0; Win64; x64) AppleWebKit/537.36 (KHTML, like Gecko) Chrome/105.0.0.0 Safari/537.36"
81.36.175.180 catalogo.coachingpop.com - [27/Sep/2022:02:48:55 +0200] "POST /wp-admin/admin-ajax.php HTTP/1.1" 200 47 "https://catalogo.coachingpop.com/wp-admin/admin.php?page=wc-admin" "Mozilla/5.0 (Windows NT 10.0; Win64; x64) AppleWebKit/537.36 (KHTML, like Gecko) Chrome/105.0.0.0 Safari/537.36"
81.36.175.180 catalogo.coachingpop.com - [27/Sep/2022:02:49:24 +0200] "POST /wp-admin/admin-ajax.php HTTP/1.1" 200 47 "https://catalogo.coachingpop.com/wp-admin/edit.php?post_type=product" "Mozilla/5.0 (Windows NT 10.0; Win64; x64) AppleWebKit/537.36 (KHTML, like Gecko) Chrome/105.0.0.0 Safari/537.36"
87.98.231.4 coachingpop.com - [27/Sep/2022:02:50:39 +0200] "POST /wp-cron.php?doing_wp_cron=1664239839.8378639221191406250000 HTTP/1.1" 200 25 "http://coachingpop.com/wp-cron.php?doing_wp_cron=1664239839.8378639221191406250000" "WordPress/6.0.2; https://coachingpop.com"
51.222.253.7 www.coachingpop.com - [27/Sep/2022:02:50:37 +0200] "GET /robots.txt HTTP/1.1" 301 - "-" "Mozilla/5.0 (compatible; AhrefsBot/7.0; +http://ahrefs.com/robot/)"
51.222.253.7 coachingpop.com - [27/Sep/2022:02:50:40 +0200] "GET /robots.txt HTTP/1.1" 200 133 "-" "Mozilla/5.0 (compatible; AhrefsBot/7.0; +http://ahrefs.com/robot/)"
51.68.11.195 catalogo.coachingpop.com - [27/Sep/2022:02:50:57 +0200] "POST /wp-cron.php?doing_wp_cron=1664239857.8321049213409423828125 HTTP/1.1" 200 25 "https://catalogo.coachingpop.com/wp-cron.php?doing_wp_cron=1664239857.8321049213409423828125" "WordPress/6.0.2; https://catalogo.coachingpop.com"
51.68.11.195 catalogo.coachingpop.com - [27/Sep/2022:02:52:58 +0200] "POST /wp-cron.php?doing_wp_cron=1664239978.8655049800872802734375 HTTP/1.1" 200 25 "https://catalogo.coachingpop.com/wp-cron.php?doing_wp_cron=1664239978.8655049800872802734375" "WordPress/6.0.2; https://catalogo.coachingpop.com"
51.68.11.195 catalogo.coachingpop.com - [27/Sep/2022:02:53:27 +0200] "POST /wp-cron.php?doing_wp_cron=1664240007.0239369869232177734375 HTTP/1.1" 200 25 "https://catalogo.coachingpop.com/wp-cron.php?doing_wp_cron=1664240007.0239369869232177734375" "WordPress/6.0.2; https://catalogo.coachingpop.com"
81.36.175.180 catalogo.coachingpop.com - [27/Sep/2022:02:50:56 +0200] "POST /wp-admin/admin-ajax.php HTTP/1.1" 200 47 "https://catalogo.coachingpop.com/wp-admin/admin.php?page=wc-admin" "Mozilla/5.0 (Windows NT 10.0; Win64; x64) AppleWebKit/537.36 (KHTML, like Gecko) Chrome/105.0.0.0 Safari/537.36"
81.36.175.180 catalogo.coachingpop.com - [27/Sep/2022:02:51:25 +0200] "POST /wp-admin/admin-ajax.php HTTP/1.1" 200 47 "https://catalogo.coachingpop.com/wp-admin/edit.php?post_type=product" "Mozilla/5.0 (Windows NT 10.0; Win64; x64) AppleWebKit/537.36 (KHTML, like Gecko) Chrome/105.0.0.0 Safari/537.36"
81.36.175.180 catalogo.coachingpop.com - [27/Sep/2022:02:52:57 +0200] "POST /wp-admin/admin-ajax.php HTTP/1.1" 200 47 "https://catalogo.coachingpop.com/wp-admin/admin.php?page=wc-admin" "Mozilla/5.0 (Windows NT 10.0; Win64; x64) AppleWebKit/537.36 (KHTML, like Gecko) Chrome/105.0.0.0 Safari/537.36"
81.36.175.180 catalogo.coachingpop.com - [27/Sep/2022:02:53:26 +0200] "POST /wp-admin/admin-ajax.php HTTP/1.1" 200 47 "https://catalogo.coachingpop.com/wp-admin/edit.php?post_type=product" "Mozilla/5.0 (Windows NT 10.0; Win64; x64) AppleWebKit/537.36 (KHTML, like Gecko) Chrome/105.0.0.0 Safari/537.36"
81.36.175.180 catalogo.coachingpop.com - [27/Sep/2022:02:54:58 +0200] "POST /wp-admin/admin-ajax.php HTTP/1.1" 200 47 "https://catalogo.coachingpop.com/wp-admin/admin.php?page=wc-admin" "Mozilla/5.0 (Windows NT 10.0; Win64; x64) AppleWebKit/537.36 (KHTML, like Gecko) Chrome/105.0.0.0 Safari/537.36"
81.36.175.180 catalogo.coachingpop.com - [27/Sep/2022:02:55:27 +0200] "POST /wp-admin/admin-ajax.php HTTP/1.1" 200 47 "https://catalogo.coachingpop.com/wp-admin/edit.php?post_type=product" "Mozilla/5.0 (Windows NT 10.0; Win64; x64) AppleWebKit/537.36 (KHTML, like Gecko) Chrome/105.0.0.0 Safari/537.36"
51.68.11.195 catalogo.coachingpop.com - [27/Sep/2022:02:55:00 +0200] "POST /wp-cron.php?doing_wp_cron=1664240100.0567779541015625000000 HTTP/1.1" 200 25 "https://catalogo.coachingpop.com/wp-cron.php?doing_wp_cron=1664240100.0567779541015625000000" "WordPress/6.0.2; https://catalogo.coachingpop.com"
51.68.11.195 catalogo.coachingpop.com - [27/Sep/2022:02:57:00 +0200] "POST /wp-cron.php?doing_wp_cron=1664240220.8139550685882568359375 HTTP/1.1" 200 25 "https://catalogo.coachingpop.com/wp-cron.php?doing_wp_cron=1664240220.8139550685882568359375" "WordPress/6.0.2; https://catalogo.coachingpop.com"
51.68.11.195 catalogo.coachingpop.com - [27/Sep/2022:02:59:01 +0200] "POST /wp-cron.php?doing_wp_cron=1664240341.7761828899383544921875 HTTP/1.1" 200 25 "https://catalogo.coachingpop.com/wp-cron.php?doing_wp_cron=1664240341.7761828899383544921875" "WordPress/6.0.2; https://catalogo.coachingpop.com"
81.36.175.180 catalogo.coachingpop.com - [27/Sep/2022:02:56:59 +0200] "POST /wp-admin/admin-ajax.php HTTP/1.1" 200 47 "https://catalogo.coachingpop.com/wp-admin/admin.php?page=wc-admin" "Mozilla/5.0 (Windows NT 10.0; Win64; x64) AppleWebKit/537.36 (KHTML, like Gecko) Chrome/105.0.0.0 Safari/537.36"
81.36.175.180 catalogo.coachingpop.com - [27/Sep/2022:02:57:28 +0200] "POST /wp-admin/admin-ajax.php HTTP/1.1" 200 47 "https://catalogo.coachingpop.com/wp-admin/edit.php?post_type=product" "Mozilla/5.0 (Windows NT 10.0; Win64; x64) AppleWebKit/537.36 (KHTML, like Gecko) Chrome/105.0.0.0 Safari/537.36"
81.36.175.180 catalogo.coachingpop.com - [27/Sep/2022:02:59:00 +0200] "POST /wp-admin/admin-ajax.php HTTP/1.1" 200 47 "https://catalogo.coachingpop.com/wp-admin/admin.php?page=wc-admin" "Mozilla/5.0 (Windows NT 10.0; Win64; x64) AppleWebKit/537.36 (KHTML, like Gecko) Chrome/105.0.0.0 Safari/537.36"
81.36.175.180 catalogo.coachingpop.com - [27/Sep/2022:02:59:29 +0200] "POST /wp-admin/admin-ajax.php HTTP/1.1" 200 47 "https://catalogo.coachingpop.com/wp-admin/edit.php?post_type=product" "Mozilla/5.0 (Windows NT 10.0; Win64; x64) AppleWebKit/537.36 (KHTML, like Gecko) Chrome/105.0.0.0 Safari/537.36"
51.68.11.195 catalogo.coachingpop.com - [27/Sep/2022:03:01:02 +0200] "POST /wp-cron.php?doing_wp_cron=1664240462.8575160503387451171875 HTTP/1.1" 200 25 "https://catalogo.coachingpop.com/wp-cron.php?doing_wp_cron=1664240462.8575160503387451171875" "WordPress/6.0.2; https://catalogo.coachingpop.com"
51.68.11.195 catalogo.coachingpop.com - [27/Sep/2022:03:03:03 +0200] "POST /wp-cron.php?doing_wp_cron=1664240583.9131369590759277343750 HTTP/1.1" 200 25 "https://catalogo.coachingpop.com/wp-cron.php?doing_wp_cron=1664240583.9131369590759277343750" "WordPress/6.0.2; https://catalogo.coachingpop.com"
81.36.175.180 catalogo.coachingpop.com - [27/Sep/2022:03:01:01 +0200] "POST /wp-admin/admin-ajax.php HTTP/1.1" 200 47 "https://catalogo.coachingpop.com/wp-admin/admin.php?page=wc-admin" "Mozilla/5.0 (Windows NT 10.0; Win64; x64) AppleWebKit/537.36 (KHTML, like Gecko) Chrome/105.0.0.0 Safari/537.36"
81.36.175.180 catalogo.coachingpop.com - [27/Sep/2022:03:01:30 +0200] "POST /wp-admin/admin-ajax.php HTTP/1.1" 200 47 "https://catalogo.coachingpop.com/wp-admin/edit.php?post_type=product" "Mozilla/5.0 (Windows NT 10.0; Win64; x64) AppleWebKit/537.36 (KHTML, like Gecko) Chrome/105.0.0.0 Safari/537.36"
81.36.175.180 catalogo.coachingpop.com - [27/Sep/2022:03:03:02 +0200] "POST /wp-admin/admin-ajax.php HTTP/1.1" 200 47 "https://catalogo.coachingpop.com/wp-admin/admin.php?page=wc-admin" "Mozilla/5.0 (Windows NT 10.0; Win64; x64) AppleWebKit/537.36 (KHTML, like Gecko) Chrome/105.0.0.0 Safari/537.36"
81.36.175.180 catalogo.coachingpop.com - [27/Sep/2022:03:03:31 +0200] "POST /wp-admin/admin-ajax.php HTTP/1.1" 200 47 "https://catalogo.coachingpop.com/wp-admin/edit.php?post_type=product" "Mozilla/5.0 (Windows NT 10.0; Win64; x64) AppleWebKit/537.36 (KHTML, like Gecko) Chrome/105.0.0.0 Safari/537.36"
51.68.11.195 catalogo.coachingpop.com - [27/Sep/2022:03:05:05 +0200] "POST /wp-cron.php?doing_wp_cron=1664240705.1106789112091064453125 HTTP/1.1" 200 25 "https://catalogo.coachingpop.com/wp-cron.php?doing_wp_cron=1664240705.1106789112091064453125" "WordPress/6.0.2; https://catalogo.coachingpop.com"
161.35.237.196 coachingpop.com - [27/Sep/2022:03:05:52 +0200] "POST /xmlrpc.php HTTP/1.1" 403 - "-" "Mozilla/5.0 (Windows NT 10.0; Win64; x64; rv:61.0) Gecko/20100101 Firefox/61.0"
51.68.11.195 coachingpop.com - [27/Sep/2022:03:05:54 +0200] "POST /wp-cron.php?doing_wp_cron=1664240754.6584610939025878906250 HTTP/1.1" 200 25 "https://coachingpop.com/wp-cron.php?doing_wp_cron=1664240754.6584610939025878906250" "WordPress/6.0.2; https://coachingpop.com"
23.168.193.131 coachingpop.com - [27/Sep/2022:03:05:51 +0200] "POST /xmlrpc.php HTTP/1.1" 200 422 "-" "Mozilla/5.0 (Windows NT 10.0; Win64; x64; rv:61.0) Gecko/20100101 Firefox/61.0"
60.205.227.183 coachingpop.com - [27/Sep/2022:03:06:02 +0200] "POST /xmlrpc.php HTTP/1.1" 200 491 "-" "Mozilla/5.0 (Windows NT 10.0; Win64; x64) AppleWebKit/537.36 (KHTML, like Gecko) Chrome/84.0.4147.105 Safari/537.36"
89.46.106.198 coachingpop.com - [27/Sep/2022:03:06:08 +0200] "POST /xmlrpc.php HTTP/1.1" 200 491 "-" "Mozilla/5.0 (Windows NT 10.0; WOW64; rv:50.0) Gecko/20100101 Firefox/50.0"
51.68.11.195 coachingpop.com - [27/Sep/2022:03:06:14 +0200] "POST /wp-cron.php?doing_wp_cron=1664240774.1161990165710449218750 HTTP/1.1" 200 25 "https://coachingpop.com/wp-cron.php?doing_wp_cron=1664240774.1161990165710449218750" "WordPress/6.0.2; https://coachingpop.com"
23.88.24.92 coachingpop.com - [27/Sep/2022:03:06:13 +0200] "POST /xmlrpc.php HTTP/1.1" 200 422 "-" "Mozilla/5.0 (Windows NT 5.1; rv:33.0) Gecko/20100101 Firefox/33.0"
185.26.156.154 coachingpop.com - [27/Sep/2022:03:06:15 +0200] "POST /xmlrpc.php HTTP/1.1" 200 422 "-" "Mozilla/5.0 (Windows NT 10.0; Win64; x64) AppleWebKit/537.36 (KHTML, like Gecko) Chrome/87.0.4280.88 Safari/537.36"
82.165.83.27 coachingpop.com - [27/Sep/2022:03:06:15 +0200] "POST /xmlrpc.php HTTP/1.1" 200 420 "-" "Mozilla/5.0 (Windows NT 6.1; WOW64; rv:52.0) Gecko/20100101 Firefox/52.0"
216.158.228.157 coachingpop.com - [27/Sep/2022:03:06:22 +0200] "POST /xmlrpc.php HTTP/1.1" 200 491 "-" "Mozilla/5.0 (Windows NT 6.1; Win64; x64; rv:58.0) Gecko/20100101 Firefox/58.0"
200.89.67.51 coachingpop.com - [27/Sep/2022:03:06:35 +0200] "POST /xmlrpc.php HTTP/1.1" 200 491 "-" "Mozilla/5.0 (Windows NT 6.1; WOW64; rv:41.0) Gecko/20100101 Firefox/41.0"
51.68.11.195 catalogo.coachingpop.com - [27/Sep/2022:03:07:06 +0200] "POST /wp-cron.php?doing_wp_cron=1664240825.9886898994445800781250 HTTP/1.1" 200 25 "https://catalogo.coachingpop.com/wp-cron.php?doing_wp_cron=1664240825.9886898994445800781250" "WordPress/6.0.2; https://catalogo.coachingpop.com"
51.68.11.195 coachingpop.com - [27/Sep/2022:03:08:31 +0200] "POST /wp-cron.php?doing_wp_cron=1664240911.7696959972381591796875 HTTP/1.1" 200 25 "https://coachingpop.com/wp-cron.php?doing_wp_cron=1664240911.7696959972381591796875" "WordPress/6.0.2; https://coachingpop.com"
65.109.26.43 coachingpop.com - [27/Sep/2022:03:08:29 +0200] "GET /robots.txt HTTP/1.1" 200 173 "-" "Mozilla/5.0 (compatible; MJ12bot/v1.4.8; http://mj12bot.com/)"
65.109.26.43 coachingpop.com - [27/Sep/2022:03:08:34 +0200] "GET /ja/front-page-%E6%97%A5%E6%9C%AC%E8%AA%9E/ HTTP/1.1" 404 58395 "-" "Mozilla/5.0 (compatible; MJ12bot/v1.4.8; http://mj12bot.com/)"
51.68.11.195 catalogo.coachingpop.com - [27/Sep/2022:03:09:07 +0200] "POST /wp-cron.php?doing_wp_cron=1664240947.0494740009307861328125 HTTP/1.1" 200 25 "https://catalogo.coachingpop.com/wp-cron.php?doing_wp_cron=1664240947.0494740009307861328125" "WordPress/6.0.2; https://catalogo.coachingpop.com"
81.36.175.180 catalogo.coachingpop.com - [27/Sep/2022:03:05:03 +0200] "POST /wp-admin/admin-ajax.php HTTP/1.1" 200 47 "https://catalogo.coachingpop.com/wp-admin/admin.php?page=wc-admin" "Mozilla/5.0 (Windows NT 10.0; Win64; x64) AppleWebKit/537.36 (KHTML, like Gecko) Chrome/105.0.0.0 Safari/537.36"
81.36.175.180 catalogo.coachingpop.com - [27/Sep/2022:03:05:32 +0200] "POST /wp-admin/admin-ajax.php HTTP/1.1" 200 47 "https://catalogo.coachingpop.com/wp-admin/edit.php?post_type=product" "Mozilla/5.0 (Windows NT 10.0; Win64; x64) AppleWebKit/537.36 (KHTML, like Gecko) Chrome/105.0.0.0 Safari/537.36"
54.37.11.28 coachingpop.com - [27/Sep/2022:03:05:52 +0200] "POST /xmlrpc.php HTTP/1.1" 403 - "-" "Mozilla/5.0 (Windows NT 10.0; Win64; x64) AppleWebKit/537.36 (KHTML, like Gecko) Chrome/78.0.3904.108 Safari/537.36"
82.165.88.13 coachingpop.com - [27/Sep/2022:03:05:58 +0200] "POST /xmlrpc.php HTTP/1.1" 200 420 "-" "Mozilla/5.0 (Windows NT 6.1; Win64; x64) AppleWebKit/537.36 (KHTML, like Gecko) Chrome/60.0.3112.90 Safari/537.36"
200.6.154.4 coachingpop.com - [27/Sep/2022:03:06:00 +0200] "POST /xmlrpc.php HTTP/1.1" 403 - "-" "Mozilla/5.0 (Windows NT 10.0; Win64; x64; rv:62.0) Gecko/20100101 Firefox/62.0"
13.51.59.109 coachingpop.com - [27/Sep/2022:03:06:04 +0200] "POST /xmlrpc.php HTTP/1.1" 200 420 "-" "Mozilla/5.0 (Windows NT 6.1; WOW64; rv:50.0) Gecko/20100101 Firefox/50.0"
185.250.202.147 coachingpop.com - [27/Sep/2022:03:06:24 +0200] "POST /xmlrpc.php HTTP/1.1" 200 420 "-" "Mozilla/5.0 (Windows NT 10.0) AppleWebKit/537.36 (KHTML, like Gecko) Chrome/91.0.4472.114 Safari/537.36"
37.97.226.64 coachingpop.com - [27/Sep/2022:03:06:29 +0200] "POST /xmlrpc.php HTTP/1.1" 403 - "-" "Mozilla/5.0 (Windows; U; Windows NT 5.1; en-US; rv:1.7.5) Gecko/20041107 Firefox/1.0"
89.46.110.133 coachingpop.com - [27/Sep/2022:03:06:36 +0200] "POST /xmlrpc.php HTTP/1.1" 200 422 "-" "Mozilla/5.0 (Windows NT 6.1; Win64; x64) AppleWebKit/537.36 (KHTML, like Gecko) Chrome/74.0.3729.169 Safari/537.36"
81.36.175.180 catalogo.coachingpop.com - [27/Sep/2022:03:07:04 +0200] "POST /wp-admin/admin-ajax.php HTTP/1.1" 200 47 "https://catalogo.coachingpop.com/wp-admin/admin.php?page=wc-admin" "Mozilla/5.0 (Windows NT 10.0; Win64; x64) AppleWebKit/537.36 (KHTML, like Gecko) Chrome/105.0.0.0 Safari/537.36"
81.36.175.180 catalogo.coachingpop.com - [27/Sep/2022:03:07:33 +0200] "POST /wp-admin/admin-ajax.php HTTP/1.1" 200 47 "https://catalogo.coachingpop.com/wp-admin/edit.php?post_type=product" "Mozilla/5.0 (Windows NT 10.0; Win64; x64) AppleWebKit/537.36 (KHTML, like Gecko) Chrome/105.0.0.0 Safari/537.36"
81.36.175.180 catalogo.coachingpop.com - [27/Sep/2022:03:09:05 +0200] "POST /wp-admin/admin-ajax.php HTTP/1.1" 200 47 "https://catalogo.coachingpop.com/wp-admin/admin.php?page=wc-admin" "Mozilla/5.0 (Windows NT 10.0; Win64; x64) AppleWebKit/537.36 (KHTML, like Gecko) Chrome/105.0.0.0 Safari/537.36"
81.36.175.180 catalogo.coachingpop.com - [27/Sep/2022:03:09:34 +0200] "POST /wp-admin/admin-ajax.php HTTP/1.1" 200 47 "https://catalogo.coachingpop.com/wp-admin/edit.php?post_type=product" "Mozilla/5.0 (Windows NT 10.0; Win64; x64) AppleWebKit/537.36 (KHTML, like Gecko) Chrome/105.0.0.0 Safari/537.36"
51.68.11.195 catalogo.coachingpop.com - [27/Sep/2022:03:11:08 +0200] "POST /wp-cron.php?doing_wp_cron=1664241068.4387609958648681640625 HTTP/1.1" 200 25 "https://catalogo.coachingpop.com/wp-cron.php?doing_wp_cron=1664241068.4387609958648681640625" "WordPress/6.0.2; https://catalogo.coachingpop.com"
51.68.11.195 catalogo.coachingpop.com - [27/Sep/2022:03:13:09 +0200] "POST /wp-cron.php?doing_wp_cron=1664241189.3679881095886230468750 HTTP/1.1" 200 25 "https://catalogo.coachingpop.com/wp-cron.php?doing_wp_cron=1664241189.3679881095886230468750" "WordPress/6.0.2; https://catalogo.coachingpop.com"
