51.68.11.195 coachingpop.com - [27/Sep/2022:08:48:15 +0200] "POST /wp-cron.php?doing_wp_cron=1664261295.1030020713806152343750 HTTP/1.1" 200 25 "https://coachingpop.com/wp-cron.php?doing_wp_cron=1664261295.1030020713806152343750" "WordPress/6.0.2; https://coachingpop.com"
81.36.175.180 catalogo.coachingpop.com - [27/Sep/2022:08:45:52 +0200] "POST /wp-admin/admin-ajax.php HTTP/1.1" 200 47 "https://catalogo.coachingpop.com/wp-admin/admin.php?page=wc-admin" "Mozilla/5.0 (Windows NT 10.0; Win64; x64) AppleWebKit/537.36 (KHTML, like Gecko) Chrome/105.0.0.0 Safari/537.36"
81.36.175.180 catalogo.coachingpop.com - [27/Sep/2022:08:46:21 +0200] "POST /wp-admin/admin-ajax.php HTTP/1.1" 200 47 "https://catalogo.coachingpop.com/wp-admin/edit.php?post_type=product" "Mozilla/5.0 (Windows NT 10.0; Win64; x64) AppleWebKit/537.36 (KHTML, like Gecko) Chrome/105.0.0.0 Safari/537.36"
81.36.175.180 catalogo.coachingpop.com - [27/Sep/2022:08:47:53 +0200] "POST /wp-admin/admin-ajax.php HTTP/1.1" 200 47 "https://catalogo.coachingpop.com/wp-admin/admin.php?page=wc-admin" "Mozilla/5.0 (Windows NT 10.0; Win64; x64) AppleWebKit/537.36 (KHTML, like Gecko) Chrome/105.0.0.0 Safari/537.36"
157.55.39.223 coachingpop.com - [27/Sep/2022:08:48:13 +0200] "GET /category-sitemap.xml HTTP/1.1" 200 387 "-" "Mozilla/5.0 (compatible; bingbot/2.0; +http://www.bing.com/bingbot.htm)"
81.36.175.180 catalogo.coachingpop.com - [27/Sep/2022:08:48:22 +0200] "POST /wp-admin/admin-ajax.php HTTP/1.1" 200 47 "https://catalogo.coachingpop.com/wp-admin/edit.php?post_type=product" "Mozilla/5.0 (Windows NT 10.0; Win64; x64) AppleWebKit/537.36 (KHTML, like Gecko) Chrome/105.0.0.0 Safari/537.36"
81.36.175.180 catalogo.coachingpop.com - [27/Sep/2022:08:49:54 +0200] "POST /wp-admin/admin-ajax.php HTTP/1.1" 200 47 "https://catalogo.coachingpop.com/wp-admin/admin.php?page=wc-admin" "Mozilla/5.0 (Windows NT 10.0; Win64; x64) AppleWebKit/537.36 (KHTML, like Gecko) Chrome/105.0.0.0 Safari/537.36"
81.36.175.180 catalogo.coachingpop.com - [27/Sep/2022:08:50:23 +0200] "POST /wp-admin/admin-ajax.php HTTP/1.1" 200 47 "https://catalogo.coachingpop.com/wp-admin/edit.php?post_type=product" "Mozilla/5.0 (Windows NT 10.0; Win64; x64) AppleWebKit/537.36 (KHTML, like Gecko) Chrome/105.0.0.0 Safari/537.36"
51.68.11.195 catalogo.coachingpop.com - [27/Sep/2022:08:49:56 +0200] "POST /wp-cron.php?doing_wp_cron=1664261396.1721880435943603515625 HTTP/1.1" 200 25 "https://catalogo.coachingpop.com/wp-cron.php?doing_wp_cron=1664261396.1721880435943603515625" "WordPress/6.0.2; https://catalogo.coachingpop.com"
87.98.231.4 coachingpop.com - [27/Sep/2022:08:51:31 +0200] "POST /wp-cron.php?doing_wp_cron=1664261491.7536180019378662109375 HTTP/1.1" 200 25 "http://coachingpop.com/wp-cron.php?doing_wp_cron=1664261491.7536180019378662109375" "WordPress/6.0.2; https://coachingpop.com"
114.119.139.201 www.coachingpop.com - [27/Sep/2022:08:51:29 +0200] "GET /robots.txt HTTP/1.1" 301 - "-" "Mozilla/5.0 (compatible;PetalBot;+https://webmaster.petalsearch.com/site/petalbot)"
114.119.139.201 coachingpop.com - [27/Sep/2022:08:51:32 +0200] "GET /robots.txt HTTP/1.1" 200 133 "-" "Mozilla/5.0 (compatible;PetalBot;+https://webmaster.petalsearch.com/site/petalbot)"
51.68.11.195 catalogo.coachingpop.com - [27/Sep/2022:08:52:00 +0200] "POST /wp-cron.php?doing_wp_cron=1664261520.0216920375823974609375 HTTP/1.1" 200 25 "https://catalogo.coachingpop.com/wp-cron.php?doing_wp_cron=1664261520.0216920375823974609375" "WordPress/6.0.2; https://catalogo.coachingpop.com"
81.36.175.180 catalogo.coachingpop.com - [27/Sep/2022:08:51:55 +0200] "POST /wp-admin/admin-ajax.php HTTP/1.1" 200 47 "https://catalogo.coachingpop.com/wp-admin/admin.php?page=wc-admin" "Mozilla/5.0 (Windows NT 10.0; Win64; x64) AppleWebKit/537.36 (KHTML, like Gecko) Chrome/105.0.0.0 Safari/537.36"
87.98.231.4 coachingpop.com - [27/Sep/2022:08:52:24 +0200] "POST /wp-cron.php?doing_wp_cron=1664261544.1442608833312988281250 HTTP/1.1" 200 25 "http://coachingpop.com/wp-cron.php?doing_wp_cron=1664261544.1442608833312988281250" "WordPress/6.0.2; https://coachingpop.com"
184.94.240.88 www.coachingpop.com - [27/Sep/2022:08:52:19 +0200] "GET / HTTP/1.1" 301 - "-" "Mozilla/5.0 (Windows NT 10.0; Win64; x64; rv:65.0) Gecko/20100101 Firefox/65.0"
81.36.175.180 catalogo.coachingpop.com - [27/Sep/2022:08:52:24 +0200] "POST /wp-admin/admin-ajax.php HTTP/1.1" 200 47 "https://catalogo.coachingpop.com/wp-admin/edit.php?post_type=product" "Mozilla/5.0 (Windows NT 10.0; Win64; x64) AppleWebKit/537.36 (KHTML, like Gecko) Chrome/105.0.0.0 Safari/537.36"
184.94.240.88 coachingpop.com - [27/Sep/2022:08:52:25 +0200] "GET / HTTP/1.1" 200 107505 "-" "Mozilla/5.0 (Windows NT 10.0; Win64; x64; rv:65.0) Gecko/20100101 Firefox/65.0"
184.94.240.88 www.coachingpop.com - [27/Sep/2022:08:52:29 +0200] "GET /product/curso-crear-editorial-manga/ HTTP/1.1" 301 - "-" "Mozilla/5.0 (Windows NT 10.0; Win64; x64; rv:65.0) Gecko/20100101 Firefox/65.0"
184.94.240.88 coachingpop.com - [27/Sep/2022:08:52:32 +0200] "GET /product/curso-crear-editorial-manga/ HTTP/1.1" 200 103952 "-" "Mozilla/5.0 (Windows NT 10.0; Win64; x64; rv:65.0) Gecko/20100101 Firefox/65.0"
184.94.240.88 www.coachingpop.com - [27/Sep/2022:08:52:36 +0200] "GET /data:image/gif;base64,R0lGODlhAQABAAAAACH5BAEKAAEALAAAAAABAAEAAAICTAEAOw== HTTP/1.1" 301 - "-" "Mozilla/5.0 (Windows NT 10.0; Win64; x64; rv:65.0) Gecko/20100101 Firefox/65.0"
184.94.240.88 coachingpop.com - [27/Sep/2022:08:52:38 +0200] "GET /data:image/gif;base64,R0lGODlhAQABAAAAACH5BAEKAAEALAAAAAABAAEAAAICTAEAOw== HTTP/1.1" 404 58324 "-" "Mozilla/5.0 (Windows NT 10.0; Win64; x64; rv:65.0) Gecko/20100101 Firefox/65.0"
81.36.175.180 catalogo.coachingpop.com - [27/Sep/2022:08:53:56 +0200] "POST /wp-admin/admin-ajax.php HTTP/1.1" 200 47 "https://catalogo.coachingpop.com/wp-admin/admin.php?page=wc-admin" "Mozilla/5.0 (Windows NT 10.0; Win64; x64) AppleWebKit/537.36 (KHTML, like Gecko) Chrome/105.0.0.0 Safari/537.36"
81.36.175.180 catalogo.coachingpop.com - [27/Sep/2022:08:54:25 +0200] "POST /wp-admin/admin-ajax.php HTTP/1.1" 200 47 "https://catalogo.coachingpop.com/wp-admin/edit.php?post_type=product" "Mozilla/5.0 (Windows NT 10.0; Win64; x64) AppleWebKit/537.36 (KHTML, like Gecko) Chrome/105.0.0.0 Safari/537.36"
51.68.11.195 catalogo.coachingpop.com - [27/Sep/2022:08:53:58 +0200] "POST /wp-cron.php?doing_wp_cron=1664261638.2477190494537353515625 HTTP/1.1" 200 25 "https://catalogo.coachingpop.com/wp-cron.php?doing_wp_cron=1664261638.2477190494537353515625" "WordPress/6.0.2; https://catalogo.coachingpop.com"
51.68.11.195 catalogo.coachingpop.com - [27/Sep/2022:08:55:59 +0200] "POST /wp-cron.php?doing_wp_cron=1664261759.1081209182739257812500 HTTP/1.1" 200 25 "https://catalogo.coachingpop.com/wp-cron.php?doing_wp_cron=1664261759.1081209182739257812500" "WordPress/6.0.2; https://catalogo.coachingpop.com"
51.68.11.195 catalogo.coachingpop.com - [27/Sep/2022:08:58:00 +0200] "POST /wp-cron.php?doing_wp_cron=1664261880.1687970161437988281250 HTTP/1.1" 200 25 "https://catalogo.coachingpop.com/wp-cron.php?doing_wp_cron=1664261880.1687970161437988281250" "WordPress/6.0.2; https://catalogo.coachingpop.com"
81.36.175.180 catalogo.coachingpop.com - [27/Sep/2022:08:55:57 +0200] "POST /wp-admin/admin-ajax.php HTTP/1.1" 200 47 "https://catalogo.coachingpop.com/wp-admin/admin.php?page=wc-admin" "Mozilla/5.0 (Windows NT 10.0; Win64; x64) AppleWebKit/537.36 (KHTML, like Gecko) Chrome/105.0.0.0 Safari/537.36"
81.36.175.180 catalogo.coachingpop.com - [27/Sep/2022:08:56:26 +0200] "POST /wp-admin/admin-ajax.php HTTP/1.1" 200 47 "https://catalogo.coachingpop.com/wp-admin/edit.php?post_type=product" "Mozilla/5.0 (Windows NT 10.0; Win64; x64) AppleWebKit/537.36 (KHTML, like Gecko) Chrome/105.0.0.0 Safari/537.36"
81.36.175.180 catalogo.coachingpop.com - [27/Sep/2022:08:57:58 +0200] "POST /wp-admin/admin-ajax.php HTTP/1.1" 200 47 "https://catalogo.coachingpop.com/wp-admin/admin.php?page=wc-admin" "Mozilla/5.0 (Windows NT 10.0; Win64; x64) AppleWebKit/537.36 (KHTML, like Gecko) Chrome/105.0.0.0 Safari/537.36"
81.36.175.180 catalogo.coachingpop.com - [27/Sep/2022:08:58:27 +0200] "POST /wp-admin/admin-ajax.php HTTP/1.1" 200 47 "https://catalogo.coachingpop.com/wp-admin/edit.php?post_type=product" "Mozilla/5.0 (Windows NT 10.0; Win64; x64) AppleWebKit/537.36 (KHTML, like Gecko) Chrome/105.0.0.0 Safari/537.36"
81.36.175.180 catalogo.coachingpop.com - [27/Sep/2022:08:59:59 +0200] "POST /wp-admin/admin-ajax.php HTTP/1.1" 200 47 "https://catalogo.coachingpop.com/wp-admin/admin.php?page=wc-admin" "Mozilla/5.0 (Windows NT 10.0; Win64; x64) AppleWebKit/537.36 (KHTML, like Gecko) Chrome/105.0.0.0 Safari/537.36"
81.36.175.180 catalogo.coachingpop.com - [27/Sep/2022:09:00:28 +0200] "POST /wp-admin/admin-ajax.php HTTP/1.1" 200 47 "https://catalogo.coachingpop.com/wp-admin/edit.php?post_type=product" "Mozilla/5.0 (Windows NT 10.0; Win64; x64) AppleWebKit/537.36 (KHTML, like Gecko) Chrome/105.0.0.0 Safari/537.36"
51.68.11.195 catalogo.coachingpop.com - [27/Sep/2022:09:00:01 +0200] "POST /wp-cron.php?doing_wp_cron=1664262001.0093460083007812500000 HTTP/1.1" 200 25 "https://catalogo.coachingpop.com/wp-cron.php?doing_wp_cron=1664262001.0093460083007812500000" "WordPress/6.0.2; https://catalogo.coachingpop.com"
51.68.11.195 catalogo.coachingpop.com - [27/Sep/2022:09:02:02 +0200] "POST /wp-cron.php?doing_wp_cron=1664262122.2285299301147460937500 HTTP/1.1" 200 25 "https://catalogo.coachingpop.com/wp-cron.php?doing_wp_cron=1664262122.2285299301147460937500" "WordPress/6.0.2; https://catalogo.coachingpop.com"
51.68.11.195 catalogo.coachingpop.com - [27/Sep/2022:09:04:03 +0200] "POST /wp-cron.php?doing_wp_cron=1664262243.4137570858001708984375 HTTP/1.1" 200 25 "https://catalogo.coachingpop.com/wp-cron.php?doing_wp_cron=1664262243.4137570858001708984375" "WordPress/6.0.2; https://catalogo.coachingpop.com"
81.36.175.180 catalogo.coachingpop.com - [27/Sep/2022:09:02:00 +0200] "POST /wp-admin/admin-ajax.php HTTP/1.1" 200 47 "https://catalogo.coachingpop.com/wp-admin/admin.php?page=wc-admin" "Mozilla/5.0 (Windows NT 10.0; Win64; x64) AppleWebKit/537.36 (KHTML, like Gecko) Chrome/105.0.0.0 Safari/537.36"
81.36.175.180 catalogo.coachingpop.com - [27/Sep/2022:09:02:29 +0200] "POST /wp-admin/admin-ajax.php HTTP/1.1" 200 47 "https://catalogo.coachingpop.com/wp-admin/edit.php?post_type=product" "Mozilla/5.0 (Windows NT 10.0; Win64; x64) AppleWebKit/537.36 (KHTML, like Gecko) Chrome/105.0.0.0 Safari/537.36"
81.36.175.180 catalogo.coachingpop.com - [27/Sep/2022:09:04:01 +0200] "POST /wp-admin/admin-ajax.php HTTP/1.1" 200 47 "https://catalogo.coachingpop.com/wp-admin/admin.php?page=wc-admin" "Mozilla/5.0 (Windows NT 10.0; Win64; x64) AppleWebKit/537.36 (KHTML, like Gecko) Chrome/105.0.0.0 Safari/537.36"
51.68.11.195 catalogo.coachingpop.com - [27/Sep/2022:09:06:04 +0200] "POST /wp-cron.php?doing_wp_cron=1664262364.1459178924560546875000 HTTP/1.1" 200 25 "https://catalogo.coachingpop.com/wp-cron.php?doing_wp_cron=1664262364.1459178924560546875000" "WordPress/6.0.2; https://catalogo.coachingpop.com"
51.68.11.195 catalogo.coachingpop.com - [27/Sep/2022:09:08:05 +0200] "POST /wp-cron.php?doing_wp_cron=1664262485.3778100013732910156250 HTTP/1.1" 200 25 "https://catalogo.coachingpop.com/wp-cron.php?doing_wp_cron=1664262485.3778100013732910156250" "WordPress/6.0.2; https://catalogo.coachingpop.com"
81.36.175.180 catalogo.coachingpop.com - [27/Sep/2022:09:04:30 +0200] "POST /wp-admin/admin-ajax.php HTTP/1.1" 200 47 "https://catalogo.coachingpop.com/wp-admin/edit.php?post_type=product" "Mozilla/5.0 (Windows NT 10.0; Win64; x64) AppleWebKit/537.36 (KHTML, like Gecko) Chrome/105.0.0.0 Safari/537.36"
81.36.175.180 catalogo.coachingpop.com - [27/Sep/2022:09:06:02 +0200] "POST /wp-admin/admin-ajax.php HTTP/1.1" 200 47 "https://catalogo.coachingpop.com/wp-admin/admin.php?page=wc-admin" "Mozilla/5.0 (Windows NT 10.0; Win64; x64) AppleWebKit/537.36 (KHTML, like Gecko) Chrome/105.0.0.0 Safari/537.36"
81.36.175.180 catalogo.coachingpop.com - [27/Sep/2022:09:06:31 +0200] "POST /wp-admin/admin-ajax.php HTTP/1.1" 200 47 "https://catalogo.coachingpop.com/wp-admin/edit.php?post_type=product" "Mozilla/5.0 (Windows NT 10.0; Win64; x64) AppleWebKit/537.36 (KHTML, like Gecko) Chrome/105.0.0.0 Safari/537.36"
81.36.175.180 catalogo.coachingpop.com - [27/Sep/2022:09:08:03 +0200] "POST /wp-admin/admin-ajax.php HTTP/1.1" 200 47 "https://catalogo.coachingpop.com/wp-admin/admin.php?page=wc-admin" "Mozilla/5.0 (Windows NT 10.0; Win64; x64) AppleWebKit/537.36 (KHTML, like Gecko) Chrome/105.0.0.0 Safari/537.36"
81.36.175.180 catalogo.coachingpop.com - [27/Sep/2022:09:08:32 +0200] "POST /wp-admin/admin-ajax.php HTTP/1.1" 200 47 "https://catalogo.coachingpop.com/wp-admin/edit.php?post_type=product" "Mozilla/5.0 (Windows NT 10.0; Win64; x64) AppleWebKit/537.36 (KHTML, like Gecko) Chrome/105.0.0.0 Safari/537.36"
51.68.11.195 catalogo.coachingpop.com - [27/Sep/2022:09:10:06 +0200] "POST /wp-cron.php?doing_wp_cron=1664262606.6673600673675537109375 HTTP/1.1" 200 25 "https://catalogo.coachingpop.com/wp-cron.php?doing_wp_cron=1664262606.6673600673675537109375" "WordPress/6.0.2; https://catalogo.coachingpop.com"
51.68.11.195 catalogo.coachingpop.com - [27/Sep/2022:09:12:08 +0200] "POST /wp-cron.php?doing_wp_cron=1664262728.1945059299468994140625 HTTP/1.1" 200 25 "https://catalogo.coachingpop.com/wp-cron.php?doing_wp_cron=1664262728.1945059299468994140625" "WordPress/6.0.2; https://catalogo.coachingpop.com"
188.84.173.152 coachingpop.com - [27/Sep/2022:09:13:17 +0200] "GET / HTTP/1.1" 200 22562 "-" "Mozilla/5.0 (Windows NT 10.0; Win64; x64) AppleWebKit/537.36 (KHTML, like Gecko) Chrome/105.0.0.0 Safari/537.36 Edg/105.0.1343.50"
188.84.173.152 coachingpop.com - [27/Sep/2022:09:13:17 +0200] "GET /wp-content/plugins/role-based-pricing-for-woocommerce//assets/css/addify_csp_front_css.css?ver=1.0 HTTP/1.1" 200 2 "https://coachingpop.com/" "Mozilla/5.0 (Windows NT 10.0; Win64; x64) AppleWebKit/537.36 (KHTML, like Gecko) Chrome/105.0.0.0 Safari/537.36 Edg/105.0.1343.50"
188.84.173.152 coachingpop.com - [27/Sep/2022:09:13:17 +0200] "GET /wp-content/plugins/cool-timeline/includes/cool-timeline-block/dist/blocks.style.build.css HTTP/1.1" 200 3094 "https://coachingpop.com/" "Mozilla/5.0 (Windows NT 10.0; Win64; x64) AppleWebKit/537.36 (KHTML, like Gecko) Chrome/105.0.0.0 Safari/537.36 Edg/105.0.1343.50"
188.84.173.152 coachingpop.com - [27/Sep/2022:09:13:17 +0200] "GET /wp-content/plugins/woocommerce/packages/woocommerce-blocks/build/wc-blocks-vendors-style.css?ver=8.3.2 HTTP/1.1" 200 1962 "https://coachingpop.com/" "Mozilla/5.0 (Windows NT 10.0; Win64; x64) AppleWebKit/537.36 (KHTML, like Gecko) Chrome/105.0.0.0 Safari/537.36 Edg/105.0.1343.50"
188.84.173.152 coachingpop.com - [27/Sep/2022:09:13:17 +0200] "GET /wp-content/themes/masterstudy/style.css?ver=4.5.1 HTTP/1.1" 200 926 "https://coachingpop.com/" "Mozilla/5.0 (Windows NT 10.0; Win64; x64) AppleWebKit/537.36 (KHTML, like Gecko) Chrome/105.0.0.0 Safari/537.36 Edg/105.0.1343.50"
188.84.173.152 coachingpop.com - [27/Sep/2022:09:13:17 +0200] "GET /wp-content/plugins/role-based-pricing-for-woocommerce/assets/js/addify_csp_front_js.js?ver=1.0 HTTP/1.1" 200 61 "https://coachingpop.com/" "Mozilla/5.0 (Windows NT 10.0; Win64; x64) AppleWebKit/537.36 (KHTML, like Gecko) Chrome/105.0.0.0 Safari/537.36 Edg/105.0.1343.50"
188.84.173.152 coachingpop.com - [27/Sep/2022:09:13:17 +0200] "GET /wp-includes/css/dist/block-library/style.min.css?ver=6.0.2 HTTP/1.1" 200 11681 "https://coachingpop.com/" "Mozilla/5.0 (Windows NT 10.0; Win64; x64) AppleWebKit/537.36 (KHTML, like Gecko) Chrome/105.0.0.0 Safari/537.36 Edg/105.0.1343.50"
188.84.173.152 coachingpop.com - [27/Sep/2022:09:13:17 +0200] "GET /wp-content/plugins/stm-post-type/theme/assets/lazyload.css?ver=false HTTP/1.1" 200 656 "https://coachingpop.com/" "Mozilla/5.0 (Windows NT 10.0; Win64; x64) AppleWebKit/537.36 (KHTML, like Gecko) Chrome/105.0.0.0 Safari/537.36 Edg/105.0.1343.50"
188.84.173.152 coachingpop.com - [27/Sep/2022:09:13:17 +0200] "GET /wp-content/plugins/stm-post-type/theme/assets/stm_lms_lazyload.js?ver=false HTTP/1.1" 200 159 "https://coachingpop.com/" "Mozilla/5.0 (Windows NT 10.0; Win64; x64) AppleWebKit/537.36 (KHTML, like Gecko) Chrome/105.0.0.0 Safari/537.36 Edg/105.0.1343.50"
188.84.173.152 coachingpop.com - [27/Sep/2022:09:13:17 +0200] "GET /wp-content/plugins/stm-post-type/theme/assets/lazysizes.min.js?ver=false HTTP/1.1" 200 3307 "https://coachingpop.com/" "Mozilla/5.0 (Windows NT 10.0; Win64; x64) AppleWebKit/537.36 (KHTML, like Gecko) Chrome/105.0.0.0 Safari/537.36 Edg/105.0.1343.50"
188.84.173.152 coachingpop.com - [27/Sep/2022:09:13:17 +0200] "GET /wp-content/plugins/if-menu/assets/if-menu-site.css?ver=6.0.2 HTTP/1.1" 200 484 "https://coachingpop.com/" "Mozilla/5.0 (Windows NT 10.0; Win64; x64) AppleWebKit/537.36 (KHTML, like Gecko) Chrome/105.0.0.0 Safari/537.36 Edg/105.0.1343.50"
188.84.173.152 coachingpop.com - [27/Sep/2022:09:13:17 +0200] "GET /wp-content/plugins/hide-price-add-to-cart-button/assets/css/afwhp_front.css?ver=1.0 HTTP/1.1" 200 305 "https://coachingpop.com/" "Mozilla/5.0 (Windows NT 10.0; Win64; x64) AppleWebKit/537.36 (KHTML, like Gecko) Chrome/105.0.0.0 Safari/537.36 Edg/105.0.1343.50"
188.84.173.152 coachingpop.com - [27/Sep/2022:09:13:17 +0200] "GET /wp-content/uploads/stm_lms_styles/custom_styles.css?ver=4.5.1 HTTP/1.1" 200 46 "https://coachingpop.com/" "Mozilla/5.0 (Windows NT 10.0; Win64; x64) AppleWebKit/537.36 (KHTML, like Gecko) Chrome/105.0.0.0 Safari/537.36 Edg/105.0.1343.50"
188.84.173.152 coachingpop.com - [27/Sep/2022:09:13:17 +0200] "GET /wp-content/plugins/logo-carousel-free/public/assets/css/swiper-bundle.min.css?ver=3.4.13 HTTP/1.1" 200 4002 "https://coachingpop.com/" "Mozilla/5.0 (Windows NT 10.0; Win64; x64) AppleWebKit/537.36 (KHTML, like Gecko) Chrome/105.0.0.0 Safari/537.36 Edg/105.0.1343.50"
188.84.173.152 coachingpop.com - [27/Sep/2022:09:13:17 +0200] "GET /wp-content/plugins/woocommerce-memberships/assets/css/frontend/wc-memberships-frontend.min.css?ver=1.22.11 HTTP/1.1" 200 785 "https://coachingpop.com/" "Mozilla/5.0 (Windows NT 10.0; Win64; x64) AppleWebKit/537.36 (KHTML, like Gecko) Chrome/105.0.0.0 Safari/537.36 Edg/105.0.1343.50"
188.84.173.152 coachingpop.com - [27/Sep/2022:09:13:17 +0200] "GET /wp-content/plugins/logo-carousel-free/public/assets/css/style.min.css?ver=3.4.13 HTTP/1.1" 200 478 "https://coachingpop.com/" "Mozilla/5.0 (Windows NT 10.0; Win64; x64) AppleWebKit/537.36 (KHTML, like Gecko) Chrome/105.0.0.0 Safari/537.36 Edg/105.0.1343.50"
188.84.173.152 coachingpop.com - [27/Sep/2022:09:13:17 +0200] "GET /wp-content/plugins/woocommerce/packages/woocommerce-blocks/build/wc-blocks-style.css?ver=8.3.2 HTTP/1.1" 200 22539 "https://coachingpop.com/" "Mozilla/5.0 (Windows NT 10.0; Win64; x64) AppleWebKit/537.36 (KHTML, like Gecko) Chrome/105.0.0.0 Safari/537.36 Edg/105.0.1343.50"
188.84.173.152 coachingpop.com - [27/Sep/2022:09:13:17 +0200] "GET /wp-content/plugins/hide-price-add-to-cart-button/assets/js/afwhp_front.js?ver=1.0 HTTP/1.1" 200 67 "https://coachingpop.com/" "Mozilla/5.0 (Windows NT 10.0; Win64; x64) AppleWebKit/537.36 (KHTML, like Gecko) Chrome/105.0.0.0 Safari/537.36 Edg/105.0.1343.50"
188.84.173.152 coachingpop.com - [27/Sep/2022:09:13:17 +0200] "GET /wp-includes/js/jquery/jquery-migrate.min.js?ver=3.3.2 HTTP/1.1" 200 4169 "https://coachingpop.com/" "Mozilla/5.0 (Windows NT 10.0; Win64; x64) AppleWebKit/537.36 (KHTML, like Gecko) Chrome/105.0.0.0 Safari/537.36 Edg/105.0.1343.50"
188.84.173.152 coachingpop.com - [27/Sep/2022:09:13:17 +0200] "GET /wp-content/plugins/logo-carousel-free/public/assets/css/font-awesome.min.css?ver=3.4.13 HTTP/1.1" 200 6664 "https://coachingpop.com/" "Mozilla/5.0 (Windows NT 10.0; Win64; x64) AppleWebKit/537.36 (KHTML, like Gecko) Chrome/105.0.0.0 Safari/537.36 Edg/105.0.1343.50"
188.84.173.152 coachingpop.com - [27/Sep/2022:09:13:17 +0200] "GET /wp-content/plugins/woocommerce/assets/js/frontend/add-to-cart.min.js?ver=6.9.3 HTTP/1.1" 200 1086 "https://coachingpop.com/" "Mozilla/5.0 (Windows NT 10.0; Win64; x64) AppleWebKit/537.36 (KHTML, like Gecko) Chrome/105.0.0.0 Safari/537.36 Edg/105.0.1343.50"
188.84.173.152 coachingpop.com - [27/Sep/2022:09:13:17 +0200] "GET /wp-content/plugins/masterstudy-elementor-widgets/assets/css/navigation-menu.css?ver=1664261547 HTTP/1.1" 200 235 "https://coachingpop.com/" "Mozilla/5.0 (Windows NT 10.0; Win64; x64) AppleWebKit/537.36 (KHTML, like Gecko) Chrome/105.0.0.0 Safari/537.36 Edg/105.0.1343.50"
188.84.173.152 coachingpop.com - [27/Sep/2022:09:13:17 +0200] "GET /wp-content/themes/masterstudy/assets/css/ms-bootstrap-custom.css?ver=4.5.1 HTTP/1.1" 200 230 "https://coachingpop.com/" "Mozilla/5.0 (Windows NT 10.0; Win64; x64) AppleWebKit/537.36 (KHTML, like Gecko) Chrome/105.0.0.0 Safari/537.36 Edg/105.0.1343.50"
188.84.173.152 coachingpop.com - [27/Sep/2022:09:13:17 +0200] "GET /wp-content/plugins/woocommerce/assets/css/select2.css?ver=6.9.3 HTTP/1.1" 200 1882 "https://coachingpop.com/" "Mozilla/5.0 (Windows NT 10.0; Win64; x64) AppleWebKit/537.36 (KHTML, like Gecko) Chrome/105.0.0.0 Safari/537.36 Edg/105.0.1343.50"
188.84.173.152 coachingpop.com - [27/Sep/2022:09:13:17 +0200] "GET /wp-content/plugins/gdpr-compliance-cookie-consent/assets/css/styles.css?ver=6.0.2 HTTP/1.1" 200 521 "https://coachingpop.com/" "Mozilla/5.0 (Windows NT 10.0; Win64; x64) AppleWebKit/537.36 (KHTML, like Gecko) Chrome/105.0.0.0 Safari/537.36 Edg/105.0.1343.50"
188.84.173.152 coachingpop.com - [27/Sep/2022:09:13:17 +0200] "GET /wp-content/themes/masterstudy/assets/css/animate.css?ver=4.5.1 HTTP/1.1" 200 4042 "https://coachingpop.com/" "Mozilla/5.0 (Windows NT 10.0; Win64; x64) AppleWebKit/537.36 (KHTML, like Gecko) Chrome/105.0.0.0 Safari/537.36 Edg/105.0.1343.50"
188.84.173.152 coachingpop.com - [27/Sep/2022:09:13:17 +0200] "GET /wp-content/themes/masterstudy/assets/css/icomoon.fonts.css?ver=4.5.1 HTTP/1.1" 200 783 "https://coachingpop.com/" "Mozilla/5.0 (Windows NT 10.0; Win64; x64) AppleWebKit/537.36 (KHTML, like Gecko) Chrome/105.0.0.0 Safari/537.36 Edg/105.0.1343.50"
188.84.173.152 coachingpop.com - [27/Sep/2022:09:13:17 +0200] "GET /wp-content/plugins/flowpaper-lite-pdf-flipbook/assets/lity/lity.min.js HTTP/1.1" 200 2918 "https://coachingpop.com/" "Mozilla/5.0 (Windows NT 10.0; Win64; x64) AppleWebKit/537.36 (KHTML, like Gecko) Chrome/105.0.0.0 Safari/537.36 Edg/105.0.1343.50"
188.84.173.152 coachingpop.com - [27/Sep/2022:09:13:17 +0200] "GET /wp-includes/js/jquery/jquery.min.js?ver=3.6.0 HTTP/1.1" 200 30908 "https://coachingpop.com/" "Mozilla/5.0 (Windows NT 10.0; Win64; x64) AppleWebKit/537.36 (KHTML, like Gecko) Chrome/105.0.0.0 Safari/537.36 Edg/105.0.1343.50"
188.84.173.152 coachingpop.com - [27/Sep/2022:09:13:17 +0200] "GET /wp-content/plugins/masterstudy-elementor-widgets/assets/css/accordion.css?ver=1664261547 HTTP/1.1" 200 189 "https://coachingpop.com/" "Mozilla/5.0 (Windows NT 10.0; Win64; x64) AppleWebKit/537.36 (KHTML, like Gecko) Chrome/105.0.0.0 Safari/537.36 Edg/105.0.1343.50"
188.84.173.152 coachingpop.com - [27/Sep/2022:09:13:17 +0200] "GET /wp-content/plugins/masterstudy-elementor-widgets/assets/css/counter.css?ver=1664261547 HTTP/1.1" 200 80 "https://coachingpop.com/" "Mozilla/5.0 (Windows NT 10.0; Win64; x64) AppleWebKit/537.36 (KHTML, like Gecko) Chrome/105.0.0.0 Safari/537.36 Edg/105.0.1343.50"
188.84.173.152 coachingpop.com - [27/Sep/2022:09:13:17 +0200] "GET /wp-content/plugins/woocommerce/assets/js/jquery-blockui/jquery.blockUI.min.js?ver=2.7.0-wc.6.9.3 HTTP/1.1" 200 3499 "https://coachingpop.com/" "Mozilla/5.0 (Windows NT 10.0; Win64; x64) AppleWebKit/537.36 (KHTML, like Gecko) Chrome/105.0.0.0 Safari/537.36 Edg/105.0.1343.50"
188.84.173.152 coachingpop.com - [27/Sep/2022:09:13:17 +0200] "GET /wp-content/themes/masterstudy/assets/vendors/jquery.fancybox.min.css?ver=4.5.1 HTTP/1.1" 200 3096 "https://coachingpop.com/" "Mozilla/5.0 (Windows NT 10.0; Win64; x64) AppleWebKit/537.36 (KHTML, like Gecko) Chrome/105.0.0.0 Safari/537.36 Edg/105.0.1343.50"
188.84.173.152 coachingpop.com - [27/Sep/2022:09:13:17 +0200] "GET /wp-content/plugins/js_composer/assets/js/vendors/woocommerce-add-to-cart.js?ver=6.9.0 HTTP/1.1" 200 374 "https://coachingpop.com/" "Mozilla/5.0 (Windows NT 10.0; Win64; x64) AppleWebKit/537.36 (KHTML, like Gecko) Chrome/105.0.0.0 Safari/537.36 Edg/105.0.1343.50"
188.84.173.152 coachingpop.com - [27/Sep/2022:09:13:17 +0200] "GET /wp-content/themes/masterstudy/assets/css/font-awesome.min.css?ver=4.5.1 HTTP/1.1" 200 9978 "https://coachingpop.com/" "Mozilla/5.0 (Windows NT 10.0; Win64; x64) AppleWebKit/537.36 (KHTML, like Gecko) Chrome/105.0.0.0 Safari/537.36 Edg/105.0.1343.50"
188.84.173.152 coachingpop.com - [27/Sep/2022:09:13:17 +0200] "GET /wp-content/plugins/hide-price-add-to-cart-button/assets/js/jquery.popupoverlay.js?ver=1.0 HTTP/1.1" 200 5661 "https://coachingpop.com/" "Mozilla/5.0 (Windows NT 10.0; Win64; x64) AppleWebKit/537.36 (KHTML, like Gecko) Chrome/105.0.0.0 Safari/537.36 Edg/105.0.1343.50"
188.84.173.152 coachingpop.com - [27/Sep/2022:09:13:17 +0200] "GET /wp-content/themes/masterstudy/assets/linearicons/linear.css?ver=4.5.1 HTTP/1.1" 200 8582 "https://coachingpop.com/" "Mozilla/5.0 (Windows NT 10.0; Win64; x64) AppleWebKit/537.36 (KHTML, like Gecko) Chrome/105.0.0.0 Safari/537.36 Edg/105.0.1343.50"
188.84.173.152 coachingpop.com - [27/Sep/2022:09:13:17 +0200] "GET /wp-content/themes/masterstudy/assets/css/animation.css?ver=4.5.1 HTTP/1.1" 200 1794 "https://coachingpop.com/" "Mozilla/5.0 (Windows NT 10.0; Win64; x64) AppleWebKit/537.36 (KHTML, like Gecko) Chrome/105.0.0.0 Safari/537.36 Edg/105.0.1343.50"
188.84.173.152 coachingpop.com - [27/Sep/2022:09:13:17 +0200] "GET /wp-content/themes/masterstudy/assets/css/styles.css?ver=4.5.1 HTTP/1.1" 200 25508 "https://coachingpop.com/" "Mozilla/5.0 (Windows NT 10.0; Win64; x64) AppleWebKit/537.36 (KHTML, like Gecko) Chrome/105.0.0.0 Safari/537.36 Edg/105.0.1343.50"
188.84.173.152 coachingpop.com - [27/Sep/2022:09:13:17 +0200] "GET /wp-content/plugins/contact-form-7/includes/css/styles.css?ver=5.6.3 HTTP/1.1" 200 972 "https://coachingpop.com/" "Mozilla/5.0 (Windows NT 10.0; Win64; x64) AppleWebKit/537.36 (KHTML, like Gecko) Chrome/105.0.0.0 Safari/537.36 Edg/105.0.1343.50"
188.84.173.152 coachingpop.com - [27/Sep/2022:09:13:17 +0200] "GET /wp-content/themes/masterstudy/assets/css/vc_modules/headers/header_default.css?ver=4.5.1 HTTP/1.1" 200 551 "https://coachingpop.com/" "Mozilla/5.0 (Windows NT 10.0; Win64; x64) AppleWebKit/537.36 (KHTML, like Gecko) Chrome/105.0.0.0 Safari/537.36 Edg/105.0.1343.50"
188.84.173.152 coachingpop.com - [27/Sep/2022:09:13:17 +0200] "GET /wp-content/themes/masterstudy/assets/vendors/bootstrap.min.css?ver=4.5.1 HTTP/1.1" 200 11117 "https://coachingpop.com/" "Mozilla/5.0 (Windows NT 10.0; Win64; x64) AppleWebKit/537.36 (KHTML, like Gecko) Chrome/105.0.0.0 Safari/537.36 Edg/105.0.1343.50"
188.84.173.152 coachingpop.com - [27/Sep/2022:09:13:17 +0200] "GET /wp-content/themes/masterstudy/assets/css/rtl_demo/style.css?ver=4.5.1 HTTP/1.1" 200 438 "https://coachingpop.com/" "Mozilla/5.0 (Windows NT 10.0; Win64; x64) AppleWebKit/537.36 (KHTML, like Gecko) Chrome/105.0.0.0 Safari/537.36 Edg/105.0.1343.50"
188.84.173.152 coachingpop.com - [27/Sep/2022:09:13:17 +0200] "GET /wp-content/themes/masterstudy/assets/css/vc_modules/headers_transparent/header_default_transparent.css?ver=4.5.1 HTTP/1.1" 200 111 "https://coachingpop.com/" "Mozilla/5.0 (Windows NT 10.0; Win64; x64) AppleWebKit/537.36 (KHTML, like Gecko) Chrome/105.0.0.0 Safari/537.36 Edg/105.0.1343.50"
188.84.173.152 coachingpop.com - [27/Sep/2022:09:13:17 +0200] "GET /wp-content/themes/masterstudy/assets/layout_icons/language_center/style.css?ver=4.5.1 HTTP/1.1" 200 688 "https://coachingpop.com/" "Mozilla/5.0 (Windows NT 10.0; Win64; x64) AppleWebKit/537.36 (KHTML, like Gecko) Chrome/105.0.0.0 Safari/537.36 Edg/105.0.1343.50"
188.84.173.152 coachingpop.com - [27/Sep/2022:09:13:17 +0200] "GET /wp-content/themes/masterstudy/assets/css/vc_modules/stm_layout_styles/default.css?ver=4.5.1 HTTP/1.1" 200 362 "https://coachingpop.com/" "Mozilla/5.0 (Windows NT 10.0; Win64; x64) AppleWebKit/537.36 (KHTML, like Gecko) Chrome/105.0.0.0 Safari/537.36 Edg/105.0.1343.50"
188.84.173.152 coachingpop.com - [27/Sep/2022:09:13:17 +0200] "GET /wp-content/plugins/js_composer/assets/css/js_composer.min.css?ver=6.9.0 HTTP/1.1" 200 45824 "https://coachingpop.com/" "Mozilla/5.0 (Windows NT 10.0; Win64; x64) AppleWebKit/537.36 (KHTML, like Gecko) Chrome/105.0.0.0 Safari/537.36 Edg/105.0.1343.50"
188.84.173.152 coachingpop.com - [27/Sep/2022:09:13:17 +0200] "GET /wp-content/themes/masterstudy/assets/css/vc_modules/iconbox/style_1.css?ver=4.5.1 HTTP/1.1" 200 449 "https://coachingpop.com/" "Mozilla/5.0 (Windows NT 10.0; Win64; x64) AppleWebKit/537.36 (KHTML, like Gecko) Chrome/105.0.0.0 Safari/537.36 Edg/105.0.1343.50"
188.84.173.152 coachingpop.com - [27/Sep/2022:09:13:17 +0200] "GET /wp-content/themes/masterstudy/assets/css/owl.carousel.min.css?ver=4.5.1 HTTP/1.1" 200 959 "https://coachingpop.com/" "Mozilla/5.0 (Windows NT 10.0; Win64; x64) AppleWebKit/537.36 (KHTML, like Gecko) Chrome/105.0.0.0 Safari/537.36 Edg/105.0.1343.50"
188.84.173.152 coachingpop.com - [27/Sep/2022:09:13:17 +0200] "GET /wp-content/plugins/contact-form-7/includes/js/index.js?ver=5.6.3 HTTP/1.1" 200 3934 "https://coachingpop.com/" "Mozilla/5.0 (Windows NT 10.0; Win64; x64) AppleWebKit/537.36 (KHTML, like Gecko) Chrome/105.0.0.0 Safari/537.36 Edg/105.0.1343.50"
188.84.173.152 coachingpop.com - [27/Sep/2022:09:13:17 +0200] "GET /wp-content/plugins/woocommerce/assets/js/frontend/woocommerce.min.js?ver=6.9.3 HTTP/1.1" 200 794 "https://coachingpop.com/" "Mozilla/5.0 (Windows NT 10.0; Win64; x64) AppleWebKit/537.36 (KHTML, like Gecko) Chrome/105.0.0.0 Safari/537.36 Edg/105.0.1343.50"
188.84.173.152 coachingpop.com - [27/Sep/2022:09:13:17 +0200] "GET /wp-content/plugins/logo-carousel-free/public/assets/js/splc-script.min.js?ver=3.4.13 HTTP/1.1" 200 754 "https://coachingpop.com/" "Mozilla/5.0 (Windows NT 10.0; Win64; x64) AppleWebKit/537.36 (KHTML, like Gecko) Chrome/105.0.0.0 Safari/537.36 Edg/105.0.1343.50"
188.84.173.152 coachingpop.com - [27/Sep/2022:09:13:17 +0200] "GET /wp-content/plugins/woocommerce/assets/js/select2/select2.full.min.js?ver=4.0.3-wc.6.9.3 HTTP/1.1" 200 20837 "https://coachingpop.com/" "Mozilla/5.0 (Windows NT 10.0; Win64; x64) AppleWebKit/537.36 (KHTML, like Gecko) Chrome/105.0.0.0 Safari/537.36 Edg/105.0.1343.50"
188.84.173.152 coachingpop.com - [27/Sep/2022:09:13:17 +0200] "GET /wp-content/plugins/gdpr-compliance-cookie-consent/assets/js/scripts.js?ver=6.0.2 HTTP/1.1" 200 548 "https://coachingpop.com/" "Mozilla/5.0 (Windows NT 10.0; Win64; x64) AppleWebKit/537.36 (KHTML, like Gecko) Chrome/105.0.0.0 Safari/537.36 Edg/105.0.1343.50"
188.84.173.152 coachingpop.com - [27/Sep/2022:09:13:17 +0200] "GET /wp-content/plugins/woocommerce/assets/js/frontend/cart-fragments.min.js?ver=6.9.3 HTTP/1.1" 200 1039 "https://coachingpop.com/" "Mozilla/5.0 (Windows NT 10.0; Win64; x64) AppleWebKit/537.36 (KHTML, like Gecko) Chrome/105.0.0.0 Safari/537.36 Edg/105.0.1343.50"
188.84.173.152 coachingpop.com - [27/Sep/2022:09:13:17 +0200] "GET /wp-content/themes/masterstudy/assets/css/vc_modules/mailchimp/style_1.css?ver=4.5.1 HTTP/1.1" 200 119 "https://coachingpop.com/" "Mozilla/5.0 (Windows NT 10.0; Win64; x64) AppleWebKit/537.36 (KHTML, like Gecko) Chrome/105.0.0.0 Safari/537.36 Edg/105.0.1343.50"
188.84.173.152 coachingpop.com - [27/Sep/2022:09:13:17 +0200] "GET /wp-content/plugins/contact-form-7/includes/swv/js/index.js?ver=5.6.3 HTTP/1.1" 200 2914 "https://coachingpop.com/" "Mozilla/5.0 (Windows NT 10.0; Win64; x64) AppleWebKit/537.36 (KHTML, like Gecko) Chrome/105.0.0.0 Safari/537.36 Edg/105.0.1343.50"
188.84.173.152 coachingpop.com - [27/Sep/2022:09:13:17 +0200] "GET /wp-content/plugins/woocommerce/assets/js/js-cookie/js.cookie.min.js?ver=2.1.4-wc.6.9.3 HTTP/1.1" 200 982 "https://coachingpop.com/" "Mozilla/5.0 (Windows NT 10.0; Win64; x64) AppleWebKit/537.36 (KHTML, like Gecko) Chrome/105.0.0.0 Safari/537.36 Edg/105.0.1343.50"
188.84.173.152 coachingpop.com - [27/Sep/2022:09:13:17 +0200] "GET /wp-content/themes/masterstudy/assets/vendors/bootstrap.min.js?ver=4.5.1 HTTP/1.1" 200 7346 "https://coachingpop.com/" "Mozilla/5.0 (Windows NT 10.0; Win64; x64) AppleWebKit/537.36 (KHTML, like Gecko) Chrome/105.0.0.0 Safari/537.36 Edg/105.0.1343.50"
188.84.173.152 coachingpop.com - [27/Sep/2022:09:13:17 +0200] "GET /wp-content/themes/masterstudy/assets/vendors/jquery.fancybox.min.js?ver=4.5.1 HTTP/1.1" 200 22013 "https://coachingpop.com/" "Mozilla/5.0 (Windows NT 10.0; Win64; x64) AppleWebKit/537.36 (KHTML, like Gecko) Chrome/105.0.0.0 Safari/537.36 Edg/105.0.1343.50"
188.84.173.152 coachingpop.com - [27/Sep/2022:09:13:17 +0200] "GET /wp-content/themes/masterstudy/assets/css/vc_modules/color_separator/style_1.css?ver=4.5.1 HTTP/1.1" 200 209 "https://coachingpop.com/" "Mozilla/5.0 (Windows NT 10.0; Win64; x64) AppleWebKit/537.36 (KHTML, like Gecko) Chrome/105.0.0.0 Safari/537.36 Edg/105.0.1343.50"
188.84.173.152 coachingpop.com - [27/Sep/2022:09:13:17 +0200] "GET /wp-content/plugins/revslider/public/assets/js/rbtools.min.js?ver=6.5.17 HTTP/1.1" 200 48780 "https://coachingpop.com/" "Mozilla/5.0 (Windows NT 10.0; Win64; x64) AppleWebKit/537.36 (KHTML, like Gecko) Chrome/105.0.0.0 Safari/537.36 Edg/105.0.1343.50"
188.84.173.152 coachingpop.com - [27/Sep/2022:09:13:17 +0200] "GET /wp-includes/js/wp-emoji-release.min.js?ver=6.0.2 HTTP/1.1" 200 5009 "https://coachingpop.com/" "Mozilla/5.0 (Windows NT 10.0; Win64; x64) AppleWebKit/537.36 (KHTML, like Gecko) Chrome/105.0.0.0 Safari/537.36 Edg/105.0.1343.50"
188.84.173.152 coachingpop.com - [27/Sep/2022:09:13:17 +0200] "GET /wp-content/themes/masterstudy/assets/css/vc_modules/testimonials/style_1.css?ver=4.5.1 HTTP/1.1" 200 344 "https://coachingpop.com/" "Mozilla/5.0 (Windows NT 10.0; Win64; x64) AppleWebKit/537.36 (KHTML, like Gecko) Chrome/105.0.0.0 Safari/537.36 Edg/105.0.1343.50"
188.84.173.152 coachingpop.com - [27/Sep/2022:09:13:17 +0200] "GET /wp-content/plugins/revslider/public/assets/css/rs6.css?ver=6.5.17 HTTP/1.1" 200 12293 "https://coachingpop.com/" "Mozilla/5.0 (Windows NT 10.0; Win64; x64) AppleWebKit/537.36 (KHTML, like Gecko) Chrome/105.0.0.0 Safari/537.36 Edg/105.0.1343.50"
188.84.173.152 coachingpop.com - [27/Sep/2022:09:13:17 +0200] "GET /wp-content/plugins/revslider/public/assets/js/rs6.min.js?ver=6.5.17 HTTP/1.1" 200 100900 "https://coachingpop.com/" "Mozilla/5.0 (Windows NT 10.0; Win64; x64) AppleWebKit/537.36 (KHTML, like Gecko) Chrome/105.0.0.0 Safari/537.36 Edg/105.0.1343.50"
188.84.173.152 coachingpop.com - [27/Sep/2022:09:13:17 +0200] "GET /wp-content/plugins/wp-smushit/app/assets/js/smush-lazy-load.min.js?ver=3.11.1 HTTP/1.1" 200 3684 "https://coachingpop.com/" "Mozilla/5.0 (Windows NT 10.0; Win64; x64) AppleWebKit/537.36 (KHTML, like Gecko) Chrome/105.0.0.0 Safari/537.36 Edg/105.0.1343.50"
188.84.173.152 coachingpop.com - [27/Sep/2022:09:13:17 +0200] "GET /wp-content/themes/masterstudy/assets/js/custom.js?ver=4.5.1 HTTP/1.1" 200 3493 "https://coachingpop.com/" "Mozilla/5.0 (Windows NT 10.0; Win64; x64) AppleWebKit/537.36 (KHTML, like Gecko) Chrome/105.0.0.0 Safari/537.36 Edg/105.0.1343.50"
188.84.173.152 coachingpop.com - [27/Sep/2022:09:13:17 +0200] "GET /wp-content/plugins/logo-carousel-free/public/assets/js/swiper-bundle.min.js?ver=3.4.13 HTTP/1.1" 200 44965 "https://coachingpop.com/" "Mozilla/5.0 (Windows NT 10.0; Win64; x64) AppleWebKit/537.36 (KHTML, like Gecko) Chrome/105.0.0.0 Safari/537.36 Edg/105.0.1343.50"
188.84.173.152 coachingpop.com - [27/Sep/2022:09:13:17 +0200] "GET /wp-content/themes/masterstudy/assets/js/ajax.submit.js?ver=4.5.1 HTTP/1.1" 200 6573 "https://coachingpop.com/" "Mozilla/5.0 (Windows NT 10.0; Win64; x64) AppleWebKit/537.36 (KHTML, like Gecko) Chrome/105.0.0.0 Safari/537.36 Edg/105.0.1343.50"
188.84.173.152 coachingpop.com - [27/Sep/2022:09:13:17 +0200] "GET /wp-content/plugins/revslider/public/assets/assets/dummy.png HTTP/1.1" 200 68 "https://coachingpop.com/" "Mozilla/5.0 (Windows NT 10.0; Win64; x64) AppleWebKit/537.36 (KHTML, like Gecko) Chrome/105.0.0.0 Safari/537.36 Edg/105.0.1343.50"
188.84.173.152 coachingpop.com - [27/Sep/2022:09:13:17 +0200] "GET /wp-content/plugins/js_composer/assets/js/dist/js_composer_front.min.js?ver=6.9.0 HTTP/1.1" 200 5723 "https://coachingpop.com/" "Mozilla/5.0 (Windows NT 10.0; Win64; x64) AppleWebKit/537.36 (KHTML, like Gecko) Chrome/105.0.0.0 Safari/537.36 Edg/105.0.1343.50"
188.84.173.152 coachingpop.com - [27/Sep/2022:09:13:17 +0200] "GET /wp-content/themes/masterstudy/assets/js/owl.carousel.js?ver=4.5.1 HTTP/1.1" 200 12970 "https://coachingpop.com/" "Mozilla/5.0 (Windows NT 10.0; Win64; x64) AppleWebKit/537.36 (KHTML, like Gecko) Chrome/105.0.0.0 Safari/537.36 Edg/105.0.1343.50"
188.84.173.152 coachingpop.com - [27/Sep/2022:09:13:17 +0200] "GET /wp-content/plugins/woocommerce-paypal-payments/modules/ppcp-button/assets/js/button.js?ver=1.9.3 HTTP/1.1" 200 60191 "https://coachingpop.com/" "Mozilla/5.0 (Windows NT 10.0; Win64; x64) AppleWebKit/537.36 (KHTML, like Gecko) Chrome/105.0.0.0 Safari/537.36 Edg/105.0.1343.50"
188.84.173.152 coachingpop.com - [27/Sep/2022:09:13:17 +0200] "GET /wp-content/uploads/2022/06/logo_coachingpop.png HTTP/1.1" 200 9547 "https://coachingpop.com/" "Mozilla/5.0 (Windows NT 10.0; Win64; x64) AppleWebKit/537.36 (KHTML, like Gecko) Chrome/105.0.0.0 Safari/537.36 Edg/105.0.1343.50"
188.84.173.152 coachingpop.com - [27/Sep/2022:09:13:17 +0200] "GET /wp-content/themes/masterstudy/assets/webfonts/fa-solid-900.woff2 HTTP/1.1" 200 59572 "https://coachingpop.com/wp-content/themes/masterstudy/assets/css/font-awesome.min.css?ver=4.5.1" "Mozilla/5.0 (Windows NT 10.0; Win64; x64) AppleWebKit/537.36 (KHTML, like Gecko) Chrome/105.0.0.0 Safari/537.36 Edg/105.0.1343.50"
188.84.173.152 coachingpop.com - [27/Sep/2022:09:13:17 +0200] "GET /wp-content/themes/masterstudy/assets/webfonts/fa-brands-400.woff2 HTTP/1.1" 200 63376 "https://coachingpop.com/wp-content/themes/masterstudy/assets/css/font-awesome.min.css?ver=4.5.1" "Mozilla/5.0 (Windows NT 10.0; Win64; x64) AppleWebKit/537.36 (KHTML, like Gecko) Chrome/105.0.0.0 Safari/537.36 Edg/105.0.1343.50"
188.84.173.152 coachingpop.com - [27/Sep/2022:09:13:17 +0200] "GET /wp-content/themes/masterstudy/assets/js/vc_modules/testimonials/style_1.js?ver=4.5.1 HTTP/1.1" 200 496 "https://coachingpop.com/" "Mozilla/5.0 (Windows NT 10.0; Win64; x64) AppleWebKit/537.36 (KHTML, like Gecko) Chrome/105.0.0.0 Safari/537.36 Edg/105.0.1343.50"
188.84.173.152 coachingpop.com - [27/Sep/2022:09:13:17 +0200] "GET /wp-content/themes/masterstudy/assets/fonts/icomoon.ttf?c9eman HTTP/1.1" 200 21812 "https://coachingpop.com/wp-content/themes/masterstudy/assets/css/icomoon.fonts.css?ver=4.5.1" "Mozilla/5.0 (Windows NT 10.0; Win64; x64) AppleWebKit/537.36 (KHTML, like Gecko) Chrome/105.0.0.0 Safari/537.36 Edg/105.0.1343.50"
188.84.173.152 coachingpop.com - [27/Sep/2022:09:13:18 +0200] "GET /wp-content/plugins/revslider/public/assets/assets/loader.gif HTTP/1.1" 200 2545 "https://coachingpop.com/wp-content/plugins/revslider/public/assets/css/rs6.css?ver=6.5.17" "Mozilla/5.0 (Windows NT 10.0; Win64; x64) AppleWebKit/537.36 (KHTML, like Gecko) Chrome/105.0.0.0 Safari/537.36 Edg/105.0.1343.50"
188.84.173.152 coachingpop.com - [27/Sep/2022:09:13:18 +0200] "GET /wp-content/uploads/2022/06/slider2.jpg HTTP/1.1" 200 150364 "https://coachingpop.com/" "Mozilla/5.0 (Windows NT 10.0; Win64; x64) AppleWebKit/537.36 (KHTML, like Gecko) Chrome/105.0.0.0 Safari/537.36 Edg/105.0.1343.50"
188.84.173.152 coachingpop.com - [27/Sep/2022:09:13:18 +0200] "GET /wp-content/uploads/2022/09/slide1.jpg HTTP/1.1" 200 76242 "https://coachingpop.com/" "Mozilla/5.0 (Windows NT 10.0; Win64; x64) AppleWebKit/537.36 (KHTML, like Gecko) Chrome/105.0.0.0 Safari/537.36 Edg/105.0.1343.50"
188.84.173.152 coachingpop.com - [27/Sep/2022:09:13:18 +0200] "GET /wp-content/uploads/2022/08/iStock-1214278807.jpg HTTP/1.1" 200 1463159 "https://coachingpop.com/" "Mozilla/5.0 (Windows NT 10.0; Win64; x64) AppleWebKit/537.36 (KHTML, like Gecko) Chrome/105.0.0.0 Safari/537.36 Edg/105.0.1343.50"
188.84.173.152 coachingpop.com - [27/Sep/2022:09:13:19 +0200] "GET /wp-content/themes/masterstudy/favicon.ico HTTP/1.1" 200 1150 "https://coachingpop.com/" "Mozilla/5.0 (Windows NT 10.0; Win64; x64) AppleWebKit/537.36 (KHTML, like Gecko) Chrome/105.0.0.0 Safari/537.36 Edg/105.0.1343.50"
51.68.11.195 catalogo.coachingpop.com - [27/Sep/2022:09:14:08 +0200] "POST /wp-cron.php?doing_wp_cron=1664262848.6233649253845214843750 HTTP/1.1" 200 25 "https://catalogo.coachingpop.com/wp-cron.php?doing_wp_cron=1664262848.6233649253845214843750" "WordPress/6.0.2; https://catalogo.coachingpop.com"
81.36.175.180 catalogo.coachingpop.com - [27/Sep/2022:09:10:04 +0200] "POST /wp-admin/admin-ajax.php HTTP/1.1" 200 47 "https://catalogo.coachingpop.com/wp-admin/admin.php?page=wc-admin" "Mozilla/5.0 (Windows NT 10.0; Win64; x64) AppleWebKit/537.36 (KHTML, like Gecko) Chrome/105.0.0.0 Safari/537.36"
81.36.175.180 catalogo.coachingpop.com - [27/Sep/2022:09:10:33 +0200] "POST /wp-admin/admin-ajax.php HTTP/1.1" 200 47 "https://catalogo.coachingpop.com/wp-admin/edit.php?post_type=product" "Mozilla/5.0 (Windows NT 10.0; Win64; x64) AppleWebKit/537.36 (KHTML, like Gecko) Chrome/105.0.0.0 Safari/537.36"
81.36.175.180 catalogo.coachingpop.com - [27/Sep/2022:09:12:05 +0200] "POST /wp-admin/admin-ajax.php HTTP/1.1" 200 47 "https://catalogo.coachingpop.com/wp-admin/admin.php?page=wc-admin" "Mozilla/5.0 (Windows NT 10.0; Win64; x64) AppleWebKit/537.36 (KHTML, like Gecko) Chrome/105.0.0.0 Safari/537.36"
81.36.175.180 catalogo.coachingpop.com - [27/Sep/2022:09:12:34 +0200] "POST /wp-admin/admin-ajax.php HTTP/1.1" 200 47 "https://catalogo.coachingpop.com/wp-admin/edit.php?post_type=product" "Mozilla/5.0 (Windows NT 10.0; Win64; x64) AppleWebKit/537.36 (KHTML, like Gecko) Chrome/105.0.0.0 Safari/537.36"
81.36.175.180 catalogo.coachingpop.com - [27/Sep/2022:09:14:06 +0200] "POST /wp-admin/admin-ajax.php HTTP/1.1" 200 47 "https://catalogo.coachingpop.com/wp-admin/admin.php?page=wc-admin" "Mozilla/5.0 (Windows NT 10.0; Win64; x64) AppleWebKit/537.36 (KHTML, like Gecko) Chrome/105.0.0.0 Safari/537.36"
81.36.175.180 catalogo.coachingpop.com - [27/Sep/2022:09:14:35 +0200] "POST /wp-admin/admin-ajax.php HTTP/1.1" 200 47 "https://catalogo.coachingpop.com/wp-admin/edit.php?post_type=product" "Mozilla/5.0 (Windows NT 10.0; Win64; x64) AppleWebKit/537.36 (KHTML, like Gecko) Chrome/105.0.0.0 Safari/537.36"
51.68.11.195 catalogo.coachingpop.com - [27/Sep/2022:09:16:09 +0200] "POST /wp-cron.php?doing_wp_cron=1664262969.0424489974975585937500 HTTP/1.1" 200 25 "https://catalogo.coachingpop.com/wp-cron.php?doing_wp_cron=1664262969.0424489974975585937500" "WordPress/6.0.2; https://catalogo.coachingpop.com"
51.68.11.195 catalogo.coachingpop.com - [27/Sep/2022:09:18:10 +0200] "POST /wp-cron.php?doing_wp_cron=1664263090.6966829299926757812500 HTTP/1.1" 200 25 "https://catalogo.coachingpop.com/wp-cron.php?doing_wp_cron=1664263090.6966829299926757812500" "WordPress/6.0.2; https://catalogo.coachingpop.com"
81.36.175.180 catalogo.coachingpop.com - [27/Sep/2022:09:16:07 +0200] "POST /wp-admin/admin-ajax.php HTTP/1.1" 200 47 "https://catalogo.coachingpop.com/wp-admin/admin.php?page=wc-admin" "Mozilla/5.0 (Windows NT 10.0; Win64; x64) AppleWebKit/537.36 (KHTML, like Gecko) Chrome/105.0.0.0 Safari/537.36"
81.36.175.180 catalogo.coachingpop.com - [27/Sep/2022:09:16:36 +0200] "POST /wp-admin/admin-ajax.php HTTP/1.1" 200 47 "https://catalogo.coachingpop.com/wp-admin/edit.php?post_type=product" "Mozilla/5.0 (Windows NT 10.0; Win64; x64) AppleWebKit/537.36 (KHTML, like Gecko) Chrome/105.0.0.0 Safari/537.36"
81.36.175.180 catalogo.coachingpop.com - [27/Sep/2022:09:18:08 +0200] "POST /wp-admin/admin-ajax.php HTTP/1.1" 200 47 "https://catalogo.coachingpop.com/wp-admin/admin.php?page=wc-admin" "Mozilla/5.0 (Windows NT 10.0; Win64; x64) AppleWebKit/537.36 (KHTML, like Gecko) Chrome/105.0.0.0 Safari/537.36"
81.36.175.180 catalogo.coachingpop.com - [27/Sep/2022:09:18:37 +0200] "POST /wp-admin/admin-ajax.php HTTP/1.1" 200 47 "https://catalogo.coachingpop.com/wp-admin/edit.php?post_type=product" "Mozilla/5.0 (Windows NT 10.0; Win64; x64) AppleWebKit/537.36 (KHTML, like Gecko) Chrome/105.0.0.0 Safari/537.36"
81.36.175.180 catalogo.coachingpop.com - [27/Sep/2022:09:20:09 +0200] "POST /wp-admin/admin-ajax.php HTTP/1.1" 200 47 "https://catalogo.coachingpop.com/wp-admin/admin.php?page=wc-admin" "Mozilla/5.0 (Windows NT 10.0; Win64; x64) AppleWebKit/537.36 (KHTML, like Gecko) Chrome/105.0.0.0 Safari/537.36"
188.84.173.152 coachingpop.com - [27/Sep/2022:09:19:48 +0200] "GET /wp-content/uploads/2022/06/slider1.jpg HTTP/1.1" 200 295854 "https://coachingpop.com/" "Mozilla/5.0 (Windows NT 10.0; Win64; x64) AppleWebKit/537.36 (KHTML, like Gecko) Chrome/105.0.0.0 Safari/537.36 Edg/105.0.1343.50"
51.68.11.195 catalogo.coachingpop.com - [27/Sep/2022:09:20:11 +0200] "POST /wp-cron.php?doing_wp_cron=1664263210.9963788986206054687500 HTTP/1.1" 200 25 "https://catalogo.coachingpop.com/wp-cron.php?doing_wp_cron=1664263210.9963788986206054687500" "WordPress/6.0.2; https://catalogo.coachingpop.com"
51.68.11.195 coachingpop.com - [27/Sep/2022:09:20:39 +0200] "POST /wp-cron.php?doing_wp_cron=1664263239.3083240985870361328125 HTTP/1.1" 200 25 "https://coachingpop.com/wp-cron.php?doing_wp_cron=1664263239.3083240985870361328125" "WordPress/6.0.2; https://coachingpop.com"
51.68.11.195 catalogo.coachingpop.com - [27/Sep/2022:09:22:12 +0200] "POST /wp-cron.php?doing_wp_cron=1664263332.2470440864562988281250 HTTP/1.1" 200 25 "https://catalogo.coachingpop.com/wp-cron.php?doing_wp_cron=1664263332.2470440864562988281250" "WordPress/6.0.2; https://catalogo.coachingpop.com"
51.68.11.195 catalogo.coachingpop.com - [27/Sep/2022:09:24:14 +0200] "POST /wp-cron.php?doing_wp_cron=1664263454.3919780254364013671875 HTTP/1.1" 200 25 "https://catalogo.coachingpop.com/wp-cron.php?doing_wp_cron=1664263454.3919780254364013671875" "WordPress/6.0.2; https://catalogo.coachingpop.com"
157.55.39.101 coachingpop.com - [27/Sep/2022:09:20:35 +0200] "GET /author-sitemap.xml HTTP/1.1" 200 371 "-" "Mozilla/5.0 (compatible; bingbot/2.0; +http://www.bing.com/bingbot.htm)"
81.36.175.180 catalogo.coachingpop.com - [27/Sep/2022:09:20:38 +0200] "POST /wp-admin/admin-ajax.php HTTP/1.1" 200 47 "https://catalogo.coachingpop.com/wp-admin/edit.php?post_type=product" "Mozilla/5.0 (Windows NT 10.0; Win64; x64) AppleWebKit/537.36 (KHTML, like Gecko) Chrome/105.0.0.0 Safari/537.36"
81.36.175.180 catalogo.coachingpop.com - [27/Sep/2022:09:22:10 +0200] "POST /wp-admin/admin-ajax.php HTTP/1.1" 200 47 "https://catalogo.coachingpop.com/wp-admin/admin.php?page=wc-admin" "Mozilla/5.0 (Windows NT 10.0; Win64; x64) AppleWebKit/537.36 (KHTML, like Gecko) Chrome/105.0.0.0 Safari/537.36"
81.36.175.180 catalogo.coachingpop.com - [27/Sep/2022:09:22:39 +0200] "POST /wp-admin/admin-ajax.php HTTP/1.1" 200 47 "https://catalogo.coachingpop.com/wp-admin/edit.php?post_type=product" "Mozilla/5.0 (Windows NT 10.0; Win64; x64) AppleWebKit/537.36 (KHTML, like Gecko) Chrome/105.0.0.0 Safari/537.36"
81.36.175.180 catalogo.coachingpop.com - [27/Sep/2022:09:24:11 +0200] "POST /wp-admin/admin-ajax.php HTTP/1.1" 200 47 "https://catalogo.coachingpop.com/wp-admin/admin.php?page=wc-admin" "Mozilla/5.0 (Windows NT 10.0; Win64; x64) AppleWebKit/537.36 (KHTML, like Gecko) Chrome/105.0.0.0 Safari/537.36"
51.68.11.195 coachingpop.com - [27/Sep/2022:09:25:27 +0200] "POST /wp-cron.php?doing_wp_cron=1664263526.9807898998260498046875 HTTP/1.1" 200 25 "https://coachingpop.com/wp-cron.php?doing_wp_cron=1664263526.9807898998260498046875" "WordPress/6.0.2; https://coachingpop.com"
40.77.167.83 coachingpop.com - [27/Sep/2022:09:25:25 +0200] "GET /gallery-sitemap.xml HTTP/1.1" 200 712 "-" "Mozilla/5.0 (compatible; bingbot/2.0; +http://www.bing.com/bingbot.htm)"
51.68.11.195 catalogo.coachingpop.com - [27/Sep/2022:09:26:14 +0200] "POST /wp-cron.php?doing_wp_cron=1664263574.7408869266510009765625 HTTP/1.1" 200 25 "https://catalogo.coachingpop.com/wp-cron.php?doing_wp_cron=1664263574.7408869266510009765625" "WordPress/6.0.2; https://catalogo.coachingpop.com"
51.68.11.195 coachingpop.com - [27/Sep/2022:09:26:23 +0200] "POST /wp-cron.php?doing_wp_cron=1664263583.4688239097595214843750 HTTP/1.1" 200 25 "https://coachingpop.com/wp-cron.php?doing_wp_cron=1664263583.4688239097595214843750" "WordPress/6.0.2; https://coachingpop.com"
88.214.28.139 coachingpop.com - [27/Sep/2022:09:26:21 +0200] "POST /xmlrpc.php HTTP/1.1" 200 491 "-" "Mozilla/5.0 (Windows NT 10.0; Win64; x64) AppleWebKit/537.36 (KHTML, like Gecko) Chrome/91.0.4472.114 Safari/537.36"
121.5.128.87 coachingpop.com - [27/Sep/2022:09:26:23 +0200] "POST /xmlrpc.php HTTP/1.1" 200 493 "-" "Mozilla/5.0 (Windows NT 6.1; WOW64; rv:50.0) Gecko/20100101 Firefox/50.0"
121.5.128.87 coachingpop.com - [27/Sep/2022:09:26:30 +0200] "POST /xmlrpc.php HTTP/1.1" 403 - "-" "Mozilla/5.0 (Windows NT 10.0; Win64; x64) AppleWebKit/537.36 (KHTML, like Gecko) Chrome/81.0.4044.138 Safari/537.36"
104.248.47.126 coachingpop.com - [27/Sep/2022:09:26:46 +0200] "POST /xmlrpc.php HTTP/1.1" 403 - "-" "Mozilla/5.0 (Windows NT 10.0; Win64; x64) AppleWebKit/537.36 (KHTML, like Gecko) Chrome/67.0.3396.99 Safari/537.36"
175.24.130.140 coachingpop.com - [27/Sep/2022:09:26:51 +0200] "POST /xmlrpc.php HTTP/1.1" 200 422 "-" "Mozilla/5.0 (Windows NT 6.1; rv:52.0) Gecko/20100101 Firefox/52.0"
136.144.179.78 coachingpop.com - [27/Sep/2022:09:26:55 +0200] "POST /xmlrpc.php HTTP/1.1" 200 422 "-" "Mozilla/5.0 (Windows NT 10.0; Win64; x64; rv:85.0) Gecko/20100101 Firefox/85.0"
