51.68.11.195 catalogo.coachingpop.com - [27/Sep/2022:13:59:01 +0200] "POST /wp-cron.php?doing_wp_cron=1664279941.3685970306396484375000 HTTP/1.1" 200 25 "https://catalogo.coachingpop.com/wp-cron.php?doing_wp_cron=1664279941.3685970306396484375000" "WordPress/6.0.2; https://catalogo.coachingpop.com"
81.36.175.180 catalogo.coachingpop.com - [27/Sep/2022:13:56:25 +0200] "POST /wp-admin/admin-ajax.php HTTP/1.1" 200 47 "https://catalogo.coachingpop.com/wp-admin/admin.php?page=wc-admin" "Mozilla/5.0 (Windows NT 10.0; Win64; x64) AppleWebKit/537.36 (KHTML, like Gecko) Chrome/105.0.0.0 Safari/537.36"
81.36.175.180 catalogo.coachingpop.com - [27/Sep/2022:13:56:58 +0200] "POST /wp-admin/admin-ajax.php HTTP/1.1" 200 47 "https://catalogo.coachingpop.com/wp-admin/edit.php?post_type=product" "Mozilla/5.0 (Windows NT 10.0; Win64; x64) AppleWebKit/537.36 (KHTML, like Gecko) Chrome/105.0.0.0 Safari/537.36"
81.36.175.180 catalogo.coachingpop.com - [27/Sep/2022:13:58:26 +0200] "POST /wp-admin/admin-ajax.php HTTP/1.1" 200 47 "https://catalogo.coachingpop.com/wp-admin/admin.php?page=wc-admin" "Mozilla/5.0 (Windows NT 10.0; Win64; x64) AppleWebKit/537.36 (KHTML, like Gecko) Chrome/105.0.0.0 Safari/537.36"
81.36.175.180 catalogo.coachingpop.com - [27/Sep/2022:13:58:59 +0200] "POST /wp-admin/admin-ajax.php HTTP/1.1" 200 47 "https://catalogo.coachingpop.com/wp-admin/edit.php?post_type=product" "Mozilla/5.0 (Windows NT 10.0; Win64; x64) AppleWebKit/537.36 (KHTML, like Gecko) Chrome/105.0.0.0 Safari/537.36"
51.68.11.195 catalogo.coachingpop.com - [27/Sep/2022:14:00:29 +0200] "POST /wp-cron.php?doing_wp_cron=1664280029.3351919651031494140625 HTTP/1.1" 200 25 "https://catalogo.coachingpop.com/wp-cron.php?doing_wp_cron=1664280029.3351919651031494140625" "WordPress/6.0.2; https://catalogo.coachingpop.com"
51.68.11.195 catalogo.coachingpop.com - [27/Sep/2022:14:01:02 +0200] "POST /wp-cron.php?doing_wp_cron=1664280062.1021308898925781250000 HTTP/1.1" 200 25 "https://catalogo.coachingpop.com/wp-cron.php?doing_wp_cron=1664280062.1021308898925781250000" "WordPress/6.0.2; https://catalogo.coachingpop.com"
51.68.11.195 catalogo.coachingpop.com - [27/Sep/2022:14:02:30 +0200] "POST /wp-cron.php?doing_wp_cron=1664280150.5118780136108398437500 HTTP/1.1" 200 25 "https://catalogo.coachingpop.com/wp-cron.php?doing_wp_cron=1664280150.5118780136108398437500" "WordPress/6.0.2; https://catalogo.coachingpop.com"
51.68.11.195 catalogo.coachingpop.com - [27/Sep/2022:14:03:03 +0200] "POST /wp-cron.php?doing_wp_cron=1664280183.3593049049377441406250 HTTP/1.1" 200 25 "https://catalogo.coachingpop.com/wp-cron.php?doing_wp_cron=1664280183.3593049049377441406250" "WordPress/6.0.2; https://catalogo.coachingpop.com"
51.68.11.195 catalogo.coachingpop.com - [27/Sep/2022:14:04:31 +0200] "POST /wp-cron.php?doing_wp_cron=1664280271.4803640842437744140625 HTTP/1.1" 200 25 "https://catalogo.coachingpop.com/wp-cron.php?doing_wp_cron=1664280271.4803640842437744140625" "WordPress/6.0.2; https://catalogo.coachingpop.com"
51.68.11.195 catalogo.coachingpop.com - [27/Sep/2022:14:05:04 +0200] "POST /wp-cron.php?doing_wp_cron=1664280304.5280120372772216796875 HTTP/1.1" 200 25 "https://catalogo.coachingpop.com/wp-cron.php?doing_wp_cron=1664280304.5280120372772216796875" "WordPress/6.0.2; https://catalogo.coachingpop.com"
81.36.175.180 catalogo.coachingpop.com - [27/Sep/2022:14:00:27 +0200] "POST /wp-admin/admin-ajax.php HTTP/1.1" 200 104 "https://catalogo.coachingpop.com/wp-admin/admin.php?page=wc-admin" "Mozilla/5.0 (Windows NT 10.0; Win64; x64) AppleWebKit/537.36 (KHTML, like Gecko) Chrome/105.0.0.0 Safari/537.36"
81.36.175.180 catalogo.coachingpop.com - [27/Sep/2022:14:01:00 +0200] "POST /wp-admin/admin-ajax.php HTTP/1.1" 200 104 "https://catalogo.coachingpop.com/wp-admin/edit.php?post_type=product" "Mozilla/5.0 (Windows NT 10.0; Win64; x64) AppleWebKit/537.36 (KHTML, like Gecko) Chrome/105.0.0.0 Safari/537.36"
81.36.175.180 catalogo.coachingpop.com - [27/Sep/2022:14:02:28 +0200] "POST /wp-admin/admin-ajax.php HTTP/1.1" 200 47 "https://catalogo.coachingpop.com/wp-admin/admin.php?page=wc-admin" "Mozilla/5.0 (Windows NT 10.0; Win64; x64) AppleWebKit/537.36 (KHTML, like Gecko) Chrome/105.0.0.0 Safari/537.36"
81.36.175.180 catalogo.coachingpop.com - [27/Sep/2022:14:03:01 +0200] "POST /wp-admin/admin-ajax.php HTTP/1.1" 200 47 "https://catalogo.coachingpop.com/wp-admin/edit.php?post_type=product" "Mozilla/5.0 (Windows NT 10.0; Win64; x64) AppleWebKit/537.36 (KHTML, like Gecko) Chrome/105.0.0.0 Safari/537.36"
87.98.231.4 coachingpop.com - [27/Sep/2022:14:03:15 +0200] "POST /wp-cron.php?doing_wp_cron=1664280195.2183909416198730468750 HTTP/1.1" 200 25 "http://coachingpop.com/wp-cron.php?doing_wp_cron=1664280195.2183909416198730468750" "WordPress/6.0.2; https://coachingpop.com"
114.119.139.220 coachingpop.com - [27/Sep/2022:14:03:13 +0200] "GET /category/convocatorias-de-cursos/ HTTP/1.1" 404 58138 "http://coachingpop.com/2016/03/28/percepcion/" "Mozilla/5.0 (Linux; Android 7.0;) AppleWebKit/537.36 (KHTML, like Gecko) Mobile Safari/537.36 (compatible; PetalBot;+https://webmaster.petalsearch.com/site/petalbot)"
51.68.11.195 catalogo.coachingpop.com - [27/Sep/2022:14:06:32 +0200] "POST /wp-cron.php?doing_wp_cron=1664280392.3987240791320800781250 HTTP/1.1" 200 25 "https://catalogo.coachingpop.com/wp-cron.php?doing_wp_cron=1664280392.3987240791320800781250" "WordPress/6.0.2; https://catalogo.coachingpop.com"
51.68.11.195 catalogo.coachingpop.com - [27/Sep/2022:14:07:05 +0200] "POST /wp-cron.php?doing_wp_cron=1664280425.6032419204711914062500 HTTP/1.1" 200 25 "https://catalogo.coachingpop.com/wp-cron.php?doing_wp_cron=1664280425.6032419204711914062500" "WordPress/6.0.2; https://catalogo.coachingpop.com"
51.68.11.195 catalogo.coachingpop.com - [27/Sep/2022:14:08:33 +0200] "POST /wp-cron.php?doing_wp_cron=1664280513.2944459915161132812500 HTTP/1.1" 200 25 "https://catalogo.coachingpop.com/wp-cron.php?doing_wp_cron=1664280513.2944459915161132812500" "WordPress/6.0.2; https://catalogo.coachingpop.com"
51.68.11.195 catalogo.coachingpop.com - [27/Sep/2022:14:09:06 +0200] "POST /wp-cron.php?doing_wp_cron=1664280546.3355910778045654296875 HTTP/1.1" 200 25 "https://catalogo.coachingpop.com/wp-cron.php?doing_wp_cron=1664280546.3355910778045654296875" "WordPress/6.0.2; https://catalogo.coachingpop.com"
81.36.175.180 catalogo.coachingpop.com - [27/Sep/2022:14:04:29 +0200] "POST /wp-admin/admin-ajax.php HTTP/1.1" 200 47 "https://catalogo.coachingpop.com/wp-admin/admin.php?page=wc-admin" "Mozilla/5.0 (Windows NT 10.0; Win64; x64) AppleWebKit/537.36 (KHTML, like Gecko) Chrome/105.0.0.0 Safari/537.36"
81.36.175.180 catalogo.coachingpop.com - [27/Sep/2022:14:05:02 +0200] "POST /wp-admin/admin-ajax.php HTTP/1.1" 200 47 "https://catalogo.coachingpop.com/wp-admin/edit.php?post_type=product" "Mozilla/5.0 (Windows NT 10.0; Win64; x64) AppleWebKit/537.36 (KHTML, like Gecko) Chrome/105.0.0.0 Safari/537.36"
81.36.175.180 catalogo.coachingpop.com - [27/Sep/2022:14:06:30 +0200] "POST /wp-admin/admin-ajax.php HTTP/1.1" 200 47 "https://catalogo.coachingpop.com/wp-admin/admin.php?page=wc-admin" "Mozilla/5.0 (Windows NT 10.0; Win64; x64) AppleWebKit/537.36 (KHTML, like Gecko) Chrome/105.0.0.0 Safari/537.36"
81.36.175.180 catalogo.coachingpop.com - [27/Sep/2022:14:07:03 +0200] "POST /wp-admin/admin-ajax.php HTTP/1.1" 200 47 "https://catalogo.coachingpop.com/wp-admin/edit.php?post_type=product" "Mozilla/5.0 (Windows NT 10.0; Win64; x64) AppleWebKit/537.36 (KHTML, like Gecko) Chrome/105.0.0.0 Safari/537.36"
81.36.175.180 catalogo.coachingpop.com - [27/Sep/2022:14:08:31 +0200] "POST /wp-admin/admin-ajax.php HTTP/1.1" 200 47 "https://catalogo.coachingpop.com/wp-admin/admin.php?page=wc-admin" "Mozilla/5.0 (Windows NT 10.0; Win64; x64) AppleWebKit/537.36 (KHTML, like Gecko) Chrome/105.0.0.0 Safari/537.36"
81.36.175.180 catalogo.coachingpop.com - [27/Sep/2022:14:09:04 +0200] "POST /wp-admin/admin-ajax.php HTTP/1.1" 200 47 "https://catalogo.coachingpop.com/wp-admin/edit.php?post_type=product" "Mozilla/5.0 (Windows NT 10.0; Win64; x64) AppleWebKit/537.36 (KHTML, like Gecko) Chrome/105.0.0.0 Safari/537.36"
51.68.11.195 catalogo.coachingpop.com - [27/Sep/2022:14:10:34 +0200] "POST /wp-cron.php?doing_wp_cron=1664280634.4424350261688232421875 HTTP/1.1" 200 25 "https://catalogo.coachingpop.com/wp-cron.php?doing_wp_cron=1664280634.4424350261688232421875" "WordPress/6.0.2; https://catalogo.coachingpop.com"
51.68.11.195 catalogo.coachingpop.com - [27/Sep/2022:14:11:07 +0200] "POST /wp-cron.php?doing_wp_cron=1664280667.2826540470123291015625 HTTP/1.1" 200 25 "https://catalogo.coachingpop.com/wp-cron.php?doing_wp_cron=1664280667.2826540470123291015625" "WordPress/6.0.2; https://catalogo.coachingpop.com"
51.68.11.195 catalogo.coachingpop.com - [27/Sep/2022:14:12:35 +0200] "POST /wp-cron.php?doing_wp_cron=1664280755.2512350082397460937500 HTTP/1.1" 200 25 "https://catalogo.coachingpop.com/wp-cron.php?doing_wp_cron=1664280755.2512350082397460937500" "WordPress/6.0.2; https://catalogo.coachingpop.com"
51.68.11.195 catalogo.coachingpop.com - [27/Sep/2022:14:13:08 +0200] "POST /wp-cron.php?doing_wp_cron=1664280788.4777629375457763671875 HTTP/1.1" 200 25 "https://catalogo.coachingpop.com/wp-cron.php?doing_wp_cron=1664280788.4777629375457763671875" "WordPress/6.0.2; https://catalogo.coachingpop.com"
81.36.175.180 catalogo.coachingpop.com - [27/Sep/2022:14:10:32 +0200] "POST /wp-admin/admin-ajax.php HTTP/1.1" 200 47 "https://catalogo.coachingpop.com/wp-admin/admin.php?page=wc-admin" "Mozilla/5.0 (Windows NT 10.0; Win64; x64) AppleWebKit/537.36 (KHTML, like Gecko) Chrome/105.0.0.0 Safari/537.36"
81.36.175.180 catalogo.coachingpop.com - [27/Sep/2022:14:11:05 +0200] "POST /wp-admin/admin-ajax.php HTTP/1.1" 200 47 "https://catalogo.coachingpop.com/wp-admin/edit.php?post_type=product" "Mozilla/5.0 (Windows NT 10.0; Win64; x64) AppleWebKit/537.36 (KHTML, like Gecko) Chrome/105.0.0.0 Safari/537.36"
87.98.231.4 coachingpop.com - [27/Sep/2022:14:11:18 +0200] "POST /wp-cron.php?doing_wp_cron=1664280678.8590340614318847656250 HTTP/1.1" 200 25 "http://coachingpop.com/wp-cron.php?doing_wp_cron=1664280678.8590340614318847656250" "WordPress/6.0.2; https://coachingpop.com"
66.249.70.137 coachingpop.com - [27/Sep/2022:14:11:16 +0200] "GET /ads.txt HTTP/1.1" 404 58324 "-" "Mozilla/5.0 (compatible; Googlebot/2.1; +http://www.google.com/bot.html)"
81.36.175.180 catalogo.coachingpop.com - [27/Sep/2022:14:12:33 +0200] "POST /wp-admin/admin-ajax.php HTTP/1.1" 200 47 "https://catalogo.coachingpop.com/wp-admin/admin.php?page=wc-admin" "Mozilla/5.0 (Windows NT 10.0; Win64; x64) AppleWebKit/537.36 (KHTML, like Gecko) Chrome/105.0.0.0 Safari/537.36"
81.36.175.180 catalogo.coachingpop.com - [27/Sep/2022:14:13:06 +0200] "POST /wp-admin/admin-ajax.php HTTP/1.1" 200 47 "https://catalogo.coachingpop.com/wp-admin/edit.php?post_type=product" "Mozilla/5.0 (Windows NT 10.0; Win64; x64) AppleWebKit/537.36 (KHTML, like Gecko) Chrome/105.0.0.0 Safari/537.36"
51.68.11.195 catalogo.coachingpop.com - [27/Sep/2022:14:14:36 +0200] "POST /wp-cron.php?doing_wp_cron=1664280876.2139840126037597656250 HTTP/1.1" 200 25 "https://catalogo.coachingpop.com/wp-cron.php?doing_wp_cron=1664280876.2139840126037597656250" "WordPress/6.0.2; https://catalogo.coachingpop.com"
51.68.11.195 catalogo.coachingpop.com - [27/Sep/2022:14:15:09 +0200] "POST /wp-cron.php?doing_wp_cron=1664280909.2847399711608886718750 HTTP/1.1" 200 25 "https://catalogo.coachingpop.com/wp-cron.php?doing_wp_cron=1664280909.2847399711608886718750" "WordPress/6.0.2; https://catalogo.coachingpop.com"
51.68.11.195 catalogo.coachingpop.com - [27/Sep/2022:14:16:37 +0200] "POST /wp-cron.php?doing_wp_cron=1664280997.4086019992828369140625 HTTP/1.1" 200 25 "https://catalogo.coachingpop.com/wp-cron.php?doing_wp_cron=1664280997.4086019992828369140625" "WordPress/6.0.2; https://catalogo.coachingpop.com"
51.68.11.195 coachingpop.com - [27/Sep/2022:14:16:41 +0200] "POST /wp-cron.php?doing_wp_cron=1664281001.4521551132202148437500 HTTP/1.1" 200 25 "https://coachingpop.com/wp-cron.php?doing_wp_cron=1664281001.4521551132202148437500" "WordPress/6.0.2; https://coachingpop.com"
51.68.11.195 catalogo.coachingpop.com - [27/Sep/2022:14:18:38 +0200] "POST /wp-cron.php?doing_wp_cron=1664281118.3326039314270019531250 HTTP/1.1" 200 25 "https://catalogo.coachingpop.com/wp-cron.php?doing_wp_cron=1664281118.3326039314270019531250" "WordPress/6.0.2; https://catalogo.coachingpop.com"
51.68.11.195 catalogo.coachingpop.com - [27/Sep/2022:14:19:11 +0200] "POST /wp-cron.php?doing_wp_cron=1664281151.2793760299682617187500 HTTP/1.1" 200 25 "https://catalogo.coachingpop.com/wp-cron.php?doing_wp_cron=1664281151.2793760299682617187500" "WordPress/6.0.2; https://catalogo.coachingpop.com"
81.36.175.180 catalogo.coachingpop.com - [27/Sep/2022:14:14:34 +0200] "POST /wp-admin/admin-ajax.php HTTP/1.1" 200 47 "https://catalogo.coachingpop.com/wp-admin/admin.php?page=wc-admin" "Mozilla/5.0 (Windows NT 10.0; Win64; x64) AppleWebKit/537.36 (KHTML, like Gecko) Chrome/105.0.0.0 Safari/537.36"
81.36.175.180 catalogo.coachingpop.com - [27/Sep/2022:14:15:07 +0200] "POST /wp-admin/admin-ajax.php HTTP/1.1" 200 47 "https://catalogo.coachingpop.com/wp-admin/edit.php?post_type=product" "Mozilla/5.0 (Windows NT 10.0; Win64; x64) AppleWebKit/537.36 (KHTML, like Gecko) Chrome/105.0.0.0 Safari/537.36"
87.98.231.4 coachingpop.com - [27/Sep/2022:14:15:43 +0200] "POST /wp-cron.php?doing_wp_cron=1664280943.4176650047302246093750 HTTP/1.1" 200 25 "http://coachingpop.com/wp-cron.php?doing_wp_cron=1664280943.4176650047302246093750" "WordPress/6.0.2; https://coachingpop.com"
114.119.139.220 coachingpop.com - [27/Sep/2022:14:15:41 +0200] "GET /categoria-producto/coaching-personal/reconocimiento-personal-y-mindfulness/ HTTP/1.1" 404 58138 "http://coachingpop.com/etiqueta-producto/conflictos/" "Mozilla/5.0 (Linux; Android 7.0;) AppleWebKit/537.36 (KHTML, like Gecko) Mobile Safari/537.36 (compatible; PetalBot;+https://webmaster.petalsearch.com/site/petalbot)"
81.36.175.180 catalogo.coachingpop.com - [27/Sep/2022:14:16:35 +0200] "POST /wp-admin/admin-ajax.php HTTP/1.1" 200 47 "https://catalogo.coachingpop.com/wp-admin/admin.php?page=wc-admin" "Mozilla/5.0 (Windows NT 10.0; Win64; x64) AppleWebKit/537.36 (KHTML, like Gecko) Chrome/105.0.0.0 Safari/537.36"
157.55.39.223 coachingpop.com - [27/Sep/2022:14:16:39 +0200] "GET /my-account/ HTTP/1.1" 200 15463 "-" "Mozilla/5.0 (compatible; bingbot/2.0; +http://www.bing.com/bingbot.htm)"
81.36.175.180 catalogo.coachingpop.com - [27/Sep/2022:14:17:08 +0200] "POST /wp-admin/admin-ajax.php HTTP/1.1" 200 47 "https://catalogo.coachingpop.com/wp-admin/edit.php?post_type=product" "Mozilla/5.0 (Windows NT 10.0; Win64; x64) AppleWebKit/537.36 (KHTML, like Gecko) Chrome/105.0.0.0 Safari/537.36"
81.36.175.180 catalogo.coachingpop.com - [27/Sep/2022:14:18:36 +0200] "POST /wp-admin/admin-ajax.php HTTP/1.1" 200 47 "https://catalogo.coachingpop.com/wp-admin/admin.php?page=wc-admin" "Mozilla/5.0 (Windows NT 10.0; Win64; x64) AppleWebKit/537.36 (KHTML, like Gecko) Chrome/105.0.0.0 Safari/537.36"
81.36.175.180 catalogo.coachingpop.com - [27/Sep/2022:14:19:09 +0200] "POST /wp-admin/admin-ajax.php HTTP/1.1" 200 47 "https://catalogo.coachingpop.com/wp-admin/edit.php?post_type=product" "Mozilla/5.0 (Windows NT 10.0; Win64; x64) AppleWebKit/537.36 (KHTML, like Gecko) Chrome/105.0.0.0 Safari/537.36"
51.68.11.195 catalogo.coachingpop.com - [27/Sep/2022:14:20:39 +0200] "POST /wp-cron.php?doing_wp_cron=1664281239.2794919013977050781250 HTTP/1.1" 200 25 "https://catalogo.coachingpop.com/wp-cron.php?doing_wp_cron=1664281239.2794919013977050781250" "WordPress/6.0.2; https://catalogo.coachingpop.com"
51.68.11.195 catalogo.coachingpop.com - [27/Sep/2022:14:21:12 +0200] "POST /wp-cron.php?doing_wp_cron=1664281272.3918011188507080078125 HTTP/1.1" 200 25 "https://catalogo.coachingpop.com/wp-cron.php?doing_wp_cron=1664281272.3918011188507080078125" "WordPress/6.0.2; https://catalogo.coachingpop.com"
51.68.11.195 catalogo.coachingpop.com - [27/Sep/2022:14:22:40 +0200] "POST /wp-cron.php?doing_wp_cron=1664281360.3951239585876464843750 HTTP/1.1" 200 25 "https://catalogo.coachingpop.com/wp-cron.php?doing_wp_cron=1664281360.3951239585876464843750" "WordPress/6.0.2; https://catalogo.coachingpop.com"
51.68.11.195 catalogo.coachingpop.com - [27/Sep/2022:14:23:13 +0200] "POST /wp-cron.php?doing_wp_cron=1664281393.4987750053405761718750 HTTP/1.1" 200 25 "https://catalogo.coachingpop.com/wp-cron.php?doing_wp_cron=1664281393.4987750053405761718750" "WordPress/6.0.2; https://catalogo.coachingpop.com"
51.68.11.195 catalogo.coachingpop.com - [27/Sep/2022:14:24:41 +0200] "POST /wp-cron.php?doing_wp_cron=1664281481.6515429019927978515625 HTTP/1.1" 200 25 "https://catalogo.coachingpop.com/wp-cron.php?doing_wp_cron=1664281481.6515429019927978515625" "WordPress/6.0.2; https://catalogo.coachingpop.com"
81.36.175.180 catalogo.coachingpop.com - [27/Sep/2022:14:20:37 +0200] "POST /wp-admin/admin-ajax.php HTTP/1.1" 200 47 "https://catalogo.coachingpop.com/wp-admin/admin.php?page=wc-admin" "Mozilla/5.0 (Windows NT 10.0; Win64; x64) AppleWebKit/537.36 (KHTML, like Gecko) Chrome/105.0.0.0 Safari/537.36"
81.36.175.180 catalogo.coachingpop.com - [27/Sep/2022:14:21:10 +0200] "POST /wp-admin/admin-ajax.php HTTP/1.1" 200 47 "https://catalogo.coachingpop.com/wp-admin/edit.php?post_type=product" "Mozilla/5.0 (Windows NT 10.0; Win64; x64) AppleWebKit/537.36 (KHTML, like Gecko) Chrome/105.0.0.0 Safari/537.36"
81.36.175.180 catalogo.coachingpop.com - [27/Sep/2022:14:22:38 +0200] "POST /wp-admin/admin-ajax.php HTTP/1.1" 200 47 "https://catalogo.coachingpop.com/wp-admin/admin.php?page=wc-admin" "Mozilla/5.0 (Windows NT 10.0; Win64; x64) AppleWebKit/537.36 (KHTML, like Gecko) Chrome/105.0.0.0 Safari/537.36"
81.36.175.180 catalogo.coachingpop.com - [27/Sep/2022:14:23:11 +0200] "POST /wp-admin/admin-ajax.php HTTP/1.1" 200 47 "https://catalogo.coachingpop.com/wp-admin/edit.php?post_type=product" "Mozilla/5.0 (Windows NT 10.0; Win64; x64) AppleWebKit/537.36 (KHTML, like Gecko) Chrome/105.0.0.0 Safari/537.36"
87.98.231.4 coachingpop.com - [27/Sep/2022:14:23:58 +0200] "POST /wp-cron.php?doing_wp_cron=1664281438.8713479042053222656250 HTTP/1.1" 200 25 "http://coachingpop.com/wp-cron.php?doing_wp_cron=1664281438.8713479042053222656250" "WordPress/6.0.2; https://coachingpop.com"
173.252.83.120 coachingpop.com - [27/Sep/2022:14:23:56 +0200] "GET /robots.txt HTTP/1.1" 200 133 "-" "facebookexternalhit/1.1 (+http://www.facebook.com/externalhit_uatext.php)"
51.68.11.195 catalogo.coachingpop.com - [27/Sep/2022:14:25:14 +0200] "POST /wp-cron.php?doing_wp_cron=1664281514.6945419311523437500000 HTTP/1.1" 200 25 "https://catalogo.coachingpop.com/wp-cron.php?doing_wp_cron=1664281514.6945419311523437500000" "WordPress/6.0.2; https://catalogo.coachingpop.com"
51.68.11.195 catalogo.coachingpop.com - [27/Sep/2022:14:26:42 +0200] "POST /wp-cron.php?doing_wp_cron=1664281602.9081048965454101562500 HTTP/1.1" 200 25 "https://catalogo.coachingpop.com/wp-cron.php?doing_wp_cron=1664281602.9081048965454101562500" "WordPress/6.0.2; https://catalogo.coachingpop.com"
51.68.11.195 catalogo.coachingpop.com - [27/Sep/2022:14:27:15 +0200] "POST /wp-cron.php?doing_wp_cron=1664281635.6140789985656738281250 HTTP/1.1" 200 25 "https://catalogo.coachingpop.com/wp-cron.php?doing_wp_cron=1664281635.6140789985656738281250" "WordPress/6.0.2; https://catalogo.coachingpop.com"
51.68.11.195 coachingpop.com - [27/Sep/2022:14:28:28 +0200] "POST /wp-cron.php?doing_wp_cron=1664281708.8748240470886230468750 HTTP/1.1" 200 25 "https://coachingpop.com/wp-cron.php?doing_wp_cron=1664281708.8748240470886230468750" "WordPress/6.0.2; https://coachingpop.com"
51.68.11.195 catalogo.coachingpop.com - [27/Sep/2022:14:28:43 +0200] "POST /wp-cron.php?doing_wp_cron=1664281723.6503579616546630859375 HTTP/1.1" 200 25 "https://catalogo.coachingpop.com/wp-cron.php?doing_wp_cron=1664281723.6503579616546630859375" "WordPress/6.0.2; https://catalogo.coachingpop.com"
81.36.175.180 catalogo.coachingpop.com - [27/Sep/2022:14:24:39 +0200] "POST /wp-admin/admin-ajax.php HTTP/1.1" 200 47 "https://catalogo.coachingpop.com/wp-admin/admin.php?page=wc-admin" "Mozilla/5.0 (Windows NT 10.0; Win64; x64) AppleWebKit/537.36 (KHTML, like Gecko) Chrome/105.0.0.0 Safari/537.36"
81.36.175.180 catalogo.coachingpop.com - [27/Sep/2022:14:25:12 +0200] "POST /wp-admin/admin-ajax.php HTTP/1.1" 200 47 "https://catalogo.coachingpop.com/wp-admin/edit.php?post_type=product" "Mozilla/5.0 (Windows NT 10.0; Win64; x64) AppleWebKit/537.36 (KHTML, like Gecko) Chrome/105.0.0.0 Safari/537.36"
87.98.231.4 coachingpop.com - [27/Sep/2022:14:26:01 +0200] "POST /wp-cron.php?doing_wp_cron=1664281561.8943309783935546875000 HTTP/1.1" 200 25 "http://coachingpop.com/wp-cron.php?doing_wp_cron=1664281561.8943309783935546875000" "WordPress/6.0.2; https://coachingpop.com"
173.252.83.8 coachingpop.com - [27/Sep/2022:14:25:59 +0200] "GET /wp-content/uploads/2017/12/Banner-Doraemon-370x193.jpg HTTP/1.1" 404 58324 "-" "facebookexternalhit/1.1 (+http://www.facebook.com/externalhit_uatext.php)"
81.36.175.180 catalogo.coachingpop.com - [27/Sep/2022:14:26:40 +0200] "POST /wp-admin/admin-ajax.php HTTP/1.1" 200 47 "https://catalogo.coachingpop.com/wp-admin/admin.php?page=wc-admin" "Mozilla/5.0 (Windows NT 10.0; Win64; x64) AppleWebKit/537.36 (KHTML, like Gecko) Chrome/105.0.0.0 Safari/537.36"
87.98.231.4 coachingpop.com - [27/Sep/2022:14:26:56 +0200] "POST /wp-cron.php?doing_wp_cron=1664281616.8733999729156494140625 HTTP/1.1" 200 25 "http://coachingpop.com/wp-cron.php?doing_wp_cron=1664281616.8733999729156494140625" "WordPress/6.0.2; https://coachingpop.com"
114.119.139.220 coachingpop.com - [27/Sep/2022:14:26:54 +0200] "GET /tag/espectativas/ HTTP/1.1" 200 16892 "-" "Mozilla/5.0 (Linux; Android 7.0;) AppleWebKit/537.36 (KHTML, like Gecko) Mobile Safari/537.36 (compatible; PetalBot;+https://webmaster.petalsearch.com/site/petalbot)"
81.36.175.180 catalogo.coachingpop.com - [27/Sep/2022:14:27:13 +0200] "POST /wp-admin/admin-ajax.php HTTP/1.1" 200 47 "https://catalogo.coachingpop.com/wp-admin/edit.php?post_type=product" "Mozilla/5.0 (Windows NT 10.0; Win64; x64) AppleWebKit/537.36 (KHTML, like Gecko) Chrome/105.0.0.0 Safari/537.36"
185.244.175.172 coachingpop.com - [27/Sep/2022:14:28:23 +0200] "GET //wp-admin/admin-post.php?local-download=wp-config.php&local-destination-id=0 HTTP/1.1" 200 25 "-" "Mozilla/4.0 (compatible; MSIE 6.0; Windows NT 5.1; SV1)"
81.36.175.180 catalogo.coachingpop.com - [27/Sep/2022:14:28:41 +0200] "POST /wp-admin/admin-ajax.php HTTP/1.1" 200 47 "https://catalogo.coachingpop.com/wp-admin/admin.php?page=wc-admin" "Mozilla/5.0 (Windows NT 10.0; Win64; x64) AppleWebKit/537.36 (KHTML, like Gecko) Chrome/105.0.0.0 Safari/537.36"
81.36.175.180 catalogo.coachingpop.com - [27/Sep/2022:14:29:14 +0200] "POST /wp-admin/admin-ajax.php HTTP/1.1" 200 47 "https://catalogo.coachingpop.com/wp-admin/edit.php?post_type=product" "Mozilla/5.0 (Windows NT 10.0; Win64; x64) AppleWebKit/537.36 (KHTML, like Gecko) Chrome/105.0.0.0 Safari/537.36"
51.68.11.195 catalogo.coachingpop.com - [27/Sep/2022:14:29:16 +0200] "POST /wp-cron.php?doing_wp_cron=1664281756.5062499046325683593750 HTTP/1.1" 200 25 "https://catalogo.coachingpop.com/wp-cron.php?doing_wp_cron=1664281756.5062499046325683593750" "WordPress/6.0.2; https://catalogo.coachingpop.com"
51.68.11.195 catalogo.coachingpop.com - [27/Sep/2022:14:30:44 +0200] "POST /wp-cron.php?doing_wp_cron=1664281844.1833019256591796875000 HTTP/1.1" 200 25 "https://catalogo.coachingpop.com/wp-cron.php?doing_wp_cron=1664281844.1833019256591796875000" "WordPress/6.0.2; https://catalogo.coachingpop.com"
51.68.11.195 catalogo.coachingpop.com - [27/Sep/2022:14:31:17 +0200] "POST /wp-cron.php?doing_wp_cron=1664281877.2236840724945068359375 HTTP/1.1" 200 25 "https://catalogo.coachingpop.com/wp-cron.php?doing_wp_cron=1664281877.2236840724945068359375" "WordPress/6.0.2; https://catalogo.coachingpop.com"
51.68.11.195 catalogo.coachingpop.com - [27/Sep/2022:14:32:45 +0200] "POST /wp-cron.php?doing_wp_cron=1664281965.6149480342864990234375 HTTP/1.1" 200 25 "https://catalogo.coachingpop.com/wp-cron.php?doing_wp_cron=1664281965.6149480342864990234375" "WordPress/6.0.2; https://catalogo.coachingpop.com"
51.68.11.195 catalogo.coachingpop.com - [27/Sep/2022:14:34:46 +0200] "POST /wp-cron.php?doing_wp_cron=1664282086.1295170783996582031250 HTTP/1.1" 200 25 "https://catalogo.coachingpop.com/wp-cron.php?doing_wp_cron=1664282086.1295170783996582031250" "WordPress/6.0.2; https://catalogo.coachingpop.com"
81.36.175.180 catalogo.coachingpop.com - [27/Sep/2022:14:30:42 +0200] "POST /wp-admin/admin-ajax.php HTTP/1.1" 200 47 "https://catalogo.coachingpop.com/wp-admin/admin.php?page=wc-admin" "Mozilla/5.0 (Windows NT 10.0; Win64; x64) AppleWebKit/537.36 (KHTML, like Gecko) Chrome/105.0.0.0 Safari/537.36"
81.36.175.180 catalogo.coachingpop.com - [27/Sep/2022:14:31:15 +0200] "POST /wp-admin/admin-ajax.php HTTP/1.1" 200 47 "https://catalogo.coachingpop.com/wp-admin/edit.php?post_type=product" "Mozilla/5.0 (Windows NT 10.0; Win64; x64) AppleWebKit/537.36 (KHTML, like Gecko) Chrome/105.0.0.0 Safari/537.36"
81.36.175.180 catalogo.coachingpop.com - [27/Sep/2022:14:32:43 +0200] "POST /wp-admin/admin-ajax.php HTTP/1.1" 200 47 "https://catalogo.coachingpop.com/wp-admin/admin.php?page=wc-admin" "Mozilla/5.0 (Windows NT 10.0; Win64; x64) AppleWebKit/537.36 (KHTML, like Gecko) Chrome/105.0.0.0 Safari/537.36"
81.36.175.180 catalogo.coachingpop.com - [27/Sep/2022:14:33:16 +0200] "POST /wp-admin/admin-ajax.php HTTP/1.1" 200 47 "https://catalogo.coachingpop.com/wp-admin/edit.php?post_type=product" "Mozilla/5.0 (Windows NT 10.0; Win64; x64) AppleWebKit/537.36 (KHTML, like Gecko) Chrome/105.0.0.0 Safari/537.36"
81.36.175.180 catalogo.coachingpop.com - [27/Sep/2022:14:34:44 +0200] "POST /wp-admin/admin-ajax.php HTTP/1.1" 200 47 "https://catalogo.coachingpop.com/wp-admin/admin.php?page=wc-admin" "Mozilla/5.0 (Windows NT 10.0; Win64; x64) AppleWebKit/537.36 (KHTML, like Gecko) Chrome/105.0.0.0 Safari/537.36"
51.68.11.195 catalogo.coachingpop.com - [27/Sep/2022:14:36:47 +0200] "POST /wp-cron.php?doing_wp_cron=1664282207.1380810737609863281250 HTTP/1.1" 200 25 "https://catalogo.coachingpop.com/wp-cron.php?doing_wp_cron=1664282207.1380810737609863281250" "WordPress/6.0.2; https://catalogo.coachingpop.com"
51.68.11.195 catalogo.coachingpop.com - [27/Sep/2022:14:38:48 +0200] "POST /wp-cron.php?doing_wp_cron=1664282328.1814548969268798828125 HTTP/1.1" 200 25 "https://catalogo.coachingpop.com/wp-cron.php?doing_wp_cron=1664282328.1814548969268798828125" "WordPress/6.0.2; https://catalogo.coachingpop.com"
81.36.175.180 catalogo.coachingpop.com - [27/Sep/2022:14:35:17 +0200] "POST /wp-admin/admin-ajax.php HTTP/1.1" 200 47 "https://catalogo.coachingpop.com/wp-admin/edit.php?post_type=product" "Mozilla/5.0 (Windows NT 10.0; Win64; x64) AppleWebKit/537.36 (KHTML, like Gecko) Chrome/105.0.0.0 Safari/537.36"
81.36.175.180 catalogo.coachingpop.com - [27/Sep/2022:14:36:45 +0200] "POST /wp-admin/admin-ajax.php HTTP/1.1" 200 47 "https://catalogo.coachingpop.com/wp-admin/admin.php?page=wc-admin" "Mozilla/5.0 (Windows NT 10.0; Win64; x64) AppleWebKit/537.36 (KHTML, like Gecko) Chrome/105.0.0.0 Safari/537.36"
81.36.175.180 catalogo.coachingpop.com - [27/Sep/2022:14:37:18 +0200] "POST /wp-admin/admin-ajax.php HTTP/1.1" 200 47 "https://catalogo.coachingpop.com/wp-admin/edit.php?post_type=product" "Mozilla/5.0 (Windows NT 10.0; Win64; x64) AppleWebKit/537.36 (KHTML, like Gecko) Chrome/105.0.0.0 Safari/537.36"
81.36.175.180 catalogo.coachingpop.com - [27/Sep/2022:14:38:46 +0200] "POST /wp-admin/admin-ajax.php HTTP/1.1" 200 47 "https://catalogo.coachingpop.com/wp-admin/admin.php?page=wc-admin" "Mozilla/5.0 (Windows NT 10.0; Win64; x64) AppleWebKit/537.36 (KHTML, like Gecko) Chrome/105.0.0.0 Safari/537.36"
81.36.175.180 catalogo.coachingpop.com - [27/Sep/2022:14:39:19 +0200] "POST /wp-admin/admin-ajax.php HTTP/1.1" 200 47 "https://catalogo.coachingpop.com/wp-admin/edit.php?post_type=product" "Mozilla/5.0 (Windows NT 10.0; Win64; x64) AppleWebKit/537.36 (KHTML, like Gecko) Chrome/105.0.0.0 Safari/537.36"
51.68.11.195 catalogo.coachingpop.com - [27/Sep/2022:14:40:49 +0200] "POST /wp-cron.php?doing_wp_cron=1664282449.6846210956573486328125 HTTP/1.1" 200 25 "https://catalogo.coachingpop.com/wp-cron.php?doing_wp_cron=1664282449.6846210956573486328125" "WordPress/6.0.2; https://catalogo.coachingpop.com"
51.68.11.195 catalogo.coachingpop.com - [27/Sep/2022:14:42:50 +0200] "POST /wp-cron.php?doing_wp_cron=1664282570.4202439785003662109375 HTTP/1.1" 200 25 "https://catalogo.coachingpop.com/wp-cron.php?doing_wp_cron=1664282570.4202439785003662109375" "WordPress/6.0.2; https://catalogo.coachingpop.com"
51.68.11.195 catalogo.coachingpop.com - [27/Sep/2022:14:43:22 +0200] "POST /wp-cron.php?doing_wp_cron=1664282602.1643350124359130859375 HTTP/1.1" 200 25 "https://catalogo.coachingpop.com/wp-cron.php?doing_wp_cron=1664282602.1643350124359130859375" "WordPress/6.0.2; https://catalogo.coachingpop.com"
51.68.11.195 catalogo.coachingpop.com - [27/Sep/2022:14:44:51 +0200] "POST /wp-cron.php?doing_wp_cron=1664282691.3165760040283203125000 HTTP/1.1" 200 25 "https://catalogo.coachingpop.com/wp-cron.php?doing_wp_cron=1664282691.3165760040283203125000" "WordPress/6.0.2; https://catalogo.coachingpop.com"
81.36.175.180 catalogo.coachingpop.com - [27/Sep/2022:14:40:47 +0200] "POST /wp-admin/admin-ajax.php HTTP/1.1" 200 47 "https://catalogo.coachingpop.com/wp-admin/admin.php?page=wc-admin" "Mozilla/5.0 (Windows NT 10.0; Win64; x64) AppleWebKit/537.36 (KHTML, like Gecko) Chrome/105.0.0.0 Safari/537.36"
81.36.175.180 catalogo.coachingpop.com - [27/Sep/2022:14:41:19 +0200] "POST /wp-admin/admin-ajax.php HTTP/1.1" 200 47 "https://catalogo.coachingpop.com/wp-admin/edit.php?post_type=product" "Mozilla/5.0 (Windows NT 10.0; Win64; x64) AppleWebKit/537.36 (KHTML, like Gecko) Chrome/105.0.0.0 Safari/537.36"
81.36.175.180 catalogo.coachingpop.com - [27/Sep/2022:14:42:48 +0200] "POST /wp-admin/admin-ajax.php HTTP/1.1" 200 47 "https://catalogo.coachingpop.com/wp-admin/admin.php?page=wc-admin" "Mozilla/5.0 (Windows NT 10.0; Win64; x64) AppleWebKit/537.36 (KHTML, like Gecko) Chrome/105.0.0.0 Safari/537.36"
81.36.175.180 catalogo.coachingpop.com - [27/Sep/2022:14:43:20 +0200] "POST /wp-admin/admin-ajax.php HTTP/1.1" 200 47 "https://catalogo.coachingpop.com/wp-admin/edit.php?post_type=product" "Mozilla/5.0 (Windows NT 10.0; Win64; x64) AppleWebKit/537.36 (KHTML, like Gecko) Chrome/105.0.0.0 Safari/537.36"
51.68.11.195 catalogo.coachingpop.com - [27/Sep/2022:14:45:23 +0200] "POST /wp-cron.php?doing_wp_cron=1664282723.2094359397888183593750 HTTP/1.1" 200 25 "https://catalogo.coachingpop.com/wp-cron.php?doing_wp_cron=1664282723.2094359397888183593750" "WordPress/6.0.2; https://catalogo.coachingpop.com"
51.68.11.195 catalogo.coachingpop.com - [27/Sep/2022:14:46:52 +0200] "POST /wp-cron.php?doing_wp_cron=1664282812.1709499359130859375000 HTTP/1.1" 200 25 "https://catalogo.coachingpop.com/wp-cron.php?doing_wp_cron=1664282812.1709499359130859375000" "WordPress/6.0.2; https://catalogo.coachingpop.com"
51.68.11.195 catalogo.coachingpop.com - [27/Sep/2022:14:48:53 +0200] "POST /wp-cron.php?doing_wp_cron=1664282933.5384969711303710937500 HTTP/1.1" 200 25 "https://catalogo.coachingpop.com/wp-cron.php?doing_wp_cron=1664282933.5384969711303710937500" "WordPress/6.0.2; https://catalogo.coachingpop.com"
81.36.175.180 catalogo.coachingpop.com - [27/Sep/2022:14:44:49 +0200] "POST /wp-admin/admin-ajax.php HTTP/1.1" 200 47 "https://catalogo.coachingpop.com/wp-admin/admin.php?page=wc-admin" "Mozilla/5.0 (Windows NT 10.0; Win64; x64) AppleWebKit/537.36 (KHTML, like Gecko) Chrome/105.0.0.0 Safari/537.36"
81.36.175.180 catalogo.coachingpop.com - [27/Sep/2022:14:45:21 +0200] "POST /wp-admin/admin-ajax.php HTTP/1.1" 200 47 "https://catalogo.coachingpop.com/wp-admin/edit.php?post_type=product" "Mozilla/5.0 (Windows NT 10.0; Win64; x64) AppleWebKit/537.36 (KHTML, like Gecko) Chrome/105.0.0.0 Safari/537.36"
81.36.175.180 catalogo.coachingpop.com - [27/Sep/2022:14:46:50 +0200] "POST /wp-admin/admin-ajax.php HTTP/1.1" 200 47 "https://catalogo.coachingpop.com/wp-admin/admin.php?page=wc-admin" "Mozilla/5.0 (Windows NT 10.0; Win64; x64) AppleWebKit/537.36 (KHTML, like Gecko) Chrome/105.0.0.0 Safari/537.36"
81.36.175.180 catalogo.coachingpop.com - [27/Sep/2022:14:47:22 +0200] "POST /wp-admin/admin-ajax.php HTTP/1.1" 200 47 "https://catalogo.coachingpop.com/wp-admin/edit.php?post_type=product" "Mozilla/5.0 (Windows NT 10.0; Win64; x64) AppleWebKit/537.36 (KHTML, like Gecko) Chrome/105.0.0.0 Safari/537.36"
81.36.175.180 catalogo.coachingpop.com - [27/Sep/2022:14:48:51 +0200] "POST /wp-admin/admin-ajax.php HTTP/1.1" 200 47 "https://catalogo.coachingpop.com/wp-admin/admin.php?page=wc-admin" "Mozilla/5.0 (Windows NT 10.0; Win64; x64) AppleWebKit/537.36 (KHTML, like Gecko) Chrome/105.0.0.0 Safari/537.36"
81.36.175.180 catalogo.coachingpop.com - [27/Sep/2022:14:49:23 +0200] "POST /wp-admin/admin-ajax.php HTTP/1.1" 200 47 "https://catalogo.coachingpop.com/wp-admin/edit.php?post_type=product" "Mozilla/5.0 (Windows NT 10.0; Win64; x64) AppleWebKit/537.36 (KHTML, like Gecko) Chrome/105.0.0.0 Safari/537.36"
51.68.11.195 catalogo.coachingpop.com - [27/Sep/2022:14:50:54 +0200] "POST /wp-cron.php?doing_wp_cron=1664283054.1582760810852050781250 HTTP/1.1" 200 25 "https://catalogo.coachingpop.com/wp-cron.php?doing_wp_cron=1664283054.1582760810852050781250" "WordPress/6.0.2; https://catalogo.coachingpop.com"
51.68.11.195 coachingpop.com - [27/Sep/2022:14:52:14 +0200] "POST /wp-cron.php?doing_wp_cron=1664283134.3672080039978027343750 HTTP/1.1" 200 25 "https://coachingpop.com/wp-cron.php?doing_wp_cron=1664283134.3672080039978027343750" "WordPress/6.0.2; https://coachingpop.com"
51.68.11.195 catalogo.coachingpop.com - [27/Sep/2022:14:52:56 +0200] "POST /wp-cron.php?doing_wp_cron=1664283176.1084740161895751953125 HTTP/1.1" 200 25 "https://catalogo.coachingpop.com/wp-cron.php?doing_wp_cron=1664283176.1084740161895751953125" "WordPress/6.0.2; https://catalogo.coachingpop.com"
51.68.11.195 coachingpop.com - [27/Sep/2022:14:53:14 +0200] "POST /wp-cron.php?doing_wp_cron=1664283194.2493350505828857421875 HTTP/1.1" 200 25 "https://coachingpop.com/wp-cron.php?doing_wp_cron=1664283194.2493350505828857421875" "WordPress/6.0.2; https://coachingpop.com"
51.68.11.195 catalogo.coachingpop.com - [27/Sep/2022:14:53:27 +0200] "POST /wp-cron.php?doing_wp_cron=1664283207.0002551078796386718750 HTTP/1.1" 200 25 "https://catalogo.coachingpop.com/wp-cron.php?doing_wp_cron=1664283207.0002551078796386718750" "WordPress/6.0.2; https://catalogo.coachingpop.com"
81.36.175.180 catalogo.coachingpop.com - [27/Sep/2022:14:50:52 +0200] "POST /wp-admin/admin-ajax.php HTTP/1.1" 200 47 "https://catalogo.coachingpop.com/wp-admin/admin.php?page=wc-admin" "Mozilla/5.0 (Windows NT 10.0; Win64; x64) AppleWebKit/537.36 (KHTML, like Gecko) Chrome/105.0.0.0 Safari/537.36"
81.36.175.180 catalogo.coachingpop.com - [27/Sep/2022:14:51:24 +0200] "POST /wp-admin/admin-ajax.php HTTP/1.1" 200 47 "https://catalogo.coachingpop.com/wp-admin/edit.php?post_type=product" "Mozilla/5.0 (Windows NT 10.0; Win64; x64) AppleWebKit/537.36 (KHTML, like Gecko) Chrome/105.0.0.0 Safari/537.36"
87.98.231.4 coachingpop.com - [27/Sep/2022:14:51:37 +0200] "POST /wp-cron.php?doing_wp_cron=1664283097.9602038860321044921875 HTTP/1.1" 200 25 "http://coachingpop.com/wp-cron.php?doing_wp_cron=1664283097.9602038860321044921875" "WordPress/6.0.2; https://coachingpop.com"
185.107.81.147 coachingpop.com - [27/Sep/2022:14:51:35 +0200] "GET / HTTP/1.1" 301 - "-" "Mozilla/5.0 (Windows NT 10.0; WOW64; rv:45.0) Gecko/20100101 Firefox/45.0"
185.107.81.147 coachingpop.com - [27/Sep/2022:14:51:38 +0200] "GET / HTTP/1.1" 200 22573 "-" "Mozilla/5.0 (Windows NT 10.0; WOW64; rv:45.0) Gecko/20100101 Firefox/45.0"
185.107.81.147 coachingpop.com - [27/Sep/2022:14:51:39 +0200] "GET /wp-content/themes/masterstudy/down.php?path=..%2F..%2F..%2Fwp-config.php HTTP/1.1" 404 58395 "-" "Mozilla/5.0 (Windows NT 10.0; WOW64; rv:45.0) Gecko/20100101 Firefox/45.0"
185.107.81.147 coachingpop.com - [27/Sep/2022:14:51:41 +0200] "GET /wp-content/themes/masterstudy/download.php?file=..%2F..%2F..%2Fwp-config.php HTTP/1.1" 404 58395 "-" "Mozilla/5.0 (Windows NT 10.0; WOW64; rv:45.0) Gecko/20100101 Firefox/45.0"
185.107.81.147 coachingpop.com - [27/Sep/2022:14:51:42 +0200] "GET /wp-content/themes/masterstudy/download/download.php?file=..%2F..%2F..%2F..%2Fwp-config.php HTTP/1.1" 404 58395 "-" "Mozilla/5.0 (Windows NT 10.0; WOW64; rv:45.0) Gecko/20100101 Firefox/45.0"
185.107.81.147 coachingpop.com - [27/Sep/2022:14:51:43 +0200] "GET /wp-content/themes/masterstudy/inc/download.php?file=..%2F..%2F..%2F..%2Fwp-config.php HTTP/1.1" 404 58395 "-" "Mozilla/5.0 (Windows NT 10.0; WOW64; rv:45.0) Gecko/20100101 Firefox/45.0"
185.107.81.147 coachingpop.com - [27/Sep/2022:14:51:44 +0200] "GET /wp-content/themes/masterstudy/includes/view-pdf.php?download=1&file=..%2F..%2F..%2F..%2Fwp-config.php HTTP/1.1" 404 58395 "-" "Mozilla/5.0 (Windows NT 10.0; WOW64; rv:45.0) Gecko/20100101 Firefox/45.0"
185.107.81.147 coachingpop.com - [27/Sep/2022:14:51:46 +0200] "GET /wp-content/themes/masterstudy/lib/scripts/download.php?file=..%2F..%2F..%2F..%2F..%2Fwp-config.php HTTP/1.1" 404 58395 "-" "Mozilla/5.0 (Windows NT 10.0; WOW64; rv:45.0) Gecko/20100101 Firefox/45.0"
185.107.81.147 coachingpop.com - [27/Sep/2022:14:51:47 +0200] "GET /wp-content/themes/masterstudy/includes/download.php?file=..%2F..%2F..%2F..%2Fwp-config.php HTTP/1.1" 404 58395 "-" "Mozilla/5.0 (Windows NT 10.0; WOW64; rv:45.0) Gecko/20100101 Firefox/45.0"
185.107.81.147 coachingpop.com - [27/Sep/2022:14:51:48 +0200] "GET /wp-content/themes/masterstudy/lib/downloadlink.php?file=..%2F..%2F..%2F..%2Fwp-config.php HTTP/1.1" 404 58395 "-" "Mozilla/5.0 (Windows NT 10.0; WOW64; rv:45.0) Gecko/20100101 Firefox/45.0"
185.107.81.147 coachingpop.com - [27/Sep/2022:14:51:49 +0200] "GET /wp-content/themes/masterstudy/functions/download.php?imgurl=..%2F..%2F..%2F..%2Fwp-config.php HTTP/1.1" 500 - "-" "Mozilla/5.0 (Windows NT 10.0; WOW64; rv:45.0) Gecko/20100101 Firefox/45.0"
185.107.81.147 coachingpop.com - [27/Sep/2022:14:51:49 +0200] "GET /wp-content/themes/masterstudy/download.php?download=..%2F..%2F..%2Fwp-config.php HTTP/1.1" 404 58395 "-" "Mozilla/5.0 (Windows NT 10.0; WOW64; rv:45.0) Gecko/20100101 Firefox/45.0"
185.107.81.147 coachingpop.com - [27/Sep/2022:14:51:50 +0200] "GET /wp-content/themes/masterstudy/css/css.php?files=..%2F..%2F..%2F..%2Fwp-config.php HTTP/1.1" 404 58395 "-" "Mozilla/5.0 (Windows NT 10.0; WOW64; rv:45.0) Gecko/20100101 Firefox/45.0"
185.107.81.147 coachingpop.com - [27/Sep/2022:14:51:51 +0200] "GET /wp-content/themes/masterstudy/framework/utilities/download/getfile.php?file=..%2F..%2F..%2F..%2F..%2F..%2Fwp-config.php HTTP/1.1" 404 58395 "-" "Mozilla/5.0 (Windows NT 10.0; WOW64; rv:45.0) Gecko/20100101 Firefox/45.0"
185.107.81.147 coachingpop.com - [27/Sep/2022:14:51:52 +0200] "GET /?mdocs-img-preview=wp-config.php HTTP/1.1" 200 22495 "-" "Mozilla/5.0 (Windows NT 10.0; WOW64; rv:45.0) Gecko/20100101 Firefox/45.0"
185.107.81.147 coachingpop.com - [27/Sep/2022:14:51:54 +0200] "GET /?wpv-image=wp-config.php HTTP/1.1" 200 22495 "-" "Mozilla/5.0 (Windows NT 10.0; WOW64; rv:45.0) Gecko/20100101 Firefox/45.0"
185.107.81.147 coachingpop.com - [27/Sep/2022:14:51:55 +0200] "GET /general.php?file=wp-config.php HTTP/1.1" 404 58395 "-" "Mozilla/5.0 (Windows NT 10.0; WOW64; rv:45.0) Gecko/20100101 Firefox/45.0"
185.107.81.147 coachingpop.com - [27/Sep/2022:14:51:56 +0200] "GET /mdocs-posts/?mdocs-img-preview=..%2Fwp-config.php HTTP/1.1" 404 58395 "-" "Mozilla/5.0 (Windows NT 10.0; WOW64; rv:45.0) Gecko/20100101 Firefox/45.0"
185.107.81.147 coachingpop.com - [27/Sep/2022:14:51:57 +0200] "GET /wp-admin/admin-ajax.php?action=..%2Fwp-config.php HTTP/1.1" 400 1 "-" "Mozilla/5.0 (Windows NT 10.0; WOW64; rv:45.0) Gecko/20100101 Firefox/45.0"
185.107.81.147 coachingpop.com - [27/Sep/2022:14:51:59 +0200] "GET /wp-admin/admin-ajax.php?action=ave_publishPost&title=random&short=1&term=1&thumb=..%2Fwp-config.php HTTP/1.1" 400 1 "-" "Mozilla/5.0 (Windows NT 10.0; WOW64; rv:45.0) Gecko/20100101 Firefox/45.0"
185.107.81.147 coachingpop.com - [27/Sep/2022:14:52:00 +0200] "GET /wp-admin/admin-ajax.php?action=kbslider_show_image&img=..%2Fwp-config.php HTTP/1.1" 400 1 "-" "Mozilla/5.0 (Windows NT 10.0; WOW64; rv:45.0) Gecko/20100101 Firefox/45.0"
185.107.81.147 coachingpop.com - [27/Sep/2022:14:52:01 +0200] "GET /wp-admin/admin-ajax.php?action=revslider_show_image&img=..%2Fwp-config.php HTTP/1.1" 400 1 "-" "Mozilla/5.0 (Windows NT 10.0; WOW64; rv:45.0) Gecko/20100101 Firefox/45.0"
185.107.81.147 coachingpop.com - [27/Sep/2022:14:52:02 +0200] "GET /wp-admin/admin.php?page=miwoftp&option=com_miwoftp&action=download&dir=%2F&item=wp-config.php&order=name&srt=yes HTTP/1.1" 302 - "-" "Mozilla/5.0 (Windows NT 10.0; WOW64; rv:45.0) Gecko/20100101 Firefox/45.0"
185.107.81.147 coachingpop.com - [27/Sep/2022:14:52:03 +0200] "GET /404/ HTTP/1.1" 404 58395 "-" "Mozilla/5.0 (Windows NT 10.0; WOW64; rv:45.0) Gecko/20100101 Firefox/45.0"
185.107.81.147 coachingpop.com - [27/Sep/2022:14:52:04 +0200] "GET /wp-admin/admin.php?page=miwoftp&option=com_miwoftp&action=download&item=..%2Fwp-config.php&order=name&srt=yes HTTP/1.1" 302 - "-" "Mozilla/5.0 (Windows NT 10.0; WOW64; rv:45.0) Gecko/20100101 Firefox/45.0"
185.107.81.147 coachingpop.com - [27/Sep/2022:14:52:05 +0200] "GET /404/ HTTP/1.1" 404 58395 "-" "Mozilla/5.0 (Windows NT 10.0; WOW64; rv:45.0) Gecko/20100101 Firefox/45.0"
185.107.81.147 coachingpop.com - [27/Sep/2022:14:52:07 +0200] "GET /wp-admin/admin.php?page=newsletters-history&wpmlmethod=exportdownload&file=..%2Fwp-config.php HTTP/1.1" 302 - "-" "Mozilla/5.0 (Windows NT 10.0; WOW64; rv:45.0) Gecko/20100101 Firefox/45.0"
185.107.81.147 coachingpop.com - [27/Sep/2022:14:52:09 +0200] "GET /404/ HTTP/1.1" 404 58395 "-" "Mozilla/5.0 (Windows NT 10.0; WOW64; rv:45.0) Gecko/20100101 Firefox/45.0"
185.107.81.147 coachingpop.com - [27/Sep/2022:14:52:10 +0200] "GET /wp-admin/edit.php?page=wp-db-backup.php&backup=..%2Fwp-config.php HTTP/1.1" 302 - "-" "Mozilla/5.0 (Windows NT 10.0; WOW64; rv:45.0) Gecko/20100101 Firefox/45.0"
185.107.81.147 coachingpop.com - [27/Sep/2022:14:52:11 +0200] "GET /404/ HTTP/1.1" 404 58395 "-" "Mozilla/5.0 (Windows NT 10.0; WOW64; rv:45.0) Gecko/20100101 Firefox/45.0"
185.107.81.147 coachingpop.com - [27/Sep/2022:14:52:12 +0200] "GET /wp-admin/edit.php?post_type=wd_ads_ads&export=export_csv&path=..%2Fwp-config.php HTTP/1.1" 302 - "-" "Mozilla/5.0 (Windows NT 10.0; WOW64; rv:45.0) Gecko/20100101 Firefox/45.0"
185.107.81.147 coachingpop.com - [27/Sep/2022:14:52:13 +0200] "GET /404/ HTTP/1.1" 404 58395 "-" "Mozilla/5.0 (Windows NT 10.0; WOW64; rv:45.0) Gecko/20100101 Firefox/45.0"
185.107.81.147 coachingpop.com - [27/Sep/2022:14:52:14 +0200] "GET /wp-content/force-download.php?file=..%2Fwp-config.php HTTP/1.1" 404 58395 "-" "Mozilla/5.0 (Windows NT 10.0; WOW64; rv:45.0) Gecko/20100101 Firefox/45.0"
185.107.81.147 coachingpop.com - [27/Sep/2022:14:52:15 +0200] "GET /wp-content/plugins/BackUp/Archive.php?bkpwp_plugin_path=..%2F..%2F..%2Fwp-config.php HTTP/1.1" 404 58395 "-" "Mozilla/5.0 (Windows NT 10.0; WOW64; rv:45.0) Gecko/20100101 Firefox/45.0"
185.107.81.147 coachingpop.com - [27/Sep/2022:14:52:16 +0200] "GET /wp-content/plugins/BackUp/Archive/Predicate.php?bkpwp_plugin_path=..%2F..%2F..%2F..%2Fwp-config.php HTTP/1.1" 404 58395 "-" "Mozilla/5.0 (Windows NT 10.0; WOW64; rv:45.0) Gecko/20100101 Firefox/45.0"
185.107.81.147 coachingpop.com - [27/Sep/2022:14:52:17 +0200] "GET /wp-content/plugins/BackUp/Archive/Reader.php?bkpwp_plugin_path=..%2F..%2F..%2F..%2Fwp-config.php HTTP/1.1" 404 58395 "-" "Mozilla/5.0 (Windows NT 10.0; WOW64; rv:45.0) Gecko/20100101 Firefox/45.0"
185.107.81.147 coachingpop.com - [27/Sep/2022:14:52:18 +0200] "GET /wp-content/plugins/BackUp/Archive/Writer.php?bkpwp_plugin_path=..%2F..%2F..%2F..%2Fwp-config.php HTTP/1.1" 404 58395 "-" "Mozilla/5.0 (Windows NT 10.0; WOW64; rv:45.0) Gecko/20100101 Firefox/45.0"
185.107.81.147 coachingpop.com - [27/Sep/2022:14:52:19 +0200] "GET /wp-content/plugins/Enigma2.php?boarddir=..%2F..%2Fwp-config.php HTTP/1.1" 404 58395 "-" "Mozilla/5.0 (Windows NT 10.0; WOW64; rv:45.0) Gecko/20100101 Firefox/45.0"
185.107.81.147 coachingpop.com - [27/Sep/2022:14:52:20 +0200] "GET /wp-content/plugins/abtest/abtest_admin.php?action=..%2F..%2F..%2Fwp-config.php HTTP/1.1" 404 58395 "-" "Mozilla/5.0 (Windows NT 10.0; WOW64; rv:45.0) Gecko/20100101 Firefox/45.0"
185.107.81.147 coachingpop.com - [27/Sep/2022:14:52:21 +0200] "GET /wp-content/plugins/advanced-custom-fields/core/actions/export.php?acf_abspath=..%2F..%2F..%2F..%2F..%2Fwp-config.php HTTP/1.1" 404 58395 "-" "Mozilla/5.0 (Windows NT 10.0; WOW64; rv:45.0) Gecko/20100101 Firefox/45.0"
185.107.81.147 coachingpop.com - [27/Sep/2022:14:52:22 +0200] "GET /wp-content/plugins/advanced-dewplayer/admin-panel/download-file.php?dew_file=..%2F..%2F..%2F..%2Fwp-config.php HTTP/1.1" 404 58395 "-" "Mozilla/5.0 (Windows NT 10.0; WOW64; rv:45.0) Gecko/20100101 Firefox/45.0"
185.107.81.147 coachingpop.com - [27/Sep/2022:14:52:23 +0200] "GET /wp-content/plugins/ajax-store-locator-wordpress_0/sl_file_download.php?download_file=..%2F..%2F..%2Fwp-config.php HTTP/1.1" 404 58395 "-" "Mozilla/5.0 (Windows NT 10.0; WOW64; rv:45.0) Gecko/20100101 Firefox/45.0"
185.107.81.147 coachingpop.com - [27/Sep/2022:14:52:25 +0200] "GET /wp-content/plugins/allwebmenus-wordpress-menu-plugin/actions.php?abspath=..%2F..%2F..%2Fwp-config.php HTTP/1.1" 404 58395 "-" "Mozilla/5.0 (Windows NT 10.0; WOW64; rv:45.0) Gecko/20100101 Firefox/45.0"
185.107.81.147 coachingpop.com - [27/Sep/2022:14:52:26 +0200] "GET /wp-content/plugins/annonces/includes/lib/photo/uploadPhoto.php?abspath=..%2F..%2F..%2F..%2F..%2F..%2Fwp-config.php HTTP/1.1" 404 58395 "-" "Mozilla/5.0 (Windows NT 10.0; WOW64; rv:45.0) Gecko/20100101 Firefox/45.0"
185.107.81.147 coachingpop.com - [27/Sep/2022:14:52:27 +0200] "GET /wp-content/plugins/apptha-slider-gallery/asgallDownload.php?imgname=..%2F..%2F..%2Fwp-load.php HTTP/1.1" 404 58395 "-" "Mozilla/5.0 (Windows NT 10.0; WOW64; rv:45.0) Gecko/20100101 Firefox/45.0"
185.107.81.147 coachingpop.com - [27/Sep/2022:14:52:28 +0200] "GET /wp-content/plugins/aspose-cloud-ebook-generator/aspose_posts_exporter_download.php?file=..%2F..%2F..%2Fwp-config.php HTTP/1.1" 404 58395 "-" "Mozilla/5.0 (Windows NT 10.0; WOW64; rv:45.0) Gecko/20100101 Firefox/45.0"
185.107.81.147 coachingpop.com - [27/Sep/2022:14:52:29 +0200] "GET /wp-content/plugins/aspose-doc-exporter/aspose_doc_exporter_download.php?file=..%2F..%2F..%2Fwp-config.php HTTP/1.1" 404 58395 "-" "Mozilla/5.0 (Windows NT 10.0; WOW64; rv:45.0) Gecko/20100101 Firefox/45.0"
185.107.81.147 coachingpop.com - [27/Sep/2022:14:52:30 +0200] "GET /wp-content/plugins/bookx/includes/bookx_export.php?file=..%2F..%2F..%2F..%2Fwp-config.php HTTP/1.1" 404 58395 "-" "Mozilla/5.0 (Windows NT 10.0; WOW64; rv:45.0) Gecko/20100101 Firefox/45.0"
185.107.81.147 coachingpop.com - [27/Sep/2022:14:52:31 +0200] "GET /wp-content/plugins/brandfolder/callback.php?wp_abspath=..%2F..%2F..%2Fwp-config.php HTTP/1.1" 404 58395 "-" "Mozilla/5.0 (Windows NT 10.0; WOW64; rv:45.0) Gecko/20100101 Firefox/45.0"
185.107.81.147 coachingpop.com - [27/Sep/2022:14:52:32 +0200] "GET /wp-content/plugins/candidate-application-form/downloadpdffile.php?fileName=..%2F..%2F..%2Fwp-config.php HTTP/1.1" 404 58395 "-" "Mozilla/5.0 (Windows NT 10.0; WOW64; rv:45.0) Gecko/20100101 Firefox/45.0"
185.107.81.147 coachingpop.com - [27/Sep/2022:14:52:33 +0200] "GET /wp-content/plugins/cloudsafe365-for-wp/admin/editor/cs365_edit.php?file=..%2F..%2F..%2F..%2F..%2Fwp-config.php HTTP/1.1" 404 58395 "-" "Mozilla/5.0 (Windows NT 10.0; WOW64; rv:45.0) Gecko/20100101 Firefox/45.0"
185.107.81.147 coachingpop.com - [27/Sep/2022:14:52:34 +0200] "GET /wp-content/plugins/crayon-syntax-highlighter/util/ajax.php?wp_load=..%2F..%2F..%2F..%2Fwp-config.php HTTP/1.1" 404 58395 "-" "Mozilla/5.0 (Windows NT 10.0; WOW64; rv:45.0) Gecko/20100101 Firefox/45.0"
185.107.81.147 coachingpop.com - [27/Sep/2022:14:52:35 +0200] "GET /wp-content/plugins/db-backup/download.php?file=..%2F..%2F..%2Fwp-config.php HTTP/1.1" 404 58395 "-" "Mozilla/5.0 (Windows NT 10.0; WOW64; rv:45.0) Gecko/20100101 Firefox/45.0"
185.107.81.147 coachingpop.com - [27/Sep/2022:14:52:36 +0200] "GET /wp-content/plugins/disclosure-policy-plugin/functions/action.php?delete=asdf&blogUrl=asdf&abspath=..%2F..%2F..%2F..%2Fwp-config.php HTTP/1.1" 404 58395 "-" "Mozilla/5.0 (Windows NT 10.0; WOW64; rv:45.0) Gecko/20100101 Firefox/45.0"
185.107.81.147 coachingpop.com - [27/Sep/2022:14:52:37 +0200] "GET /wp-content/plugins/dm-albums/dm-albums.php?download=yes&file=..%2F..%2F..%2Fwp-config.php&currdir=%2Fwp-content%2Fplugins%2Fdm-albums%2F HTTP/1.1" 404 58395 "-" "Mozilla/5.0 (Windows NT 10.0; WOW64; rv:45.0) Gecko/20100101 Firefox/45.0"
185.107.81.147 coachingpop.com - [27/Sep/2022:14:52:39 +0200] "GET /wp-content/plugins/dm-albums/template/album.php?SECURITY_FILE=..%2F..%2F..%2F..%2Fwp-config.php HTTP/1.1" 404 58395 "-" "Mozilla/5.0 (Windows NT 10.0; WOW64; rv:45.0) Gecko/20100101 Firefox/45.0"
185.107.81.147 coachingpop.com - [27/Sep/2022:14:52:41 +0200] "GET /wp-content/plugins/dukapress/lib/dp_image.php?src=..%2F..%2F..%2F..%2Fwp-config.php HTTP/1.1" 404 58395 "-" "Mozilla/5.0 (Windows NT 10.0; WOW64; rv:45.0) Gecko/20100101 Firefox/45.0"
185.107.81.147 coachingpop.com - [27/Sep/2022:14:52:42 +0200] "GET /wp-content/plugins/dzs-videogallery/deploy/designer/preview.php?swfloc=..%2F..%2F..%2F..%2F..%2Fwp-config.php HTTP/1.1" 404 58395 "-" "Mozilla/5.0 (Windows NT 10.0; WOW64; rv:45.0) Gecko/20100101 Firefox/45.0"
