81.36.175.180 catalogo.coachingpop.com - [27/Sep/2022:16:04:00 +0200] "POST /wp-admin/admin-ajax.php HTTP/1.1" 200 47 "https://catalogo.coachingpop.com/wp-admin/edit.php?post_type=product" "Mozilla/5.0 (Windows NT 10.0; Win64; x64) AppleWebKit/537.36 (KHTML, like Gecko) Chrome/105.0.0.0 Safari/537.36"
20.199.113.4 coachingpop.com - [27/Sep/2022:16:04:13 +0200] "GET /wp-includes/class-index-wordpress.php HTTP/1.1" 404 58208 "-" "Mozlila/5.0 (Linux; Android 7.0; SM-G892A Bulid/NRD90M; wv) AppleWebKit/537.36 (KHTML, like Gecko) Version/4.0 Chrome/60.0.3112.107 Moblie Safari/537.36"
20.199.113.4 coachingpop.com - [27/Sep/2022:16:04:17 +0200] "GET /wp-admin/js/widgets/wp-login.php HTTP/1.1" 404 58208 "-" "Mozlila/5.0 (Linux; Android 7.0; SM-G892A Bulid/NRD90M; wv) AppleWebKit/537.36 (KHTML, like Gecko) Version/4.0 Chrome/60.0.3112.107 Moblie Safari/537.36"
20.199.113.4 coachingpop.com - [27/Sep/2022:16:04:19 +0200] "GET /wp-includes/wp-system-cloud.php HTTP/1.1" 404 58208 "-" "Mozlila/5.0 (Linux; Android 7.0; SM-G892A Bulid/NRD90M; wv) AppleWebKit/537.36 (KHTML, like Gecko) Version/4.0 Chrome/60.0.3112.107 Moblie Safari/537.36"
20.199.113.4 coachingpop.com - [27/Sep/2022:16:04:21 +0200] "GET /wp-includes/class-wp-page-icon.php HTTP/1.1" 404 58208 "-" "Mozlila/5.0 (Linux; Android 7.0; SM-G892A Bulid/NRD90M; wv) AppleWebKit/537.36 (KHTML, like Gecko) Version/4.0 Chrome/60.0.3112.107 Moblie Safari/537.36"
20.199.113.4 coachingpop.com - [27/Sep/2022:16:04:24 +0200] "GET /wp-includes/class-wordpress-license.php HTTP/1.1" 404 58208 "-" "Mozlila/5.0 (Linux; Android 7.0; SM-G892A Bulid/NRD90M; wv) AppleWebKit/537.36 (KHTML, like Gecko) Version/4.0 Chrome/60.0.3112.107 Moblie Safari/537.36"
51.68.11.195 catalogo.coachingpop.com - [27/Sep/2022:16:05:30 +0200] "POST /wp-cron.php?doing_wp_cron=1664287530.1924149990081787109375 HTTP/1.1" 200 25 "https://catalogo.coachingpop.com/wp-cron.php?doing_wp_cron=1664287530.1924149990081787109375" "WordPress/6.0.2; https://catalogo.coachingpop.com"
51.68.11.195 catalogo.coachingpop.com - [27/Sep/2022:16:06:03 +0200] "POST /wp-cron.php?doing_wp_cron=1664287562.9509730339050292968750 HTTP/1.1" 200 25 "https://catalogo.coachingpop.com/wp-cron.php?doing_wp_cron=1664287562.9509730339050292968750" "WordPress/6.0.2; https://catalogo.coachingpop.com"
87.98.231.4 coachingpop.com - [27/Sep/2022:16:06:54 +0200] "POST /wp-cron.php?doing_wp_cron=1664287614.6505420207977294921875 HTTP/1.1" 200 25 "http://coachingpop.com/wp-cron.php?doing_wp_cron=1664287614.6505420207977294921875" "WordPress/6.0.2; https://coachingpop.com"
114.119.139.247 coachingpop.com - [27/Sep/2022:16:06:51 +0200] "GET /tag/discusion/ HTTP/1.1" 404 58138 "http://coachingpop.com/category/reflexiones-de-confrontacion/" "Mozilla/5.0 (Linux; Android 7.0;) AppleWebKit/537.36 (KHTML, like Gecko) Mobile Safari/537.36 (compatible; PetalBot;+https://webmaster.petalsearch.com/site/petalbot)"
51.68.11.195 catalogo.coachingpop.com - [27/Sep/2022:16:07:31 +0200] "POST /wp-cron.php?doing_wp_cron=1664287651.4187419414520263671875 HTTP/1.1" 200 25 "https://catalogo.coachingpop.com/wp-cron.php?doing_wp_cron=1664287651.4187419414520263671875" "WordPress/6.0.2; https://catalogo.coachingpop.com"
51.68.11.195 catalogo.coachingpop.com - [27/Sep/2022:16:08:04 +0200] "POST /wp-cron.php?doing_wp_cron=1664287684.1101379394531250000000 HTTP/1.1" 200 25 "https://catalogo.coachingpop.com/wp-cron.php?doing_wp_cron=1664287684.1101379394531250000000" "WordPress/6.0.2; https://catalogo.coachingpop.com"
81.36.175.180 catalogo.coachingpop.com - [27/Sep/2022:16:05:28 +0200] "POST /wp-admin/admin-ajax.php HTTP/1.1" 200 47 "https://catalogo.coachingpop.com/wp-admin/admin.php?page=wc-admin" "Mozilla/5.0 (Windows NT 10.0; Win64; x64) AppleWebKit/537.36 (KHTML, like Gecko) Chrome/105.0.0.0 Safari/537.36"
81.36.175.180 catalogo.coachingpop.com - [27/Sep/2022:16:06:01 +0200] "POST /wp-admin/admin-ajax.php HTTP/1.1" 200 47 "https://catalogo.coachingpop.com/wp-admin/edit.php?post_type=product" "Mozilla/5.0 (Windows NT 10.0; Win64; x64) AppleWebKit/537.36 (KHTML, like Gecko) Chrome/105.0.0.0 Safari/537.36"
81.36.175.180 catalogo.coachingpop.com - [27/Sep/2022:16:07:29 +0200] "POST /wp-admin/admin-ajax.php HTTP/1.1" 200 47 "https://catalogo.coachingpop.com/wp-admin/admin.php?page=wc-admin" "Mozilla/5.0 (Windows NT 10.0; Win64; x64) AppleWebKit/537.36 (KHTML, like Gecko) Chrome/105.0.0.0 Safari/537.36"
81.36.175.180 catalogo.coachingpop.com - [27/Sep/2022:16:08:02 +0200] "POST /wp-admin/admin-ajax.php HTTP/1.1" 200 47 "https://catalogo.coachingpop.com/wp-admin/edit.php?post_type=product" "Mozilla/5.0 (Windows NT 10.0; Win64; x64) AppleWebKit/537.36 (KHTML, like Gecko) Chrome/105.0.0.0 Safari/537.36"
81.36.175.180 catalogo.coachingpop.com - [27/Sep/2022:16:09:30 +0200] "POST /wp-admin/admin-ajax.php HTTP/1.1" 200 47 "https://catalogo.coachingpop.com/wp-admin/admin.php?page=wc-admin" "Mozilla/5.0 (Windows NT 10.0; Win64; x64) AppleWebKit/537.36 (KHTML, like Gecko) Chrome/105.0.0.0 Safari/537.36"
51.68.11.195 catalogo.coachingpop.com - [27/Sep/2022:16:09:32 +0200] "POST /wp-cron.php?doing_wp_cron=1664287772.0585811138153076171875 HTTP/1.1" 200 25 "https://catalogo.coachingpop.com/wp-cron.php?doing_wp_cron=1664287772.0585811138153076171875" "WordPress/6.0.2; https://catalogo.coachingpop.com"
51.68.11.195 catalogo.coachingpop.com - [27/Sep/2022:16:10:04 +0200] "POST /wp-cron.php?doing_wp_cron=1664287804.9716548919677734375000 HTTP/1.1" 200 25 "https://catalogo.coachingpop.com/wp-cron.php?doing_wp_cron=1664287804.9716548919677734375000" "WordPress/6.0.2; https://catalogo.coachingpop.com"
51.68.11.195 catalogo.coachingpop.com - [27/Sep/2022:16:11:33 +0200] "POST /wp-cron.php?doing_wp_cron=1664287893.0386919975280761718750 HTTP/1.1" 200 25 "https://catalogo.coachingpop.com/wp-cron.php?doing_wp_cron=1664287893.0386919975280761718750" "WordPress/6.0.2; https://catalogo.coachingpop.com"
51.68.11.195 catalogo.coachingpop.com - [27/Sep/2022:16:12:06 +0200] "POST /wp-cron.php?doing_wp_cron=1664287925.9885659217834472656250 HTTP/1.1" 200 25 "https://catalogo.coachingpop.com/wp-cron.php?doing_wp_cron=1664287925.9885659217834472656250" "WordPress/6.0.2; https://catalogo.coachingpop.com"
51.68.11.195 catalogo.coachingpop.com - [27/Sep/2022:16:13:34 +0200] "POST /wp-cron.php?doing_wp_cron=1664288014.0133440494537353515625 HTTP/1.1" 200 25 "https://catalogo.coachingpop.com/wp-cron.php?doing_wp_cron=1664288014.0133440494537353515625" "WordPress/6.0.2; https://catalogo.coachingpop.com"
51.68.11.195 catalogo.coachingpop.com - [27/Sep/2022:16:14:07 +0200] "POST /wp-cron.php?doing_wp_cron=1664288047.1076231002807617187500 HTTP/1.1" 200 25 "https://catalogo.coachingpop.com/wp-cron.php?doing_wp_cron=1664288047.1076231002807617187500" "WordPress/6.0.2; https://catalogo.coachingpop.com"
81.36.175.180 catalogo.coachingpop.com - [27/Sep/2022:16:10:03 +0200] "POST /wp-admin/admin-ajax.php HTTP/1.1" 200 47 "https://catalogo.coachingpop.com/wp-admin/edit.php?post_type=product" "Mozilla/5.0 (Windows NT 10.0; Win64; x64) AppleWebKit/537.36 (KHTML, like Gecko) Chrome/105.0.0.0 Safari/537.36"
81.36.175.180 catalogo.coachingpop.com - [27/Sep/2022:16:11:31 +0200] "POST /wp-admin/admin-ajax.php HTTP/1.1" 200 47 "https://catalogo.coachingpop.com/wp-admin/admin.php?page=wc-admin" "Mozilla/5.0 (Windows NT 10.0; Win64; x64) AppleWebKit/537.36 (KHTML, like Gecko) Chrome/105.0.0.0 Safari/537.36"
81.36.175.180 catalogo.coachingpop.com - [27/Sep/2022:16:12:04 +0200] "POST /wp-admin/admin-ajax.php HTTP/1.1" 200 47 "https://catalogo.coachingpop.com/wp-admin/edit.php?post_type=product" "Mozilla/5.0 (Windows NT 10.0; Win64; x64) AppleWebKit/537.36 (KHTML, like Gecko) Chrome/105.0.0.0 Safari/537.36"
87.98.231.4 coachingpop.com - [27/Sep/2022:16:13:06 +0200] "POST /wp-cron.php?doing_wp_cron=1664287986.6640269756317138671875 HTTP/1.1" 200 25 "http://coachingpop.com/wp-cron.php?doing_wp_cron=1664287986.6640269756317138671875" "WordPress/6.0.2; https://coachingpop.com"
114.119.139.220 coachingpop.com - [27/Sep/2022:16:13:04 +0200] "GET /tag/reflexiones HTTP/1.1" 404 58138 "http://coachingpop.com/tag/conciencia/" "Mozilla/5.0 (Linux; Android 7.0;) AppleWebKit/537.36 (KHTML, like Gecko) Mobile Safari/537.36 (compatible; PetalBot;+https://webmaster.petalsearch.com/site/petalbot)"
81.36.175.180 catalogo.coachingpop.com - [27/Sep/2022:16:13:32 +0200] "POST /wp-admin/admin-ajax.php HTTP/1.1" 200 47 "https://catalogo.coachingpop.com/wp-admin/admin.php?page=wc-admin" "Mozilla/5.0 (Windows NT 10.0; Win64; x64) AppleWebKit/537.36 (KHTML, like Gecko) Chrome/105.0.0.0 Safari/537.36"
87.98.231.4 coachingpop.com - [27/Sep/2022:16:19:51 +0200] "POST /wp-cron.php?doing_wp_cron=1664288391.8880529403686523437500 HTTP/1.1" 200 25 "http://coachingpop.com/wp-cron.php?doing_wp_cron=1664288391.8880529403686523437500" "WordPress/6.0.2; https://coachingpop.com"
114.119.139.25 coachingpop.com - [27/Sep/2022:16:19:49 +0200] "GET /tag/auto-observacion/ HTTP/1.1" 404 58138 "http://coachingpop.com/tag/autoconocimiento/" "Mozilla/5.0 (Linux; Android 7.0;) AppleWebKit/537.36 (KHTML, like Gecko) Mobile Safari/537.36 (compatible; PetalBot;+https://webmaster.petalsearch.com/site/petalbot)"
81.36.175.180 catalogo.coachingpop.com - [27/Sep/2022:16:14:05 +0200] "POST /wp-admin/admin-ajax.php HTTP/1.1" 200 47 "https://catalogo.coachingpop.com/wp-admin/edit.php?post_type=product" "Mozilla/5.0 (Windows NT 10.0; Win64; x64) AppleWebKit/537.36 (KHTML, like Gecko) Chrome/105.0.0.0 Safari/537.36"
87.98.231.4 coachingpop.com - [27/Sep/2022:16:24:08 +0200] "POST /wp-cron.php?doing_wp_cron=1664288648.7894089221954345703125 HTTP/1.1" 200 25 "http://coachingpop.com/wp-cron.php?doing_wp_cron=1664288648.7894089221954345703125" "WordPress/6.0.2; https://coachingpop.com"
1.239.103.244 www.coachingpop.com - [27/Sep/2022:16:24:06 +0200] "GET /adminer.php HTTP/1.1" 301 - "-" "Mozilla/4.0 (compatible; MSIE 6.0; Windows NT 5.1; 214)"
1.239.103.244 coachingpop.com - [27/Sep/2022:16:24:10 +0200] "GET /adminer.php HTTP/1.1" 404 58324 "-" "Mozilla/4.0 (compatible; MSIE 6.0; Windows NT 5.1; 214)"
51.68.11.195 coachingpop.com - [27/Sep/2022:16:29:27 +0200] "POST /wp-cron.php?doing_wp_cron=1664288967.3449370861053466796875 HTTP/1.1" 200 25 "https://coachingpop.com/wp-cron.php?doing_wp_cron=1664288967.3449370861053466796875" "WordPress/6.0.2; https://coachingpop.com"
114.119.142.131 coachingpop.com - [27/Sep/2022:16:29:25 +0200] "GET /robots.txt HTTP/1.1" 200 133 "-" "Mozilla/5.0 (compatible;PetalBot;+https://webmaster.petalsearch.com/site/petalbot)"
87.98.231.4 coachingpop.com - [27/Sep/2022:16:32:36 +0200] "POST /wp-cron.php?doing_wp_cron=1664289156.0590550899505615234375 HTTP/1.1" 200 25 "http://coachingpop.com/wp-cron.php?doing_wp_cron=1664289156.0590550899505615234375" "WordPress/6.0.2; https://coachingpop.com"
34.222.68.130 coachingpop.com - [27/Sep/2022:16:32:33 +0200] "GET /wp-content/uploads/2021/10/logo-futabasha.jpg HTTP/1.1" 404 58324 "-" "Mozilla/5.0 (X11; Ubuntu; Linux x86_64; rv:72.0) Gecko/20100101 Firefox/72.0"
87.98.231.4 coachingpop.com - [27/Sep/2022:16:35:20 +0200] "POST /wp-cron.php?doing_wp_cron=1664289320.4599471092224121093750 HTTP/1.1" 200 25 "http://coachingpop.com/wp-cron.php?doing_wp_cron=1664289320.4599471092224121093750" "WordPress/6.0.2; https://coachingpop.com"
190.103.179.76 coachingpop.com - [27/Sep/2022:16:35:18 +0200] "POST /xmlrpc.php HTTP/1.1" 200 212 "https://www.google.com/" "Mozilla/5.0 (X11; Linux x86_64) AppleWebKit/537.36 (KHTML, like Gecko) Chrome/76.0.3809.132 Safari/537.36"
51.68.11.195 coachingpop.com - [27/Sep/2022:16:38:18 +0200] "POST /wp-cron.php?doing_wp_cron=1664289498.0806899070739746093750 HTTP/1.1" 200 25 "https://coachingpop.com/wp-cron.php?doing_wp_cron=1664289498.0806899070739746093750" "WordPress/6.0.2; https://coachingpop.com"
157.55.39.101 coachingpop.com - [27/Sep/2022:16:38:16 +0200] "GET /post_tag-sitemap.xml HTTP/1.1" 200 591 "-" "Mozilla/5.0 (compatible; bingbot/2.0; +http://www.bing.com/bingbot.htm)"
87.98.231.4 coachingpop.com - [27/Sep/2022:16:47:48 +0200] "POST /wp-cron.php?doing_wp_cron=1664290068.5500230789184570312500 HTTP/1.1" 200 25 "http://coachingpop.com/wp-cron.php?doing_wp_cron=1664290068.5500230789184570312500" "WordPress/6.0.2; https://coachingpop.com"
195.78.54.38 coachingpop.com - [27/Sep/2022:16:47:45 +0200] "GET / HTTP/1.1" 301 - "http://coachingpop.com/" "Mozilla/5.0 (Windows NT 6.3; Win64; x64) AppleWebKit/537.36 (KHTML, like Gecko) Chrome/66.0.3359.181 Safari/537.36"
195.78.54.38 coachingpop.com - [27/Sep/2022:16:47:48 +0200] "GET / HTTP/1.1" 200 107505 "https://coachingpop.com/" "Mozilla/5.0 (Windows NT 6.3; Win64; x64) AppleWebKit/537.36 (KHTML, like Gecko) Chrome/66.0.3359.181 Safari/537.36"
195.78.54.38 coachingpop.com - [27/Sep/2022:16:47:51 +0200] "GET /contacto/ HTTP/1.1" 200 79410 "https://coachingpop.com/contacto/" "Mozilla/5.0 (Windows NT 6.3; Win64; x64) AppleWebKit/537.36 (KHTML, like Gecko) Chrome/66.0.3359.181 Safari/537.36"
195.78.54.38 coachingpop.com - [27/Sep/2022:16:47:53 +0200] "POST /wp-json/contact-form-7/v1/contact-forms/403/feedback HTTP/1.1" 200 205 "https://coachingpop.com/contacto/" "Mozilla/5.0 (Windows NT 6.3; Win64; x64) AppleWebKit/537.36 (KHTML, like Gecko) Chrome/66.0.3359.181 Safari/537.36"
51.68.11.195 coachingpop.com - [27/Sep/2022:16:54:31 +0200] "POST /wp-cron.php?doing_wp_cron=1664290471.8679780960083007812500 HTTP/1.1" 200 25 "https://coachingpop.com/wp-cron.php?doing_wp_cron=1664290471.8679780960083007812500" "WordPress/6.0.2; https://coachingpop.com"
40.77.167.22 coachingpop.com - [27/Sep/2022:16:54:29 +0200] "GET /teachers-sitemap.xml HTTP/1.1" 200 554 "-" "Mozilla/5.0 (compatible; bingbot/2.0; +http://www.bing.com/bingbot.htm)"
87.98.231.4 coachingpop.com - [27/Sep/2022:17:16:14 +0200] "POST /wp-cron.php?doing_wp_cron=1664291774.5214269161224365234375 HTTP/1.1" 200 25 "http://coachingpop.com/wp-cron.php?doing_wp_cron=1664291774.5214269161224365234375" "WordPress/6.0.2; https://coachingpop.com"
185.129.61.5 coachingpop.com - [27/Sep/2022:17:16:10 +0200] "POST /xmlrpc.php HTTP/1.1" 200 220 "https://www.google.com/" "Mozilla/5.0 (X11; U; Linux i686; en-US; rv:1.9a1) Gecko/20070308 Minefield/3.0a1"
51.68.11.195 catalogo.coachingpop.com - [27/Sep/2022:17:20:35 +0200] "POST /wp-cron.php?doing_wp_cron=1664292035.6915481090545654296875 HTTP/1.1" 200 25 "https://catalogo.coachingpop.com/wp-cron.php?doing_wp_cron=1664292035.6915481090545654296875" "WordPress/6.0.2; https://catalogo.coachingpop.com"
51.68.11.195 catalogo.coachingpop.com - [27/Sep/2022:17:20:38 +0200] "POST /wp-admin/admin-ajax.php?action=wp_1_wc_privacy_cleanup&nonce=248e694e70 HTTP/1.1" 200 25 "https://catalogo.coachingpop.com/wp-admin/admin-ajax.php?action=wp_1_wc_privacy_cleanup&nonce=248e694e70" "WordPress/6.0.2; https://catalogo.coachingpop.com"
51.68.11.195 catalogo.coachingpop.com - [27/Sep/2022:17:22:32 +0200] "POST /wp-cron.php?doing_wp_cron=1664292151.9793109893798828125000 HTTP/1.1" 200 25 "https://catalogo.coachingpop.com/wp-cron.php?doing_wp_cron=1664292151.9793109893798828125000" "WordPress/6.0.2; https://catalogo.coachingpop.com"
87.221.48.226 catalogo.coachingpop.com - [27/Sep/2022:17:20:32 +0200] "POST /wp-admin/admin-ajax.php HTTP/1.1" 200 47 "https://catalogo.coachingpop.com/wp-admin/admin.php?page=wc-admin" "Mozilla/5.0 (Windows NT 10.0; Win64; x64) AppleWebKit/537.36 (KHTML, like Gecko) Chrome/105.0.0.0 Safari/537.36"
87.221.48.226 catalogo.coachingpop.com - [27/Sep/2022:17:22:30 +0200] "POST /wp-admin/admin-ajax.php HTTP/1.1" 200 47 "https://catalogo.coachingpop.com/wp-admin/edit.php?post_type=product" "Mozilla/5.0 (Windows NT 10.0; Win64; x64) AppleWebKit/537.36 (KHTML, like Gecko) Chrome/105.0.0.0 Safari/537.36"
87.221.48.226 catalogo.coachingpop.com - [27/Sep/2022:17:22:31 +0200] "POST /wp-admin/admin-ajax.php HTTP/1.1" 200 47 "https://catalogo.coachingpop.com/wp-admin/admin.php?page=wc-admin" "Mozilla/5.0 (Windows NT 10.0; Win64; x64) AppleWebKit/537.36 (KHTML, like Gecko) Chrome/105.0.0.0 Safari/537.36"
87.221.48.226 catalogo.coachingpop.com - [27/Sep/2022:17:24:31 +0200] "POST /wp-admin/admin-ajax.php HTTP/1.1" 200 47 "https://catalogo.coachingpop.com/wp-admin/edit.php?post_type=product" "Mozilla/5.0 (Windows NT 10.0; Win64; x64) AppleWebKit/537.36 (KHTML, like Gecko) Chrome/105.0.0.0 Safari/537.36"
87.221.48.226 catalogo.coachingpop.com - [27/Sep/2022:17:24:32 +0200] "POST /wp-admin/admin-ajax.php HTTP/1.1" 200 47 "https://catalogo.coachingpop.com/wp-admin/admin.php?page=wc-admin" "Mozilla/5.0 (Windows NT 10.0; Win64; x64) AppleWebKit/537.36 (KHTML, like Gecko) Chrome/105.0.0.0 Safari/537.36"
87.98.231.4 coachingpop.com - [27/Sep/2022:17:24:10 +0200] "POST /wp-cron.php?doing_wp_cron=1664292250.4253859519958496093750 HTTP/1.1" 200 25 "http://coachingpop.com/wp-cron.php?doing_wp_cron=1664292250.4253859519958496093750" "WordPress/6.0.2; https://coachingpop.com"
114.119.139.247 coachingpop.com - [27/Sep/2022:17:24:08 +0200] "GET /tag/manga HTTP/1.1" 404 58138 "http://coachingpop.com/tag/reflexiones/" "Mozilla/5.0 (Linux; Android 7.0;) AppleWebKit/537.36 (KHTML, like Gecko) Mobile Safari/537.36 (compatible; PetalBot;+https://webmaster.petalsearch.com/site/petalbot)"
51.68.11.195 catalogo.coachingpop.com - [27/Sep/2022:17:24:33 +0200] "POST /wp-cron.php?doing_wp_cron=1664292272.9776740074157714843750 HTTP/1.1" 200 25 "https://catalogo.coachingpop.com/wp-cron.php?doing_wp_cron=1664292272.9776740074157714843750" "WordPress/6.0.2; https://catalogo.coachingpop.com"
51.68.11.195 catalogo.coachingpop.com - [27/Sep/2022:17:26:34 +0200] "POST /wp-cron.php?doing_wp_cron=1664292394.0203309059143066406250 HTTP/1.1" 200 25 "https://catalogo.coachingpop.com/wp-cron.php?doing_wp_cron=1664292394.0203309059143066406250" "WordPress/6.0.2; https://catalogo.coachingpop.com"
51.68.11.195 catalogo.coachingpop.com - [27/Sep/2022:17:28:35 +0200] "POST /wp-cron.php?doing_wp_cron=1664292515.0936779975891113281250 HTTP/1.1" 200 25 "https://catalogo.coachingpop.com/wp-cron.php?doing_wp_cron=1664292515.0936779975891113281250" "WordPress/6.0.2; https://catalogo.coachingpop.com"
51.68.11.195 catalogo.coachingpop.com - [27/Sep/2022:17:28:35 +0200] "POST /wp-cron.php?doing_wp_cron=1664292515.0936770439147949218750 HTTP/1.1" 200 25 "https://catalogo.coachingpop.com/wp-cron.php?doing_wp_cron=1664292515.0936770439147949218750" "WordPress/6.0.2; https://catalogo.coachingpop.com"
87.221.48.226 catalogo.coachingpop.com - [27/Sep/2022:17:26:33 +0200] "POST /wp-admin/admin-ajax.php HTTP/1.1" 200 47 "https://catalogo.coachingpop.com/wp-admin/admin.php?page=wc-admin" "Mozilla/5.0 (Windows NT 10.0; Win64; x64) AppleWebKit/537.36 (KHTML, like Gecko) Chrome/105.0.0.0 Safari/537.36"
87.221.48.226 catalogo.coachingpop.com - [27/Sep/2022:17:26:32 +0200] "POST /wp-admin/admin-ajax.php HTTP/1.1" 200 47 "https://catalogo.coachingpop.com/wp-admin/edit.php?post_type=product" "Mozilla/5.0 (Windows NT 10.0; Win64; x64) AppleWebKit/537.36 (KHTML, like Gecko) Chrome/105.0.0.0 Safari/537.36"
87.221.48.226 catalogo.coachingpop.com - [27/Sep/2022:17:28:34 +0200] "POST /wp-admin/admin-ajax.php HTTP/1.1" 200 47 "https://catalogo.coachingpop.com/wp-admin/admin.php?page=wc-admin" "Mozilla/5.0 (Windows NT 10.0; Win64; x64) AppleWebKit/537.36 (KHTML, like Gecko) Chrome/105.0.0.0 Safari/537.36"
87.221.48.226 catalogo.coachingpop.com - [27/Sep/2022:17:28:33 +0200] "POST /wp-admin/admin-ajax.php HTTP/1.1" 200 47 "https://catalogo.coachingpop.com/wp-admin/edit.php?post_type=product" "Mozilla/5.0 (Windows NT 10.0; Win64; x64) AppleWebKit/537.36 (KHTML, like Gecko) Chrome/105.0.0.0 Safari/537.36"
87.98.231.4 coachingpop.com - [27/Sep/2022:17:30:18 +0200] "POST /wp-cron.php?doing_wp_cron=1664292618.0340580940246582031250 HTTP/1.1" 200 25 "http://coachingpop.com/wp-cron.php?doing_wp_cron=1664292618.0340580940246582031250" "WordPress/6.0.2; https://coachingpop.com"
114.119.139.25 coachingpop.com - [27/Sep/2022:17:30:15 +0200] "GET /coaching-y-mentoring-pop HTTP/1.1" 404 58138 "http://www.coachingpop.com" "Mozilla/5.0 (Linux; Android 7.0;) AppleWebKit/537.36 (KHTML, like Gecko) Mobile Safari/537.36 (compatible; PetalBot;+https://webmaster.petalsearch.com/site/petalbot)"
51.68.11.195 coachingpop.com - [27/Sep/2022:17:30:19 +0200] "POST /wp-admin/admin-ajax.php?action=wp_1_wc_privacy_cleanup&nonce=ac64fbc3c7 HTTP/1.1" 200 25 "https://coachingpop.com/wp-admin/admin-ajax.php?action=wp_1_wc_privacy_cleanup&nonce=ac64fbc3c7" "WordPress/6.0.2; https://coachingpop.com"
51.68.11.195 catalogo.coachingpop.com - [27/Sep/2022:17:30:35 +0200] "POST /wp-cron.php?doing_wp_cron=1664292635.8403849601745605468750 HTTP/1.1" 200 25 "https://catalogo.coachingpop.com/wp-cron.php?doing_wp_cron=1664292635.8403849601745605468750" "WordPress/6.0.2; https://catalogo.coachingpop.com"
51.68.11.195 coachingpop.com - [27/Sep/2022:17:32:27 +0200] "POST /wp-cron.php?doing_wp_cron=1664292747.4930419921875000000000 HTTP/1.1" 200 25 "https://coachingpop.com/wp-cron.php?doing_wp_cron=1664292747.4930419921875000000000" "WordPress/6.0.2; https://coachingpop.com"
51.68.11.195 catalogo.coachingpop.com - [27/Sep/2022:17:32:36 +0200] "POST /wp-cron.php?doing_wp_cron=1664292756.8789460659027099609375 HTTP/1.1" 200 25 "https://catalogo.coachingpop.com/wp-cron.php?doing_wp_cron=1664292756.8789460659027099609375" "WordPress/6.0.2; https://catalogo.coachingpop.com"
87.221.48.226 catalogo.coachingpop.com - [27/Sep/2022:17:30:34 +0200] "POST /wp-admin/admin-ajax.php HTTP/1.1" 200 47 "https://catalogo.coachingpop.com/wp-admin/edit.php?post_type=product" "Mozilla/5.0 (Windows NT 10.0; Win64; x64) AppleWebKit/537.36 (KHTML, like Gecko) Chrome/105.0.0.0 Safari/537.36"
87.221.48.226 catalogo.coachingpop.com - [27/Sep/2022:17:30:35 +0200] "POST /wp-admin/admin-ajax.php HTTP/1.1" 200 47 "https://catalogo.coachingpop.com/wp-admin/admin.php?page=wc-admin" "Mozilla/5.0 (Windows NT 10.0; Win64; x64) AppleWebKit/537.36 (KHTML, like Gecko) Chrome/105.0.0.0 Safari/537.36"
173.212.224.141 coachingpop.com - [27/Sep/2022:17:32:25 +0200] "HEAD /wordpress HTTP/1.1" 404 - "-" "Mozilla/5.0 (Windows NT 10.0; Win64; x64) AppleWebKit/537.36 (KHTML, like Gecko) Chrome/74.0.3729.169 Safari/537.36"
173.212.224.141 coachingpop.com - [27/Sep/2022:17:32:27 +0200] "HEAD / HTTP/1.1" 200 - "-" "Mozilla/5.0 (Windows NT 10.0; Win64; x64) AppleWebKit/537.36 (KHTML, like Gecko) Chrome/74.0.3729.169 Safari/537.36"
173.212.224.141 coachingpop.com - [27/Sep/2022:17:32:28 +0200] "HEAD /wp HTTP/1.1" 404 - "-" "Mozilla/5.0 (Windows NT 10.0; Win64; x64) AppleWebKit/537.36 (KHTML, like Gecko) Chrome/74.0.3729.169 Safari/537.36"
173.212.224.141 coachingpop.com - [27/Sep/2022:17:32:29 +0200] "HEAD /bc HTTP/1.1" 404 - "-" "Mozilla/5.0 (Windows NT 10.0; Win64; x64) AppleWebKit/537.36 (KHTML, like Gecko) Chrome/74.0.3729.169 Safari/537.36"
173.212.224.141 coachingpop.com - [27/Sep/2022:17:32:30 +0200] "HEAD /bk HTTP/1.1" 404 - "-" "Mozilla/5.0 (Windows NT 10.0; Win64; x64) AppleWebKit/537.36 (KHTML, like Gecko) Chrome/74.0.3729.169 Safari/537.36"
173.212.224.141 coachingpop.com - [27/Sep/2022:17:32:31 +0200] "HEAD /backup HTTP/1.1" 404 - "-" "Mozilla/5.0 (Windows NT 10.0; Win64; x64) AppleWebKit/537.36 (KHTML, like Gecko) Chrome/74.0.3729.169 Safari/537.36"
173.212.224.141 coachingpop.com - [27/Sep/2022:17:32:32 +0200] "HEAD /old HTTP/1.1" 404 - "-" "Mozilla/5.0 (Windows NT 10.0; Win64; x64) AppleWebKit/537.36 (KHTML, like Gecko) Chrome/74.0.3729.169 Safari/537.36"
173.212.224.141 coachingpop.com - [27/Sep/2022:17:32:33 +0200] "HEAD /new HTTP/1.1" 404 - "-" "Mozilla/5.0 (Windows NT 10.0; Win64; x64) AppleWebKit/537.36 (KHTML, like Gecko) Chrome/74.0.3729.169 Safari/537.36"
173.212.224.141 coachingpop.com - [27/Sep/2022:17:32:34 +0200] "HEAD /main HTTP/1.1" 404 - "-" "Mozilla/5.0 (Windows NT 10.0; Win64; x64) AppleWebKit/537.36 (KHTML, like Gecko) Chrome/74.0.3729.169 Safari/537.36"
173.212.224.141 coachingpop.com - [27/Sep/2022:17:32:35 +0200] "HEAD /home HTTP/1.1" 301 - "-" "Mozilla/5.0 (Windows NT 10.0; Win64; x64) AppleWebKit/537.36 (KHTML, like Gecko) Chrome/74.0.3729.169 Safari/537.36"
87.221.48.226 catalogo.coachingpop.com - [27/Sep/2022:17:32:35 +0200] "POST /wp-admin/admin-ajax.php HTTP/1.1" 200 47 "https://catalogo.coachingpop.com/wp-admin/edit.php?post_type=product" "Mozilla/5.0 (Windows NT 10.0; Win64; x64) AppleWebKit/537.36 (KHTML, like Gecko) Chrome/105.0.0.0 Safari/537.36"
87.221.48.226 catalogo.coachingpop.com - [27/Sep/2022:17:32:36 +0200] "POST /wp-admin/admin-ajax.php HTTP/1.1" 200 47 "https://catalogo.coachingpop.com/wp-admin/admin.php?page=wc-admin" "Mozilla/5.0 (Windows NT 10.0; Win64; x64) AppleWebKit/537.36 (KHTML, like Gecko) Chrome/105.0.0.0 Safari/537.36"
173.212.224.141 coachingpop.com - [27/Sep/2022:17:32:36 +0200] "HEAD /home/ HTTP/1.1" 200 - "https://coachingpop.com/home" "Mozilla/5.0 (Windows NT 10.0; Win64; x64) AppleWebKit/537.36 (KHTML, like Gecko) Chrome/74.0.3729.169 Safari/537.36"
87.221.48.226 catalogo.coachingpop.com - [27/Sep/2022:17:34:37 +0200] "POST /wp-admin/admin-ajax.php HTTP/1.1" 200 47 "https://catalogo.coachingpop.com/wp-admin/admin.php?page=wc-admin" "Mozilla/5.0 (Windows NT 10.0; Win64; x64) AppleWebKit/537.36 (KHTML, like Gecko) Chrome/105.0.0.0 Safari/537.36"
87.221.48.226 catalogo.coachingpop.com - [27/Sep/2022:17:34:36 +0200] "POST /wp-admin/admin-ajax.php HTTP/1.1" 200 47 "https://catalogo.coachingpop.com/wp-admin/edit.php?post_type=product" "Mozilla/5.0 (Windows NT 10.0; Win64; x64) AppleWebKit/537.36 (KHTML, like Gecko) Chrome/105.0.0.0 Safari/537.36"
51.68.11.195 catalogo.coachingpop.com - [27/Sep/2022:17:36:39 +0200] "POST /wp-cron.php?doing_wp_cron=1664292999.1349399089813232421875 HTTP/1.1" 200 25 "https://catalogo.coachingpop.com/wp-cron.php?doing_wp_cron=1664292999.1349399089813232421875" "WordPress/6.0.2; https://catalogo.coachingpop.com"
51.68.11.195 catalogo.coachingpop.com - [27/Sep/2022:17:36:39 +0200] "POST /wp-cron.php?doing_wp_cron=1664292999.1351799964904785156250 HTTP/1.1" 200 25 "https://catalogo.coachingpop.com/wp-cron.php?doing_wp_cron=1664292999.1351799964904785156250" "WordPress/6.0.2; https://catalogo.coachingpop.com"
51.68.11.195 catalogo.coachingpop.com - [27/Sep/2022:17:38:40 +0200] "POST /wp-cron.php?doing_wp_cron=1664293120.0953490734100341796875 HTTP/1.1" 200 25 "https://catalogo.coachingpop.com/wp-cron.php?doing_wp_cron=1664293120.0953490734100341796875" "WordPress/6.0.2; https://catalogo.coachingpop.com"
51.68.11.195 catalogo.coachingpop.com - [27/Sep/2022:17:38:40 +0200] "POST /wp-cron.php?doing_wp_cron=1664293120.0958039760589599609375 HTTP/1.1" 200 25 "https://catalogo.coachingpop.com/wp-cron.php?doing_wp_cron=1664293120.0958039760589599609375" "WordPress/6.0.2; https://catalogo.coachingpop.com"
87.98.231.4 coachingpop.com - [27/Sep/2022:17:36:19 +0200] "POST /wp-cron.php?doing_wp_cron=1664292979.9015860557556152343750 HTTP/1.1" 200 25 "http://coachingpop.com/wp-cron.php?doing_wp_cron=1664292979.9015860557556152343750" "WordPress/6.0.2; https://coachingpop.com"
114.119.139.110 coachingpop.com - [27/Sep/2022:17:36:17 +0200] "GET /tag/dialogo/ HTTP/1.1" 404 58138 "http://coachingpop.com/2016/03/28/percepcion/" "Mozilla/5.0 (Linux; Android 7.0;) AppleWebKit/537.36 (KHTML, like Gecko) Mobile Safari/537.36 (compatible; PetalBot;+https://webmaster.petalsearch.com/site/petalbot)"
87.221.48.226 catalogo.coachingpop.com - [27/Sep/2022:17:36:38 +0200] "POST /wp-admin/admin-ajax.php HTTP/1.1" 200 47 "https://catalogo.coachingpop.com/wp-admin/admin.php?page=wc-admin" "Mozilla/5.0 (Windows NT 10.0; Win64; x64) AppleWebKit/537.36 (KHTML, like Gecko) Chrome/105.0.0.0 Safari/537.36"
87.221.48.226 catalogo.coachingpop.com - [27/Sep/2022:17:36:37 +0200] "POST /wp-admin/admin-ajax.php HTTP/1.1" 200 47 "https://catalogo.coachingpop.com/wp-admin/edit.php?post_type=product" "Mozilla/5.0 (Windows NT 10.0; Win64; x64) AppleWebKit/537.36 (KHTML, like Gecko) Chrome/105.0.0.0 Safari/537.36"
87.221.48.226 catalogo.coachingpop.com - [27/Sep/2022:17:38:39 +0200] "POST /wp-admin/admin-ajax.php HTTP/1.1" 200 47 "https://catalogo.coachingpop.com/wp-admin/admin.php?page=wc-admin" "Mozilla/5.0 (Windows NT 10.0; Win64; x64) AppleWebKit/537.36 (KHTML, like Gecko) Chrome/105.0.0.0 Safari/537.36"
87.221.48.226 catalogo.coachingpop.com - [27/Sep/2022:17:38:38 +0200] "POST /wp-admin/admin-ajax.php HTTP/1.1" 200 47 "https://catalogo.coachingpop.com/wp-admin/edit.php?post_type=product" "Mozilla/5.0 (Windows NT 10.0; Win64; x64) AppleWebKit/537.36 (KHTML, like Gecko) Chrome/105.0.0.0 Safari/537.36"
51.68.11.195 catalogo.coachingpop.com - [27/Sep/2022:17:40:40 +0200] "POST /wp-cron.php?doing_wp_cron=1664293240.9396970272064208984375 HTTP/1.1" 200 25 "https://catalogo.coachingpop.com/wp-cron.php?doing_wp_cron=1664293240.9396970272064208984375" "WordPress/6.0.2; https://catalogo.coachingpop.com"
51.68.11.195 catalogo.coachingpop.com - [27/Sep/2022:17:42:42 +0200] "POST /wp-cron.php?doing_wp_cron=1664293361.9918029308319091796875 HTTP/1.1" 200 25 "https://catalogo.coachingpop.com/wp-cron.php?doing_wp_cron=1664293361.9918029308319091796875" "WordPress/6.0.2; https://catalogo.coachingpop.com"
51.68.11.195 catalogo.coachingpop.com - [27/Sep/2022:17:44:43 +0200] "POST /wp-cron.php?doing_wp_cron=1664293483.0006399154663085937500 HTTP/1.1" 200 25 "https://catalogo.coachingpop.com/wp-cron.php?doing_wp_cron=1664293483.0006399154663085937500" "WordPress/6.0.2; https://catalogo.coachingpop.com"
87.221.48.226 catalogo.coachingpop.com - [27/Sep/2022:17:40:39 +0200] "POST /wp-admin/admin-ajax.php HTTP/1.1" 200 47 "https://catalogo.coachingpop.com/wp-admin/edit.php?post_type=product" "Mozilla/5.0 (Windows NT 10.0; Win64; x64) AppleWebKit/537.36 (KHTML, like Gecko) Chrome/105.0.0.0 Safari/537.36"
87.221.48.226 catalogo.coachingpop.com - [27/Sep/2022:17:40:40 +0200] "POST /wp-admin/admin-ajax.php HTTP/1.1" 200 47 "https://catalogo.coachingpop.com/wp-admin/admin.php?page=wc-admin" "Mozilla/5.0 (Windows NT 10.0; Win64; x64) AppleWebKit/537.36 (KHTML, like Gecko) Chrome/105.0.0.0 Safari/537.36"
87.221.48.226 catalogo.coachingpop.com - [27/Sep/2022:17:42:41 +0200] "POST /wp-admin/admin-ajax.php HTTP/1.1" 200 47 "https://catalogo.coachingpop.com/wp-admin/admin.php?page=wc-admin" "Mozilla/5.0 (Windows NT 10.0; Win64; x64) AppleWebKit/537.36 (KHTML, like Gecko) Chrome/105.0.0.0 Safari/537.36"
87.221.48.226 catalogo.coachingpop.com - [27/Sep/2022:17:42:40 +0200] "POST /wp-admin/admin-ajax.php HTTP/1.1" 200 47 "https://catalogo.coachingpop.com/wp-admin/edit.php?post_type=product" "Mozilla/5.0 (Windows NT 10.0; Win64; x64) AppleWebKit/537.36 (KHTML, like Gecko) Chrome/105.0.0.0 Safari/537.36"
87.221.48.226 catalogo.coachingpop.com - [27/Sep/2022:17:44:42 +0200] "POST /wp-admin/admin-ajax.php HTTP/1.1" 200 47 "https://catalogo.coachingpop.com/wp-admin/admin.php?page=wc-admin" "Mozilla/5.0 (Windows NT 10.0; Win64; x64) AppleWebKit/537.36 (KHTML, like Gecko) Chrome/105.0.0.0 Safari/537.36"
87.221.48.226 catalogo.coachingpop.com - [27/Sep/2022:17:44:41 +0200] "POST /wp-admin/admin-ajax.php HTTP/1.1" 200 47 "https://catalogo.coachingpop.com/wp-admin/edit.php?post_type=product" "Mozilla/5.0 (Windows NT 10.0; Win64; x64) AppleWebKit/537.36 (KHTML, like Gecko) Chrome/105.0.0.0 Safari/537.36"
51.68.11.195 catalogo.coachingpop.com - [27/Sep/2022:17:46:43 +0200] "POST /wp-cron.php?doing_wp_cron=1664293603.9687659740447998046875 HTTP/1.1" 200 25 "https://catalogo.coachingpop.com/wp-cron.php?doing_wp_cron=1664293603.9687659740447998046875" "WordPress/6.0.2; https://catalogo.coachingpop.com"
51.68.11.195 catalogo.coachingpop.com - [27/Sep/2022:17:48:44 +0200] "POST /wp-cron.php?doing_wp_cron=1664293724.8798480033874511718750 HTTP/1.1" 200 25 "https://catalogo.coachingpop.com/wp-cron.php?doing_wp_cron=1664293724.8798480033874511718750" "WordPress/6.0.2; https://catalogo.coachingpop.com"
87.221.48.226 catalogo.coachingpop.com - [27/Sep/2022:17:46:42 +0200] "POST /wp-admin/admin-ajax.php HTTP/1.1" 200 47 "https://catalogo.coachingpop.com/wp-admin/edit.php?post_type=product" "Mozilla/5.0 (Windows NT 10.0; Win64; x64) AppleWebKit/537.36 (KHTML, like Gecko) Chrome/105.0.0.0 Safari/537.36"
87.221.48.226 catalogo.coachingpop.com - [27/Sep/2022:17:46:43 +0200] "POST /wp-admin/admin-ajax.php HTTP/1.1" 200 47 "https://catalogo.coachingpop.com/wp-admin/admin.php?page=wc-admin" "Mozilla/5.0 (Windows NT 10.0; Win64; x64) AppleWebKit/537.36 (KHTML, like Gecko) Chrome/105.0.0.0 Safari/537.36"
87.221.48.226 catalogo.coachingpop.com - [27/Sep/2022:17:48:43 +0200] "POST /wp-admin/admin-ajax.php HTTP/1.1" 200 47 "https://catalogo.coachingpop.com/wp-admin/edit.php?post_type=product" "Mozilla/5.0 (Windows NT 10.0; Win64; x64) AppleWebKit/537.36 (KHTML, like Gecko) Chrome/105.0.0.0 Safari/537.36"
87.221.48.226 catalogo.coachingpop.com - [27/Sep/2022:17:48:44 +0200] "POST /wp-admin/admin-ajax.php HTTP/1.1" 200 47 "https://catalogo.coachingpop.com/wp-admin/admin.php?page=wc-admin" "Mozilla/5.0 (Windows NT 10.0; Win64; x64) AppleWebKit/537.36 (KHTML, like Gecko) Chrome/105.0.0.0 Safari/537.36"
51.68.11.195 catalogo.coachingpop.com - [27/Sep/2022:17:50:46 +0200] "POST /wp-cron.php?doing_wp_cron=1664293846.3056409358978271484375 HTTP/1.1" 200 25 "https://catalogo.coachingpop.com/wp-cron.php?doing_wp_cron=1664293846.3056409358978271484375" "WordPress/6.0.2; https://catalogo.coachingpop.com"
51.68.11.195 catalogo.coachingpop.com - [27/Sep/2022:17:52:47 +0200] "POST /wp-cron.php?doing_wp_cron=1664293967.6947228908538818359375 HTTP/1.1" 200 25 "https://catalogo.coachingpop.com/wp-cron.php?doing_wp_cron=1664293967.6947228908538818359375" "WordPress/6.0.2; https://catalogo.coachingpop.com"
51.68.11.195 catalogo.coachingpop.com - [27/Sep/2022:17:52:47 +0200] "POST /wp-cron.php?doing_wp_cron=1664293967.6957349777221679687500 HTTP/1.1" 200 25 "https://catalogo.coachingpop.com/wp-cron.php?doing_wp_cron=1664293967.6957349777221679687500" "WordPress/6.0.2; https://catalogo.coachingpop.com"
87.221.48.226 catalogo.coachingpop.com - [27/Sep/2022:17:50:44 +0200] "POST /wp-admin/admin-ajax.php HTTP/1.1" 200 47 "https://catalogo.coachingpop.com/wp-admin/edit.php?post_type=product" "Mozilla/5.0 (Windows NT 10.0; Win64; x64) AppleWebKit/537.36 (KHTML, like Gecko) Chrome/105.0.0.0 Safari/537.36"
87.221.48.226 catalogo.coachingpop.com - [27/Sep/2022:17:50:45 +0200] "POST /wp-admin/admin-ajax.php HTTP/1.1" 200 47 "https://catalogo.coachingpop.com/wp-admin/admin.php?page=wc-admin" "Mozilla/5.0 (Windows NT 10.0; Win64; x64) AppleWebKit/537.36 (KHTML, like Gecko) Chrome/105.0.0.0 Safari/537.36"
87.221.48.226 catalogo.coachingpop.com - [27/Sep/2022:17:52:45 +0200] "POST /wp-admin/admin-ajax.php HTTP/1.1" 200 47 "https://catalogo.coachingpop.com/wp-admin/edit.php?post_type=product" "Mozilla/5.0 (Windows NT 10.0; Win64; x64) AppleWebKit/537.36 (KHTML, like Gecko) Chrome/105.0.0.0 Safari/537.36"
87.221.48.226 catalogo.coachingpop.com - [27/Sep/2022:17:52:46 +0200] "POST /wp-admin/admin-ajax.php HTTP/1.1" 200 47 "https://catalogo.coachingpop.com/wp-admin/admin.php?page=wc-admin" "Mozilla/5.0 (Windows NT 10.0; Win64; x64) AppleWebKit/537.36 (KHTML, like Gecko) Chrome/105.0.0.0 Safari/537.36"
87.221.48.226 catalogo.coachingpop.com - [27/Sep/2022:17:54:46 +0200] "POST /wp-admin/admin-ajax.php HTTP/1.1" 200 47 "https://catalogo.coachingpop.com/wp-admin/edit.php?post_type=product" "Mozilla/5.0 (Windows NT 10.0; Win64; x64) AppleWebKit/537.36 (KHTML, like Gecko) Chrome/105.0.0.0 Safari/537.36"
87.221.48.226 catalogo.coachingpop.com - [27/Sep/2022:17:54:47 +0200] "POST /wp-admin/admin-ajax.php HTTP/1.1" 200 47 "https://catalogo.coachingpop.com/wp-admin/admin.php?page=wc-admin" "Mozilla/5.0 (Windows NT 10.0; Win64; x64) AppleWebKit/537.36 (KHTML, like Gecko) Chrome/105.0.0.0 Safari/537.36"
51.68.11.195 catalogo.coachingpop.com - [27/Sep/2022:17:54:48 +0200] "POST /wp-cron.php?doing_wp_cron=1664294088.7938489913940429687500 HTTP/1.1" 200 25 "https://catalogo.coachingpop.com/wp-cron.php?doing_wp_cron=1664294088.7938489913940429687500" "WordPress/6.0.2; https://catalogo.coachingpop.com"
51.68.11.195 catalogo.coachingpop.com - [27/Sep/2022:17:54:48 +0200] "POST /wp-cron.php?doing_wp_cron=1664294088.7942299842834472656250 HTTP/1.1" 200 25 "https://catalogo.coachingpop.com/wp-cron.php?doing_wp_cron=1664294088.7942299842834472656250" "WordPress/6.0.2; https://catalogo.coachingpop.com"
51.68.11.195 catalogo.coachingpop.com - [27/Sep/2022:17:56:49 +0200] "POST /wp-cron.php?doing_wp_cron=1664294208.9471030235290527343750 HTTP/1.1" 200 25 "https://catalogo.coachingpop.com/wp-cron.php?doing_wp_cron=1664294208.9471030235290527343750" "WordPress/6.0.2; https://catalogo.coachingpop.com"
51.68.11.195 catalogo.coachingpop.com - [27/Sep/2022:17:58:49 +0200] "POST /wp-cron.php?doing_wp_cron=1664294329.8903539180755615234375 HTTP/1.1" 200 25 "https://catalogo.coachingpop.com/wp-cron.php?doing_wp_cron=1664294329.8903539180755615234375" "WordPress/6.0.2; https://catalogo.coachingpop.com"
87.221.48.226 catalogo.coachingpop.com - [27/Sep/2022:17:56:48 +0200] "POST /wp-admin/admin-ajax.php HTTP/1.1" 200 47 "https://catalogo.coachingpop.com/wp-admin/admin.php?page=wc-admin" "Mozilla/5.0 (Windows NT 10.0; Win64; x64) AppleWebKit/537.36 (KHTML, like Gecko) Chrome/105.0.0.0 Safari/537.36"
87.221.48.226 catalogo.coachingpop.com - [27/Sep/2022:17:56:47 +0200] "POST /wp-admin/admin-ajax.php HTTP/1.1" 200 47 "https://catalogo.coachingpop.com/wp-admin/edit.php?post_type=product" "Mozilla/5.0 (Windows NT 10.0; Win64; x64) AppleWebKit/537.36 (KHTML, like Gecko) Chrome/105.0.0.0 Safari/537.36"
87.221.48.226 catalogo.coachingpop.com - [27/Sep/2022:17:58:48 +0200] "POST /wp-admin/admin-ajax.php HTTP/1.1" 200 47 "https://catalogo.coachingpop.com/wp-admin/edit.php?post_type=product" "Mozilla/5.0 (Windows NT 10.0; Win64; x64) AppleWebKit/537.36 (KHTML, like Gecko) Chrome/105.0.0.0 Safari/537.36"
87.221.48.226 catalogo.coachingpop.com - [27/Sep/2022:17:58:49 +0200] "POST /wp-admin/admin-ajax.php HTTP/1.1" 200 47 "https://catalogo.coachingpop.com/wp-admin/admin.php?page=wc-admin" "Mozilla/5.0 (Windows NT 10.0; Win64; x64) AppleWebKit/537.36 (KHTML, like Gecko) Chrome/105.0.0.0 Safari/537.36"
51.68.11.195 catalogo.coachingpop.com - [27/Sep/2022:18:00:50 +0200] "POST /wp-cron.php?doing_wp_cron=1664294450.9073820114135742187500 HTTP/1.1" 200 25 "https://catalogo.coachingpop.com/wp-cron.php?doing_wp_cron=1664294450.9073820114135742187500" "WordPress/6.0.2; https://catalogo.coachingpop.com"
51.68.11.195 catalogo.coachingpop.com - [27/Sep/2022:18:02:52 +0200] "POST /wp-cron.php?doing_wp_cron=1664294572.2384800910949707031250 HTTP/1.1" 200 25 "https://catalogo.coachingpop.com/wp-cron.php?doing_wp_cron=1664294572.2384800910949707031250" "WordPress/6.0.2; https://catalogo.coachingpop.com"
51.68.11.195 catalogo.coachingpop.com - [27/Sep/2022:18:02:52 +0200] "POST /wp-cron.php?doing_wp_cron=1664294572.2386729717254638671875 HTTP/1.1" 200 25 "https://catalogo.coachingpop.com/wp-cron.php?doing_wp_cron=1664294572.2386729717254638671875" "WordPress/6.0.2; https://catalogo.coachingpop.com"
87.221.48.226 catalogo.coachingpop.com - [27/Sep/2022:18:00:49 +0200] "POST /wp-admin/admin-ajax.php HTTP/1.1" 200 47 "https://catalogo.coachingpop.com/wp-admin/edit.php?post_type=product" "Mozilla/5.0 (Windows NT 10.0; Win64; x64) AppleWebKit/537.36 (KHTML, like Gecko) Chrome/105.0.0.0 Safari/537.36"
87.221.48.226 catalogo.coachingpop.com - [27/Sep/2022:18:00:50 +0200] "POST /wp-admin/admin-ajax.php HTTP/1.1" 200 47 "https://catalogo.coachingpop.com/wp-admin/admin.php?page=wc-admin" "Mozilla/5.0 (Windows NT 10.0; Win64; x64) AppleWebKit/537.36 (KHTML, like Gecko) Chrome/105.0.0.0 Safari/537.36"
87.221.48.226 catalogo.coachingpop.com - [27/Sep/2022:18:02:50 +0200] "POST /wp-admin/admin-ajax.php HTTP/1.1" 200 47 "https://catalogo.coachingpop.com/wp-admin/edit.php?post_type=product" "Mozilla/5.0 (Windows NT 10.0; Win64; x64) AppleWebKit/537.36 (KHTML, like Gecko) Chrome/105.0.0.0 Safari/537.36"
87.221.48.226 catalogo.coachingpop.com - [27/Sep/2022:18:02:51 +0200] "POST /wp-admin/admin-ajax.php HTTP/1.1" 200 47 "https://catalogo.coachingpop.com/wp-admin/admin.php?page=wc-admin" "Mozilla/5.0 (Windows NT 10.0; Win64; x64) AppleWebKit/537.36 (KHTML, like Gecko) Chrome/105.0.0.0 Safari/537.36"
93.42.24.129 catalogo.coachingpop.com - [27/Sep/2022:18:03:59 +0200] "GET /anadir-obra/ HTTP/1.1" 200 39295 "-" "Mozilla/5.0 (Macintosh; Intel Mac OS X 10_15_7) AppleWebKit/537.36 (KHTML, like Gecko) Chrome/105.0.0.0 Safari/537.36"
93.42.24.129 catalogo.coachingpop.com - [27/Sep/2022:18:04:02 +0200] "GET /wp-content/plugins/revslider/admin/assets/css/ddTP.css?ver=6.5.31 HTTP/1.1" 200 3583 "https://catalogo.coachingpop.com/anadir-obra/" "Mozilla/5.0 (Macintosh; Intel Mac OS X 10_15_7) AppleWebKit/537.36 (KHTML, like Gecko) Chrome/105.0.0.0 Safari/537.36"
93.42.24.129 catalogo.coachingpop.com - [27/Sep/2022:18:04:02 +0200] "GET /wp-includes/css/admin-bar.min.css?ver=6.0.2 HTTP/1.1" 200 3826 "https://catalogo.coachingpop.com/anadir-obra/" "Mozilla/5.0 (Macintosh; Intel Mac OS X 10_15_7) AppleWebKit/537.36 (KHTML, like Gecko) Chrome/105.0.0.0 Safari/537.36"
93.42.24.129 catalogo.coachingpop.com - [27/Sep/2022:18:04:02 +0200] "GET /wp-includes/css/dashicons.min.css?ver=6.0.2 HTTP/1.1" 200 35730 "https://catalogo.coachingpop.com/anadir-obra/" "Mozilla/5.0 (Macintosh; Intel Mac OS X 10_15_7) AppleWebKit/537.36 (KHTML, like Gecko) Chrome/105.0.0.0 Safari/537.36"
93.42.24.129 catalogo.coachingpop.com - [27/Sep/2022:18:04:02 +0200] "GET /wp-content/plugins/contact-form-7/includes/css/styles.css?ver=5.6.3 HTTP/1.1" 200 972 "https://catalogo.coachingpop.com/anadir-obra/" "Mozilla/5.0 (Macintosh; Intel Mac OS X 10_15_7) AppleWebKit/537.36 (KHTML, like Gecko) Chrome/105.0.0.0 Safari/537.36"
93.42.24.129 catalogo.coachingpop.com - [27/Sep/2022:18:04:02 +0200] "GET /wp-content/plugins/email-subscribers/lite/public/css/email-subscribers-public.css?ver=5.4.13 HTTP/1.1" 200 769 "https://catalogo.coachingpop.com/anadir-obra/" "Mozilla/5.0 (Macintosh; Intel Mac OS X 10_15_7) AppleWebKit/537.36 (KHTML, like Gecko) Chrome/105.0.0.0 Safari/537.36"
93.42.24.129 catalogo.coachingpop.com - [27/Sep/2022:18:04:02 +0200] "GET /wp-content/plugins/ns-add-product-frontend-premium/templates/apf-wc-standard-template/insert-product/apf-wc-standard-template.css?ver=6.0.2 HTTP/1.1" 200 4584 "https://catalogo.coachingpop.com/anadir-obra/" "Mozilla/5.0 (Macintosh; Intel Mac OS X 10_15_7) AppleWebKit/537.36 (KHTML, like Gecko) Chrome/105.0.0.0 Safari/537.36"
93.42.24.129 catalogo.coachingpop.com - [27/Sep/2022:18:04:02 +0200] "GET /wp-content/plugins/woocommerce/packages/woocommerce-blocks/build/wc-blocks-vendors-style.css?ver=8.3.2 HTTP/1.1" 200 1962 "https://catalogo.coachingpop.com/anadir-obra/" "Mozilla/5.0 (Macintosh; Intel Mac OS X 10_15_7) AppleWebKit/537.36 (KHTML, like Gecko) Chrome/105.0.0.0 Safari/537.36"
93.42.24.129 catalogo.coachingpop.com - [27/Sep/2022:18:04:02 +0200] "GET /wp-content/plugins/revslider/admin/assets/css/tp-color-picker.css?ver=6.5.31 HTTP/1.1" 200 6408 "https://catalogo.coachingpop.com/anadir-obra/" "Mozilla/5.0 (Macintosh; Intel Mac OS X 10_15_7) AppleWebKit/537.36 (KHTML, like Gecko) Chrome/105.0.0.0 Safari/537.36"
93.42.24.129 catalogo.coachingpop.com - [27/Sep/2022:18:04:02 +0200] "GET /wp-content/plugins/if-menu/assets/if-menu-site.css?ver=6.0.2 HTTP/1.1" 200 484 "https://catalogo.coachingpop.com/anadir-obra/" "Mozilla/5.0 (Macintosh; Intel Mac OS X 10_15_7) AppleWebKit/537.36 (KHTML, like Gecko) Chrome/105.0.0.0 Safari/537.36"
93.42.24.129 catalogo.coachingpop.com - [27/Sep/2022:18:04:02 +0200] "GET /wp-content/plugins/woocommerce-request-a-quote/assets/css/jquery.modal.min.css?ver=1.0 HTTP/1.1" 200 1772 "https://catalogo.coachingpop.com/anadir-obra/" "Mozilla/5.0 (Macintosh; Intel Mac OS X 10_15_7) AppleWebKit/537.36 (KHTML, like Gecko) Chrome/105.0.0.0 Safari/537.36"
93.42.24.129 catalogo.coachingpop.com - [27/Sep/2022:18:04:02 +0200] "GET /wp-content/plugins/revslider/admin/assets/css/basics.css?ver=6.5.31 HTTP/1.1" 200 16815 "https://catalogo.coachingpop.com/anadir-obra/" "Mozilla/5.0 (Macintosh; Intel Mac OS X 10_15_7) AppleWebKit/537.36 (KHTML, like Gecko) Chrome/105.0.0.0 Safari/537.36"
93.42.24.129 catalogo.coachingpop.com - [27/Sep/2022:18:04:02 +0200] "GET /wp-content/plugins/flex-favorites//assets/css/flex-favorites-style.css?ver=6.0.2 HTTP/1.1" 200 32 "https://catalogo.coachingpop.com/anadir-obra/" "Mozilla/5.0 (Macintosh; Intel Mac OS X 10_15_7) AppleWebKit/537.36 (KHTML, like Gecko) Chrome/105.0.0.0 Safari/537.36"
93.42.24.129 catalogo.coachingpop.com - [27/Sep/2022:18:04:02 +0200] "GET /wp-content/plugins/woocommerce-request-a-quote/assets/css/afrfq_front.css?ver=1.1 HTTP/1.1" 200 2182 "https://catalogo.coachingpop.com/anadir-obra/" "Mozilla/5.0 (Macintosh; Intel Mac OS X 10_15_7) AppleWebKit/537.36 (KHTML, like Gecko) Chrome/105.0.0.0 Safari/537.36"
93.42.24.129 catalogo.coachingpop.com - [27/Sep/2022:18:04:02 +0200] "GET /wp-content/plugins/csh-login/assets/css/default.css?ver=6.0.2 HTTP/1.1" 200 658 "https://catalogo.coachingpop.com/anadir-obra/" "Mozilla/5.0 (Macintosh; Intel Mac OS X 10_15_7) AppleWebKit/537.36 (KHTML, like Gecko) Chrome/105.0.0.0 Safari/537.36"
93.42.24.129 catalogo.coachingpop.com - [27/Sep/2022:18:04:02 +0200] "GET /wp-content/plugins/csh-login/assets/css/layout1.css?ver=6.0.2 HTTP/1.1" 200 598 "https://catalogo.coachingpop.com/anadir-obra/" "Mozilla/5.0 (Macintosh; Intel Mac OS X 10_15_7) AppleWebKit/537.36 (KHTML, like Gecko) Chrome/105.0.0.0 Safari/537.36"
93.42.24.129 catalogo.coachingpop.com - [27/Sep/2022:18:04:02 +0200] "GET /wp-content/plugins/woocommerce/packages/woocommerce-blocks/build/wc-blocks-style.css?ver=8.3.2 HTTP/1.1" 200 22539 "https://catalogo.coachingpop.com/anadir-obra/" "Mozilla/5.0 (Macintosh; Intel Mac OS X 10_15_7) AppleWebKit/537.36 (KHTML, like Gecko) Chrome/105.0.0.0 Safari/537.36"
93.42.24.129 catalogo.coachingpop.com - [27/Sep/2022:18:04:02 +0200] "GET /wp-content/plugins/search-filter/style.css?ver=1 HTTP/1.1" 200 272 "https://catalogo.coachingpop.com/anadir-obra/" "Mozilla/5.0 (Macintosh; Intel Mac OS X 10_15_7) AppleWebKit/537.36 (KHTML, like Gecko) Chrome/105.0.0.0 Safari/537.36"
93.42.24.129 catalogo.coachingpop.com - [27/Sep/2022:18:04:02 +0200] "GET /wp-content/plugins/cmssuperheroesv2/assets/css/cms-style.css?ver=6.0.2 HTTP/1.1" 200 235 "https://catalogo.coachingpop.com/anadir-obra/" "Mozilla/5.0 (Macintosh; Intel Mac OS X 10_15_7) AppleWebKit/537.36 (KHTML, like Gecko) Chrome/105.0.0.0 Safari/537.36"
93.42.24.129 catalogo.coachingpop.com - [27/Sep/2022:18:04:02 +0200] "GET /wp-content/themes/book-junky-child/style.css?ver=6.0.2 HTTP/1.1" 200 688 "https://catalogo.coachingpop.com/anadir-obra/" "Mozilla/5.0 (Macintosh; Intel Mac OS X 10_15_7) AppleWebKit/537.36 (KHTML, like Gecko) Chrome/105.0.0.0 Safari/537.36"
93.42.24.129 catalogo.coachingpop.com - [27/Sep/2022:18:04:02 +0200] "GET /wp-content/themes/book-junky/assets/css/custom-dynamic.css?ver=6.0.2 HTTP/1.1" 200 - "https://catalogo.coachingpop.com/anadir-obra/" "Mozilla/5.0 (Macintosh; Intel Mac OS X 10_15_7) AppleWebKit/537.36 (KHTML, like Gecko) Chrome/105.0.0.0 Safari/537.36"
93.42.24.129 catalogo.coachingpop.com - [27/Sep/2022:18:04:02 +0200] "GET /wp-content/themes/book-junky/style.css?ver=6.0.2 HTTP/1.1" 200 469 "https://catalogo.coachingpop.com/anadir-obra/" "Mozilla/5.0 (Macintosh; Intel Mac OS X 10_15_7) AppleWebKit/537.36 (KHTML, like Gecko) Chrome/105.0.0.0 Safari/537.36"
93.42.24.129 catalogo.coachingpop.com - [27/Sep/2022:18:04:02 +0200] "GET /wp-content/plugins/ns-add-product-frontend-premium/templates/apf-wc-standard-template/insert-product/apf-wc-standard-template.js?ver=6.0.2 HTTP/1.1" 200 2911 "https://catalogo.coachingpop.com/anadir-obra/" "Mozilla/5.0 (Macintosh; Intel Mac OS X 10_15_7) AppleWebKit/537.36 (KHTML, like Gecko) Chrome/105.0.0.0 Safari/537.36"
93.42.24.129 catalogo.coachingpop.com - [27/Sep/2022:18:04:02 +0200] "GET /wp-content/themes/book-junky/assets/css/owl.carousel.min.css?ver=6.0.2 HTTP/1.1" 200 950 "https://catalogo.coachingpop.com/anadir-obra/" "Mozilla/5.0 (Macintosh; Intel Mac OS X 10_15_7) AppleWebKit/537.36 (KHTML, like Gecko) Chrome/105.0.0.0 Safari/537.36"
93.42.24.129 catalogo.coachingpop.com - [27/Sep/2022:18:04:02 +0200] "GET /wp-content/plugins/ns-add-product-frontend-premium/templates/apf-wc-standard-template/selectize/dist/css/selectize.css?ver=6.0.2 HTTP/1.1" 200 2118 "https://catalogo.coachingpop.com/anadir-obra/" "Mozilla/5.0 (Macintosh; Intel Mac OS X 10_15_7) AppleWebKit/537.36 (KHTML, like Gecko) Chrome/105.0.0.0 Safari/537.36"
93.42.24.129 catalogo.coachingpop.com - [27/Sep/2022:18:04:02 +0200] "GET /wp-includes/js/jquery/jquery-migrate.min.js?ver=3.3.2 HTTP/1.1" 200 4169 "https://catalogo.coachingpop.com/anadir-obra/" "Mozilla/5.0 (Macintosh; Intel Mac OS X 10_15_7) AppleWebKit/537.36 (KHTML, like Gecko) Chrome/105.0.0.0 Safari/537.36"
93.42.24.129 catalogo.coachingpop.com - [27/Sep/2022:18:04:02 +0200] "GET /wp-content/plugins/ns-add-product-frontend-premium/templates/apf-wc-standard-template/selectize/dist/js/standalone/selectize.min.js?ver=6.0.2 HTTP/1.1" 200 15744 "https://catalogo.coachingpop.com/anadir-obra/" "Mozilla/5.0 (Macintosh; Intel Mac OS X 10_15_7) AppleWebKit/537.36 (KHTML, like Gecko) Chrome/105.0.0.0 Safari/537.36"
93.42.24.129 catalogo.coachingpop.com - [27/Sep/2022:18:04:02 +0200] "GET /wp-content/plugins/woocommerce/assets/css/woocommerce.css?ver=6.9.3 HTTP/1.1" 200 8895 "https://catalogo.coachingpop.com/anadir-obra/" "Mozilla/5.0 (Macintosh; Intel Mac OS X 10_15_7) AppleWebKit/537.36 (KHTML, like Gecko) Chrome/105.0.0.0 Safari/537.36"
