41.216.188.48 coachingpop.com - [27/Sep/2022:04:35:46 +0200] "GET /wp-includes/images/media/ HTTP/1.1" 200 499 "binance.com" "Mozilla/5.0 (Windows NT 10.0; Win64; x64) AppleWebKit/537.36 (KHTML, like Gecko) Chrome/90.0.4430.85 Safari/537.36"
51.68.11.195 catalogo.coachingpop.com - [27/Sep/2022:04:35:51 +0200] "POST /wp-cron.php?doing_wp_cron=1664246151.7446470260620117187500 HTTP/1.1" 200 25 "https://catalogo.coachingpop.com/wp-cron.php?doing_wp_cron=1664246151.7446470260620117187500" "WordPress/6.0.2; https://catalogo.coachingpop.com"
41.216.188.48 coachingpop.com - [27/Sep/2022:04:35:53 +0200] "GET /wp-includes/images/smilies/ HTTP/1.1" 200 728 "binance.com" "Mozilla/5.0 (Windows NT 10.0; Win64; x64) AppleWebKit/537.36 (KHTML, like Gecko) Chrome/90.0.4430.85 Safari/537.36"
41.216.188.48 coachingpop.com - [27/Sep/2022:04:35:58 +0200] "GET /wp-includes/images/wlw/ HTTP/1.1" 200 401 "binance.com" "Mozilla/5.0 (Windows NT 10.0; Win64; x64) AppleWebKit/537.36 (KHTML, like Gecko) Chrome/90.0.4430.85 Safari/537.36"
87.98.231.4 coachingpop.com - [27/Sep/2022:04:36:06 +0200] "POST /wp-cron.php?doing_wp_cron=1664246166.7572879791259765625000 HTTP/1.1" 200 25 "http://coachingpop.com/wp-cron.php?doing_wp_cron=1664246166.7572879791259765625000" "WordPress/6.0.2; https://coachingpop.com"
41.216.188.48 coachingpop.com - [27/Sep/2022:04:36:03 +0200] "GET /wp-includes/js/%20 HTTP/1.1" 301 - "binance.com" "Mozilla/5.0 (Windows NT 10.0; Win64; x64) AppleWebKit/537.36 (KHTML, like Gecko) Chrome/90.0.4430.85 Safari/537.36"
41.216.188.48 coachingpop.com - [27/Sep/2022:04:36:09 +0200] "GET /wp-includes/js/ HTTP/1.1" 200 1907 "binance.com" "Mozilla/5.0 (Windows NT 10.0; Win64; x64) AppleWebKit/537.36 (KHTML, like Gecko) Chrome/90.0.4430.85 Safari/537.36"
41.216.188.48 coachingpop.com - [27/Sep/2022:04:36:17 +0200] "GET /wp-includes/js/codemirror/ HTTP/1.1" 200 489 "binance.com" "Mozilla/5.0 (Windows NT 10.0; Win64; x64) AppleWebKit/537.36 (KHTML, like Gecko) Chrome/90.0.4430.85 Safari/537.36"
41.216.188.48 coachingpop.com - [27/Sep/2022:04:36:21 +0200] "GET /wp-includes/js/plupload/ HTTP/1.1" 200 493 "binance.com" "Mozilla/5.0 (Windows NT 10.0; Win64; x64) AppleWebKit/537.36 (KHTML, like Gecko) Chrome/90.0.4430.85 Safari/537.36"
87.98.231.4 coachingpop.com - [27/Sep/2022:04:36:29 +0200] "POST /wp-cron.php?doing_wp_cron=1664246189.9810390472412109375000 HTTP/1.1" 200 25 "http://coachingpop.com/wp-cron.php?doing_wp_cron=1664246189.9810390472412109375000" "WordPress/6.0.2; https://coachingpop.com"
41.216.188.48 coachingpop.com - [27/Sep/2022:04:36:29 +0200] "GET /.well-known/ HTTP/1.1" 404 58324 "binance.com" "Mozilla/5.0 (Windows NT 10.0; Win64; x64) AppleWebKit/537.36 (KHTML, like Gecko) Chrome/90.0.4430.85 Safari/537.36"
51.68.11.195 catalogo.coachingpop.com - [27/Sep/2022:04:37:52 +0200] "POST /wp-cron.php?doing_wp_cron=1664246272.5614008903503417968750 HTTP/1.1" 200 25 "https://catalogo.coachingpop.com/wp-cron.php?doing_wp_cron=1664246272.5614008903503417968750" "WordPress/6.0.2; https://catalogo.coachingpop.com"
81.36.175.180 catalogo.coachingpop.com - [27/Sep/2022:04:35:48 +0200] "POST /wp-admin/admin-ajax.php HTTP/1.1" 200 47 "https://catalogo.coachingpop.com/wp-admin/admin.php?page=wc-admin" "Mozilla/5.0 (Windows NT 10.0; Win64; x64) AppleWebKit/537.36 (KHTML, like Gecko) Chrome/105.0.0.0 Safari/537.36"
81.36.175.180 catalogo.coachingpop.com - [27/Sep/2022:04:36:17 +0200] "POST /wp-admin/admin-ajax.php HTTP/1.1" 200 47 "https://catalogo.coachingpop.com/wp-admin/edit.php?post_type=product" "Mozilla/5.0 (Windows NT 10.0; Win64; x64) AppleWebKit/537.36 (KHTML, like Gecko) Chrome/105.0.0.0 Safari/537.36"
81.36.175.180 catalogo.coachingpop.com - [27/Sep/2022:04:37:49 +0200] "POST /wp-admin/admin-ajax.php HTTP/1.1" 200 47 "https://catalogo.coachingpop.com/wp-admin/admin.php?page=wc-admin" "Mozilla/5.0 (Windows NT 10.0; Win64; x64) AppleWebKit/537.36 (KHTML, like Gecko) Chrome/105.0.0.0 Safari/537.36"
81.36.175.180 catalogo.coachingpop.com - [27/Sep/2022:04:38:18 +0200] "POST /wp-admin/admin-ajax.php HTTP/1.1" 200 47 "https://catalogo.coachingpop.com/wp-admin/edit.php?post_type=product" "Mozilla/5.0 (Windows NT 10.0; Win64; x64) AppleWebKit/537.36 (KHTML, like Gecko) Chrome/105.0.0.0 Safari/537.36"
81.36.175.180 catalogo.coachingpop.com - [27/Sep/2022:04:39:50 +0200] "POST /wp-admin/admin-ajax.php HTTP/1.1" 200 47 "https://catalogo.coachingpop.com/wp-admin/admin.php?page=wc-admin" "Mozilla/5.0 (Windows NT 10.0; Win64; x64) AppleWebKit/537.36 (KHTML, like Gecko) Chrome/105.0.0.0 Safari/537.36"
81.36.175.180 catalogo.coachingpop.com - [27/Sep/2022:04:40:19 +0200] "POST /wp-admin/admin-ajax.php HTTP/1.1" 200 47 "https://catalogo.coachingpop.com/wp-admin/edit.php?post_type=product" "Mozilla/5.0 (Windows NT 10.0; Win64; x64) AppleWebKit/537.36 (KHTML, like Gecko) Chrome/105.0.0.0 Safari/537.36"
51.68.11.195 catalogo.coachingpop.com - [27/Sep/2022:04:39:53 +0200] "POST /wp-cron.php?doing_wp_cron=1664246393.6535460948944091796875 HTTP/1.1" 200 25 "https://catalogo.coachingpop.com/wp-cron.php?doing_wp_cron=1664246393.6535460948944091796875" "WordPress/6.0.2; https://catalogo.coachingpop.com"
51.68.11.195 catalogo.coachingpop.com - [27/Sep/2022:04:41:54 +0200] "POST /wp-cron.php?doing_wp_cron=1664246514.4403450489044189453125 HTTP/1.1" 200 25 "https://catalogo.coachingpop.com/wp-cron.php?doing_wp_cron=1664246514.4403450489044189453125" "WordPress/6.0.2; https://catalogo.coachingpop.com"
51.68.11.195 catalogo.coachingpop.com - [27/Sep/2022:04:43:55 +0200] "POST /wp-cron.php?doing_wp_cron=1664246635.0167400836944580078125 HTTP/1.1" 200 25 "https://catalogo.coachingpop.com/wp-cron.php?doing_wp_cron=1664246635.0167400836944580078125" "WordPress/6.0.2; https://catalogo.coachingpop.com"
51.68.11.195 catalogo.coachingpop.com - [27/Sep/2022:04:44:24 +0200] "POST /wp-cron.php?doing_wp_cron=1664246664.3959560394287109375000 HTTP/1.1" 200 25 "https://catalogo.coachingpop.com/wp-cron.php?doing_wp_cron=1664246664.3959560394287109375000" "WordPress/6.0.2; https://catalogo.coachingpop.com"
81.36.175.180 catalogo.coachingpop.com - [27/Sep/2022:04:41:51 +0200] "POST /wp-admin/admin-ajax.php HTTP/1.1" 200 47 "https://catalogo.coachingpop.com/wp-admin/admin.php?page=wc-admin" "Mozilla/5.0 (Windows NT 10.0; Win64; x64) AppleWebKit/537.36 (KHTML, like Gecko) Chrome/105.0.0.0 Safari/537.36"
81.36.175.180 catalogo.coachingpop.com - [27/Sep/2022:04:42:20 +0200] "POST /wp-admin/admin-ajax.php HTTP/1.1" 200 47 "https://catalogo.coachingpop.com/wp-admin/edit.php?post_type=product" "Mozilla/5.0 (Windows NT 10.0; Win64; x64) AppleWebKit/537.36 (KHTML, like Gecko) Chrome/105.0.0.0 Safari/537.36"
81.36.175.180 catalogo.coachingpop.com - [27/Sep/2022:04:43:52 +0200] "POST /wp-admin/admin-ajax.php HTTP/1.1" 200 47 "https://catalogo.coachingpop.com/wp-admin/admin.php?page=wc-admin" "Mozilla/5.0 (Windows NT 10.0; Win64; x64) AppleWebKit/537.36 (KHTML, like Gecko) Chrome/105.0.0.0 Safari/537.36"
81.36.175.180 catalogo.coachingpop.com - [27/Sep/2022:04:44:21 +0200] "POST /wp-admin/admin-ajax.php HTTP/1.1" 200 47 "https://catalogo.coachingpop.com/wp-admin/edit.php?post_type=product" "Mozilla/5.0 (Windows NT 10.0; Win64; x64) AppleWebKit/537.36 (KHTML, like Gecko) Chrome/105.0.0.0 Safari/537.36"
87.98.231.4 coachingpop.com - [27/Sep/2022:04:45:41 +0200] "POST /wp-cron.php?doing_wp_cron=1664246741.1054780483245849609375 HTTP/1.1" 200 25 "http://coachingpop.com/wp-cron.php?doing_wp_cron=1664246741.1054780483245849609375" "WordPress/6.0.2; https://coachingpop.com"
114.119.139.25 coachingpop.com - [27/Sep/2022:04:45:38 +0200] "GET /tag/reconocimiento/ HTTP/1.1" 200 16920 "http://coachingpop.com/tag/amigo/" "Mozilla/5.0 (Linux; Android 7.0;) AppleWebKit/537.36 (KHTML, like Gecko) Mobile Safari/537.36 (compatible; PetalBot;+https://webmaster.petalsearch.com/site/petalbot)"
51.68.11.195 catalogo.coachingpop.com - [27/Sep/2022:04:45:56 +0200] "POST /wp-cron.php?doing_wp_cron=1664246756.5395550727844238281250 HTTP/1.1" 200 25 "https://catalogo.coachingpop.com/wp-cron.php?doing_wp_cron=1664246756.5395550727844238281250" "WordPress/6.0.2; https://catalogo.coachingpop.com"
51.68.11.195 catalogo.coachingpop.com - [27/Sep/2022:04:47:57 +0200] "POST /wp-cron.php?doing_wp_cron=1664246877.4048669338226318359375 HTTP/1.1" 200 25 "https://catalogo.coachingpop.com/wp-cron.php?doing_wp_cron=1664246877.4048669338226318359375" "WordPress/6.0.2; https://catalogo.coachingpop.com"
81.36.175.180 catalogo.coachingpop.com - [27/Sep/2022:04:45:53 +0200] "POST /wp-admin/admin-ajax.php HTTP/1.1" 200 47 "https://catalogo.coachingpop.com/wp-admin/admin.php?page=wc-admin" "Mozilla/5.0 (Windows NT 10.0; Win64; x64) AppleWebKit/537.36 (KHTML, like Gecko) Chrome/105.0.0.0 Safari/537.36"
81.36.175.180 catalogo.coachingpop.com - [27/Sep/2022:04:46:22 +0200] "POST /wp-admin/admin-ajax.php HTTP/1.1" 200 47 "https://catalogo.coachingpop.com/wp-admin/edit.php?post_type=product" "Mozilla/5.0 (Windows NT 10.0; Win64; x64) AppleWebKit/537.36 (KHTML, like Gecko) Chrome/105.0.0.0 Safari/537.36"
81.36.175.180 catalogo.coachingpop.com - [27/Sep/2022:04:47:54 +0200] "POST /wp-admin/admin-ajax.php HTTP/1.1" 200 47 "https://catalogo.coachingpop.com/wp-admin/admin.php?page=wc-admin" "Mozilla/5.0 (Windows NT 10.0; Win64; x64) AppleWebKit/537.36 (KHTML, like Gecko) Chrome/105.0.0.0 Safari/537.36"
81.36.175.180 catalogo.coachingpop.com - [27/Sep/2022:04:48:23 +0200] "POST /wp-admin/admin-ajax.php HTTP/1.1" 200 47 "https://catalogo.coachingpop.com/wp-admin/edit.php?post_type=product" "Mozilla/5.0 (Windows NT 10.0; Win64; x64) AppleWebKit/537.36 (KHTML, like Gecko) Chrome/105.0.0.0 Safari/537.36"
81.36.175.180 catalogo.coachingpop.com - [27/Sep/2022:04:49:55 +0200] "POST /wp-admin/admin-ajax.php HTTP/1.1" 200 47 "https://catalogo.coachingpop.com/wp-admin/admin.php?page=wc-admin" "Mozilla/5.0 (Windows NT 10.0; Win64; x64) AppleWebKit/537.36 (KHTML, like Gecko) Chrome/105.0.0.0 Safari/537.36"
81.36.175.180 catalogo.coachingpop.com - [27/Sep/2022:04:50:24 +0200] "POST /wp-admin/admin-ajax.php HTTP/1.1" 200 47 "https://catalogo.coachingpop.com/wp-admin/edit.php?post_type=product" "Mozilla/5.0 (Windows NT 10.0; Win64; x64) AppleWebKit/537.36 (KHTML, like Gecko) Chrome/105.0.0.0 Safari/537.36"
51.68.11.195 catalogo.coachingpop.com - [27/Sep/2022:04:49:58 +0200] "POST /wp-cron.php?doing_wp_cron=1664246998.0455460548400878906250 HTTP/1.1" 200 25 "https://catalogo.coachingpop.com/wp-cron.php?doing_wp_cron=1664246998.0455460548400878906250" "WordPress/6.0.2; https://catalogo.coachingpop.com"
51.68.11.195 catalogo.coachingpop.com - [27/Sep/2022:04:51:58 +0200] "POST /wp-cron.php?doing_wp_cron=1664247118.8120329380035400390625 HTTP/1.1" 200 25 "https://catalogo.coachingpop.com/wp-cron.php?doing_wp_cron=1664247118.8120329380035400390625" "WordPress/6.0.2; https://catalogo.coachingpop.com"
51.68.11.195 catalogo.coachingpop.com - [27/Sep/2022:04:54:00 +0200] "POST /wp-cron.php?doing_wp_cron=1664247240.4737460613250732421875 HTTP/1.1" 200 25 "https://catalogo.coachingpop.com/wp-cron.php?doing_wp_cron=1664247240.4737460613250732421875" "WordPress/6.0.2; https://catalogo.coachingpop.com"
51.68.11.195 catalogo.coachingpop.com - [27/Sep/2022:04:54:27 +0200] "POST /wp-cron.php?doing_wp_cron=1664247267.4125869274139404296875 HTTP/1.1" 200 25 "https://catalogo.coachingpop.com/wp-cron.php?doing_wp_cron=1664247267.4125869274139404296875" "WordPress/6.0.2; https://catalogo.coachingpop.com"
81.36.175.180 catalogo.coachingpop.com - [27/Sep/2022:04:51:56 +0200] "POST /wp-admin/admin-ajax.php HTTP/1.1" 200 47 "https://catalogo.coachingpop.com/wp-admin/admin.php?page=wc-admin" "Mozilla/5.0 (Windows NT 10.0; Win64; x64) AppleWebKit/537.36 (KHTML, like Gecko) Chrome/105.0.0.0 Safari/537.36"
81.36.175.180 catalogo.coachingpop.com - [27/Sep/2022:04:52:25 +0200] "POST /wp-admin/admin-ajax.php HTTP/1.1" 200 47 "https://catalogo.coachingpop.com/wp-admin/edit.php?post_type=product" "Mozilla/5.0 (Windows NT 10.0; Win64; x64) AppleWebKit/537.36 (KHTML, like Gecko) Chrome/105.0.0.0 Safari/537.36"
81.36.175.180 catalogo.coachingpop.com - [27/Sep/2022:04:53:57 +0200] "POST /wp-admin/admin-ajax.php HTTP/1.1" 200 47 "https://catalogo.coachingpop.com/wp-admin/admin.php?page=wc-admin" "Mozilla/5.0 (Windows NT 10.0; Win64; x64) AppleWebKit/537.36 (KHTML, like Gecko) Chrome/105.0.0.0 Safari/537.36"
81.36.175.180 catalogo.coachingpop.com - [27/Sep/2022:04:54:26 +0200] "POST /wp-admin/admin-ajax.php HTTP/1.1" 200 47 "https://catalogo.coachingpop.com/wp-admin/edit.php?post_type=product" "Mozilla/5.0 (Windows NT 10.0; Win64; x64) AppleWebKit/537.36 (KHTML, like Gecko) Chrome/105.0.0.0 Safari/537.36"
51.68.11.195 catalogo.coachingpop.com - [27/Sep/2022:04:56:00 +0200] "POST /wp-cron.php?doing_wp_cron=1664247360.4008851051330566406250 HTTP/1.1" 200 25 "https://catalogo.coachingpop.com/wp-cron.php?doing_wp_cron=1664247360.4008851051330566406250" "WordPress/6.0.2; https://catalogo.coachingpop.com"
51.68.11.195 catalogo.coachingpop.com - [27/Sep/2022:04:58:02 +0200] "POST /wp-cron.php?doing_wp_cron=1664247482.6370930671691894531250 HTTP/1.1" 200 25 "https://catalogo.coachingpop.com/wp-cron.php?doing_wp_cron=1664247482.6370930671691894531250" "WordPress/6.0.2; https://catalogo.coachingpop.com"
81.36.175.180 catalogo.coachingpop.com - [27/Sep/2022:04:55:58 +0200] "POST /wp-admin/admin-ajax.php HTTP/1.1" 200 47 "https://catalogo.coachingpop.com/wp-admin/admin.php?page=wc-admin" "Mozilla/5.0 (Windows NT 10.0; Win64; x64) AppleWebKit/537.36 (KHTML, like Gecko) Chrome/105.0.0.0 Safari/537.36"
81.36.175.180 catalogo.coachingpop.com - [27/Sep/2022:04:56:27 +0200] "POST /wp-admin/admin-ajax.php HTTP/1.1" 200 47 "https://catalogo.coachingpop.com/wp-admin/edit.php?post_type=product" "Mozilla/5.0 (Windows NT 10.0; Win64; x64) AppleWebKit/537.36 (KHTML, like Gecko) Chrome/105.0.0.0 Safari/537.36"
81.36.175.180 catalogo.coachingpop.com - [27/Sep/2022:04:57:59 +0200] "POST /wp-admin/admin-ajax.php HTTP/1.1" 200 47 "https://catalogo.coachingpop.com/wp-admin/admin.php?page=wc-admin" "Mozilla/5.0 (Windows NT 10.0; Win64; x64) AppleWebKit/537.36 (KHTML, like Gecko) Chrome/105.0.0.0 Safari/537.36"
81.36.175.180 catalogo.coachingpop.com - [27/Sep/2022:04:58:28 +0200] "POST /wp-admin/admin-ajax.php HTTP/1.1" 200 47 "https://catalogo.coachingpop.com/wp-admin/edit.php?post_type=product" "Mozilla/5.0 (Windows NT 10.0; Win64; x64) AppleWebKit/537.36 (KHTML, like Gecko) Chrome/105.0.0.0 Safari/537.36"
81.36.175.180 catalogo.coachingpop.com - [27/Sep/2022:05:00:00 +0200] "POST /wp-admin/admin-ajax.php HTTP/1.1" 200 47 "https://catalogo.coachingpop.com/wp-admin/admin.php?page=wc-admin" "Mozilla/5.0 (Windows NT 10.0; Win64; x64) AppleWebKit/537.36 (KHTML, like Gecko) Chrome/105.0.0.0 Safari/537.36"
81.36.175.180 catalogo.coachingpop.com - [27/Sep/2022:05:00:29 +0200] "POST /wp-admin/admin-ajax.php HTTP/1.1" 200 47 "https://catalogo.coachingpop.com/wp-admin/edit.php?post_type=product" "Mozilla/5.0 (Windows NT 10.0; Win64; x64) AppleWebKit/537.36 (KHTML, like Gecko) Chrome/105.0.0.0 Safari/537.36"
51.68.11.195 catalogo.coachingpop.com - [27/Sep/2022:05:00:02 +0200] "POST /wp-cron.php?doing_wp_cron=1664247602.7174289226531982421875 HTTP/1.1" 200 25 "https://catalogo.coachingpop.com/wp-cron.php?doing_wp_cron=1664247602.7174289226531982421875" "WordPress/6.0.2; https://catalogo.coachingpop.com"
51.68.11.195 catalogo.coachingpop.com - [27/Sep/2022:05:02:03 +0200] "POST /wp-cron.php?doing_wp_cron=1664247723.6865360736846923828125 HTTP/1.1" 200 25 "https://catalogo.coachingpop.com/wp-cron.php?doing_wp_cron=1664247723.6865360736846923828125" "WordPress/6.0.2; https://catalogo.coachingpop.com"
70.34.210.189 coachingpop.com - [27/Sep/2022:05:03:05 +0200] "POST /xmlrpc.php HTTP/1.1" 403 - "-" "Mozilla/5.0 (Windows NT 10.0; Win64; x64) AppleWebKit/537.36 (KHTML, like Gecko) Chrome/78.0.3904.108 Safari/537.36"
200.89.67.51 coachingpop.com - [27/Sep/2022:05:03:14 +0200] "POST /xmlrpc.php HTTP/1.1" 403 - "-" "Mozilla/5.0 (Windows NT 6.1; Win64; x64) AppleWebKit/537.36 (KHTML, like Gecko) Chrome/60.0.3112.90 Safari/537.36"
200.89.67.51 coachingpop.com - [27/Sep/2022:05:03:20 +0200] "POST /xmlrpc.php HTTP/1.1" 403 - "-" "Mozilla/5.0 (Windows NT 10.0; WOW64; rv:52.0) Gecko/20100101 Firefox/52.0"
51.68.11.195 coachingpop.com - [27/Sep/2022:05:03:34 +0200] "POST /wp-cron.php?doing_wp_cron=1664247814.4373350143432617187500 HTTP/1.1" 200 25 "https://coachingpop.com/wp-cron.php?doing_wp_cron=1664247814.4373350143432617187500" "WordPress/6.0.2; https://coachingpop.com"
51.68.11.195 catalogo.coachingpop.com - [27/Sep/2022:05:04:06 +0200] "POST /wp-cron.php?doing_wp_cron=1664247846.4834809303283691406250 HTTP/1.1" 200 25 "https://catalogo.coachingpop.com/wp-cron.php?doing_wp_cron=1664247846.4834809303283691406250" "WordPress/6.0.2; https://catalogo.coachingpop.com"
51.68.11.195 catalogo.coachingpop.com - [27/Sep/2022:05:04:34 +0200] "POST /wp-cron.php?doing_wp_cron=1664247874.6552329063415527343750 HTTP/1.1" 200 25 "https://catalogo.coachingpop.com/wp-cron.php?doing_wp_cron=1664247874.6552329063415527343750" "WordPress/6.0.2; https://catalogo.coachingpop.com"
81.36.175.180 catalogo.coachingpop.com - [27/Sep/2022:05:02:01 +0200] "POST /wp-admin/admin-ajax.php HTTP/1.1" 200 47 "https://catalogo.coachingpop.com/wp-admin/admin.php?page=wc-admin" "Mozilla/5.0 (Windows NT 10.0; Win64; x64) AppleWebKit/537.36 (KHTML, like Gecko) Chrome/105.0.0.0 Safari/537.36"
81.36.175.180 catalogo.coachingpop.com - [27/Sep/2022:05:02:30 +0200] "POST /wp-admin/admin-ajax.php HTTP/1.1" 200 47 "https://catalogo.coachingpop.com/wp-admin/edit.php?post_type=product" "Mozilla/5.0 (Windows NT 10.0; Win64; x64) AppleWebKit/537.36 (KHTML, like Gecko) Chrome/105.0.0.0 Safari/537.36"
91.134.248.235 coachingpop.com - [27/Sep/2022:05:03:13 +0200] "POST /xmlrpc.php HTTP/1.1" 403 - "-" "Mozilla/5.0 (Windows NT 10.0; Win64; x64; rv:88.0) Gecko/20100101 Firefox/88.0"
161.117.12.178 coachingpop.com - [27/Sep/2022:05:03:23 +0200] "POST /xmlrpc.php HTTP/1.1" 403 - "-" "Mozilla/5.0 (Windows NT 5.1; rv:36.0) Gecko/20100101 Firefox/36.0"
1.15.242.40 coachingpop.com - [27/Sep/2022:05:03:33 +0200] "POST /xmlrpc.php HTTP/1.1" 200 420 "-" "Mozilla/5.0 (Windows NT 6.2; Win64; x64) AppleWebKit/537.36 (KHTML, like Gecko) Chrome/60.0.3112.90 Safari/537.36"
65.2.119.66 coachingpop.com - [27/Sep/2022:05:03:36 +0200] "POST /xmlrpc.php HTTP/1.1" 200 422 "-" "Mozilla/5.0 (Windows NT 10.0; Win64; x64; rv:59.0) Gecko/20100101 Firefox/59.0"
51.159.77.133 coachingpop.com - [27/Sep/2022:05:03:41 +0200] "POST /xmlrpc.php HTTP/1.1" 200 420 "-" "Mozilla/5.0 (X11; Linux x86_64) AppleWebKit/537.36 (KHTML, like Gecko) Chrome/44.0.2403.157 Safari/537.36"
81.36.175.180 catalogo.coachingpop.com - [27/Sep/2022:05:04:02 +0200] "POST /wp-admin/admin-ajax.php HTTP/1.1" 200 47 "https://catalogo.coachingpop.com/wp-admin/admin.php?page=wc-admin" "Mozilla/5.0 (Windows NT 10.0; Win64; x64) AppleWebKit/537.36 (KHTML, like Gecko) Chrome/105.0.0.0 Safari/537.36"
81.36.175.180 catalogo.coachingpop.com - [27/Sep/2022:05:04:31 +0200] "POST /wp-admin/admin-ajax.php HTTP/1.1" 200 47 "https://catalogo.coachingpop.com/wp-admin/edit.php?post_type=product" "Mozilla/5.0 (Windows NT 10.0; Win64; x64) AppleWebKit/537.36 (KHTML, like Gecko) Chrome/105.0.0.0 Safari/537.36"
51.68.11.195 catalogo.coachingpop.com - [27/Sep/2022:05:06:07 +0200] "POST /wp-cron.php?doing_wp_cron=1664247967.1446449756622314453125 HTTP/1.1" 200 25 "https://catalogo.coachingpop.com/wp-cron.php?doing_wp_cron=1664247967.1446449756622314453125" "WordPress/6.0.2; https://catalogo.coachingpop.com"
51.68.11.195 catalogo.coachingpop.com - [27/Sep/2022:05:08:07 +0200] "POST /wp-cron.php?doing_wp_cron=1664248087.5543920993804931640625 HTTP/1.1" 200 25 "https://catalogo.coachingpop.com/wp-cron.php?doing_wp_cron=1664248087.5543920993804931640625" "WordPress/6.0.2; https://catalogo.coachingpop.com"
81.36.175.180 catalogo.coachingpop.com - [27/Sep/2022:05:06:03 +0200] "POST /wp-admin/admin-ajax.php HTTP/1.1" 200 47 "https://catalogo.coachingpop.com/wp-admin/admin.php?page=wc-admin" "Mozilla/5.0 (Windows NT 10.0; Win64; x64) AppleWebKit/537.36 (KHTML, like Gecko) Chrome/105.0.0.0 Safari/537.36"
81.36.175.180 catalogo.coachingpop.com - [27/Sep/2022:05:06:32 +0200] "POST /wp-admin/admin-ajax.php HTTP/1.1" 200 47 "https://catalogo.coachingpop.com/wp-admin/edit.php?post_type=product" "Mozilla/5.0 (Windows NT 10.0; Win64; x64) AppleWebKit/537.36 (KHTML, like Gecko) Chrome/105.0.0.0 Safari/537.36"
81.36.175.180 catalogo.coachingpop.com - [27/Sep/2022:05:08:04 +0200] "POST /wp-admin/admin-ajax.php HTTP/1.1" 200 47 "https://catalogo.coachingpop.com/wp-admin/admin.php?page=wc-admin" "Mozilla/5.0 (Windows NT 10.0; Win64; x64) AppleWebKit/537.36 (KHTML, like Gecko) Chrome/105.0.0.0 Safari/537.36"
81.36.175.180 catalogo.coachingpop.com - [27/Sep/2022:05:08:33 +0200] "POST /wp-admin/admin-ajax.php HTTP/1.1" 200 47 "https://catalogo.coachingpop.com/wp-admin/edit.php?post_type=product" "Mozilla/5.0 (Windows NT 10.0; Win64; x64) AppleWebKit/537.36 (KHTML, like Gecko) Chrome/105.0.0.0 Safari/537.36"
81.36.175.180 catalogo.coachingpop.com - [27/Sep/2022:05:10:05 +0200] "POST /wp-admin/admin-ajax.php HTTP/1.1" 200 47 "https://catalogo.coachingpop.com/wp-admin/admin.php?page=wc-admin" "Mozilla/5.0 (Windows NT 10.0; Win64; x64) AppleWebKit/537.36 (KHTML, like Gecko) Chrome/105.0.0.0 Safari/537.36"
51.68.11.195 catalogo.coachingpop.com - [27/Sep/2022:05:10:07 +0200] "POST /wp-cron.php?doing_wp_cron=1664248207.3675169944763183593750 HTTP/1.1" 200 25 "https://catalogo.coachingpop.com/wp-cron.php?doing_wp_cron=1664248207.3675169944763183593750" "WordPress/6.0.2; https://catalogo.coachingpop.com"
51.68.11.195 coachingpop.com - [27/Sep/2022:05:11:17 +0200] "POST /wp-cron.php?doing_wp_cron=1664248277.5968999862670898437500 HTTP/1.1" 200 25 "https://coachingpop.com/wp-cron.php?doing_wp_cron=1664248277.5968999862670898437500" "WordPress/6.0.2; https://coachingpop.com"
114.119.139.217 coachingpop.com - [27/Sep/2022:05:11:15 +0200] "GET /tag/emociones HTTP/1.1" 404 58208 "http://coachingpop.com/tag/conciencia/" "Mozilla/5.0 (Linux; Android 7.0;) AppleWebKit/537.36 (KHTML, like Gecko) Mobile Safari/537.36 (compatible; PetalBot;+https://webmaster.petalsearch.com/site/petalbot)"
51.68.11.195 catalogo.coachingpop.com - [27/Sep/2022:05:12:08 +0200] "POST /wp-cron.php?doing_wp_cron=1664248328.7302041053771972656250 HTTP/1.1" 200 25 "https://catalogo.coachingpop.com/wp-cron.php?doing_wp_cron=1664248328.7302041053771972656250" "WordPress/6.0.2; https://catalogo.coachingpop.com"
51.68.11.195 catalogo.coachingpop.com - [27/Sep/2022:05:14:09 +0200] "POST /wp-cron.php?doing_wp_cron=1664248449.4852008819580078125000 HTTP/1.1" 200 25 "https://catalogo.coachingpop.com/wp-cron.php?doing_wp_cron=1664248449.4852008819580078125000" "WordPress/6.0.2; https://catalogo.coachingpop.com"
51.68.11.195 catalogo.coachingpop.com - [27/Sep/2022:05:14:37 +0200] "POST /wp-cron.php?doing_wp_cron=1664248477.4130139350891113281250 HTTP/1.1" 200 25 "https://catalogo.coachingpop.com/wp-cron.php?doing_wp_cron=1664248477.4130139350891113281250" "WordPress/6.0.2; https://catalogo.coachingpop.com"
81.36.175.180 catalogo.coachingpop.com - [27/Sep/2022:05:10:34 +0200] "POST /wp-admin/admin-ajax.php HTTP/1.1" 200 47 "https://catalogo.coachingpop.com/wp-admin/edit.php?post_type=product" "Mozilla/5.0 (Windows NT 10.0; Win64; x64) AppleWebKit/537.36 (KHTML, like Gecko) Chrome/105.0.0.0 Safari/537.36"
81.36.175.180 catalogo.coachingpop.com - [27/Sep/2022:05:12:06 +0200] "POST /wp-admin/admin-ajax.php HTTP/1.1" 200 47 "https://catalogo.coachingpop.com/wp-admin/admin.php?page=wc-admin" "Mozilla/5.0 (Windows NT 10.0; Win64; x64) AppleWebKit/537.36 (KHTML, like Gecko) Chrome/105.0.0.0 Safari/537.36"
81.36.175.180 catalogo.coachingpop.com - [27/Sep/2022:05:12:35 +0200] "POST /wp-admin/admin-ajax.php HTTP/1.1" 200 47 "https://catalogo.coachingpop.com/wp-admin/edit.php?post_type=product" "Mozilla/5.0 (Windows NT 10.0; Win64; x64) AppleWebKit/537.36 (KHTML, like Gecko) Chrome/105.0.0.0 Safari/537.36"
81.36.175.180 catalogo.coachingpop.com - [27/Sep/2022:05:14:07 +0200] "POST /wp-admin/admin-ajax.php HTTP/1.1" 200 47 "https://catalogo.coachingpop.com/wp-admin/admin.php?page=wc-admin" "Mozilla/5.0 (Windows NT 10.0; Win64; x64) AppleWebKit/537.36 (KHTML, like Gecko) Chrome/105.0.0.0 Safari/537.36"
51.68.11.195 catalogo.coachingpop.com - [27/Sep/2022:05:16:10 +0200] "POST /wp-cron.php?doing_wp_cron=1664248570.5634529590606689453125 HTTP/1.1" 200 25 "https://catalogo.coachingpop.com/wp-cron.php?doing_wp_cron=1664248570.5634529590606689453125" "WordPress/6.0.2; https://catalogo.coachingpop.com"
51.68.11.195 coachingpop.com - [27/Sep/2022:05:16:23 +0200] "POST /wp-cron.php?doing_wp_cron=1664248583.8428969383239746093750 HTTP/1.1" 200 25 "https://coachingpop.com/wp-cron.php?doing_wp_cron=1664248583.8428969383239746093750" "WordPress/6.0.2; https://coachingpop.com"
51.68.11.195 catalogo.coachingpop.com - [27/Sep/2022:05:18:12 +0200] "POST /wp-cron.php?doing_wp_cron=1664248692.6579709053039550781250 HTTP/1.1" 200 25 "https://catalogo.coachingpop.com/wp-cron.php?doing_wp_cron=1664248692.6579709053039550781250" "WordPress/6.0.2; https://catalogo.coachingpop.com"
81.36.175.180 catalogo.coachingpop.com - [27/Sep/2022:05:14:36 +0200] "POST /wp-admin/admin-ajax.php HTTP/1.1" 200 47 "https://catalogo.coachingpop.com/wp-admin/edit.php?post_type=product" "Mozilla/5.0 (Windows NT 10.0; Win64; x64) AppleWebKit/537.36 (KHTML, like Gecko) Chrome/105.0.0.0 Safari/537.36"
81.36.175.180 catalogo.coachingpop.com - [27/Sep/2022:05:16:08 +0200] "POST /wp-admin/admin-ajax.php HTTP/1.1" 200 47 "https://catalogo.coachingpop.com/wp-admin/admin.php?page=wc-admin" "Mozilla/5.0 (Windows NT 10.0; Win64; x64) AppleWebKit/537.36 (KHTML, like Gecko) Chrome/105.0.0.0 Safari/537.36"
87.98.231.4 coachingpop.com - [27/Sep/2022:05:16:12 +0200] "POST /wp-cron.php?doing_wp_cron=1664248572.9023818969726562500000 HTTP/1.1" 200 25 "http://coachingpop.com/wp-cron.php?doing_wp_cron=1664248572.9023818969726562500000" "WordPress/6.0.2; https://coachingpop.com"
109.70.100.31 coachingpop.com - [27/Sep/2022:05:16:08 +0200] "GET / HTTP/1.1" 301 - "-" "Mozilla/5.0 (Windows NT 10.0; Win64; x64) AppleWebKit/537.36 (KHTML, like Gecko) Chrome/100.0.4889.0 Safari/537.36"
109.70.100.31 coachingpop.com - [27/Sep/2022:05:16:13 +0200] "GET / HTTP/1.1" 200 22562 "-" "Mozilla/5.0 (Windows NT 10.0; Win64; x64) AppleWebKit/537.36 (KHTML, like Gecko) Chrome/100.0.4889.0 Safari/537.36"
109.70.100.31 coachingpop.com - [27/Sep/2022:05:16:17 +0200] "GET /wp-content/plugins/role-based-pricing-for-woocommerce//assets/css/addify_csp_front_css.css?ver=1.0 HTTP/1.1" 200 2 "https://coachingpop.com/" "Mozilla/5.0 (Windows NT 10.0; Win64; x64) AppleWebKit/537.36 (KHTML, like Gecko) Chrome/100.0.4889.0 Safari/537.36"
109.70.100.31 coachingpop.com - [27/Sep/2022:05:16:17 +0200] "GET /wp-content/plugins/masterstudy-elementor-widgets/assets/css/accordion.css?ver=1664248575 HTTP/1.1" 200 189 "https://coachingpop.com/" "Mozilla/5.0 (Windows NT 10.0; Win64; x64) AppleWebKit/537.36 (KHTML, like Gecko) Chrome/100.0.4889.0 Safari/537.36"
109.70.100.31 coachingpop.com - [27/Sep/2022:05:16:17 +0200] "GET /wp-content/plugins/masterstudy-elementor-widgets/assets/css/counter.css?ver=1664248575 HTTP/1.1" 200 80 "https://coachingpop.com/" "Mozilla/5.0 (Windows NT 10.0; Win64; x64) AppleWebKit/537.36 (KHTML, like Gecko) Chrome/100.0.4889.0 Safari/537.36"
109.70.100.31 coachingpop.com - [27/Sep/2022:05:16:17 +0200] "GET /wp-content/plugins/masterstudy-elementor-widgets/assets/css/navigation-menu.css?ver=1664248575 HTTP/1.1" 200 235 "https://coachingpop.com/" "Mozilla/5.0 (Windows NT 10.0; Win64; x64) AppleWebKit/537.36 (KHTML, like Gecko) Chrome/100.0.4889.0 Safari/537.36"
109.70.100.31 coachingpop.com - [27/Sep/2022:05:16:17 +0200] "GET /wp-content/plugins/contact-form-7/includes/css/styles.css?ver=5.6.3 HTTP/1.1" 200 972 "https://coachingpop.com/" "Mozilla/5.0 (Windows NT 10.0; Win64; x64) AppleWebKit/537.36 (KHTML, like Gecko) Chrome/100.0.4889.0 Safari/537.36"
109.70.100.31 coachingpop.com - [27/Sep/2022:05:16:17 +0200] "GET /wp-content/plugins/woocommerce/packages/woocommerce-blocks/build/wc-blocks-vendors-style.css?ver=8.3.2 HTTP/1.1" 200 1962 "https://coachingpop.com/" "Mozilla/5.0 (Windows NT 10.0; Win64; x64) AppleWebKit/537.36 (KHTML, like Gecko) Chrome/100.0.4889.0 Safari/537.36"
109.70.100.31 coachingpop.com - [27/Sep/2022:05:16:17 +0200] "GET /wp-content/plugins/hide-price-add-to-cart-button/assets/css/afwhp_front.css?ver=1.0 HTTP/1.1" 200 305 "https://coachingpop.com/" "Mozilla/5.0 (Windows NT 10.0; Win64; x64) AppleWebKit/537.36 (KHTML, like Gecko) Chrome/100.0.4889.0 Safari/537.36"
109.70.100.31 coachingpop.com - [27/Sep/2022:05:16:17 +0200] "GET /wp-content/plugins/cool-timeline/includes/cool-timeline-block/dist/blocks.style.build.css HTTP/1.1" 200 3094 "https://coachingpop.com/" "Mozilla/5.0 (Windows NT 10.0; Win64; x64) AppleWebKit/537.36 (KHTML, like Gecko) Chrome/100.0.4889.0 Safari/537.36"
109.70.100.31 coachingpop.com - [27/Sep/2022:05:16:17 +0200] "GET /wp-content/plugins/logo-carousel-free/public/assets/css/style.min.css?ver=3.4.13 HTTP/1.1" 200 478 "https://coachingpop.com/" "Mozilla/5.0 (Windows NT 10.0; Win64; x64) AppleWebKit/537.36 (KHTML, like Gecko) Chrome/100.0.4889.0 Safari/537.36"
109.70.100.31 coachingpop.com - [27/Sep/2022:05:16:17 +0200] "GET /wp-content/plugins/logo-carousel-free/public/assets/css/font-awesome.min.css?ver=3.4.13 HTTP/1.1" 200 6664 "https://coachingpop.com/" "Mozilla/5.0 (Windows NT 10.0; Win64; x64) AppleWebKit/537.36 (KHTML, like Gecko) Chrome/100.0.4889.0 Safari/537.36"
109.70.100.31 coachingpop.com - [27/Sep/2022:05:16:17 +0200] "GET /wp-content/plugins/logo-carousel-free/public/assets/css/swiper-bundle.min.css?ver=3.4.13 HTTP/1.1" 200 4002 "https://coachingpop.com/" "Mozilla/5.0 (Windows NT 10.0; Win64; x64) AppleWebKit/537.36 (KHTML, like Gecko) Chrome/100.0.4889.0 Safari/537.36"
109.70.100.31 coachingpop.com - [27/Sep/2022:05:16:17 +0200] "GET /wp-content/plugins/woocommerce/packages/woocommerce-blocks/build/wc-blocks-style.css?ver=8.3.2 HTTP/1.1" 200 22539 "https://coachingpop.com/" "Mozilla/5.0 (Windows NT 10.0; Win64; x64) AppleWebKit/537.36 (KHTML, like Gecko) Chrome/100.0.4889.0 Safari/537.36"
109.70.100.31 coachingpop.com - [27/Sep/2022:05:16:17 +0200] "GET /wp-content/plugins/stm-post-type/theme/assets/lazyload.css?ver=false HTTP/1.1" 200 656 "https://coachingpop.com/" "Mozilla/5.0 (Windows NT 10.0; Win64; x64) AppleWebKit/537.36 (KHTML, like Gecko) Chrome/100.0.4889.0 Safari/537.36"
109.70.100.31 coachingpop.com - [27/Sep/2022:05:16:17 +0200] "GET /wp-includes/css/dist/block-library/style.min.css?ver=6.0.2 HTTP/1.1" 200 11681 "https://coachingpop.com/" "Mozilla/5.0 (Windows NT 10.0; Win64; x64) AppleWebKit/537.36 (KHTML, like Gecko) Chrome/100.0.4889.0 Safari/537.36"
109.70.100.31 coachingpop.com - [27/Sep/2022:05:16:17 +0200] "GET /wp-content/plugins/if-menu/assets/if-menu-site.css?ver=6.0.2 HTTP/1.1" 200 484 "https://coachingpop.com/" "Mozilla/5.0 (Windows NT 10.0; Win64; x64) AppleWebKit/537.36 (KHTML, like Gecko) Chrome/100.0.4889.0 Safari/537.36"
109.70.100.31 coachingpop.com - [27/Sep/2022:05:16:17 +0200] "GET /wp-content/themes/masterstudy/assets/css/ms-bootstrap-custom.css?ver=4.5.1 HTTP/1.1" 200 230 "https://coachingpop.com/" "Mozilla/5.0 (Windows NT 10.0; Win64; x64) AppleWebKit/537.36 (KHTML, like Gecko) Chrome/100.0.4889.0 Safari/537.36"
109.70.100.31 coachingpop.com - [27/Sep/2022:05:16:17 +0200] "GET /wp-content/plugins/gdpr-compliance-cookie-consent/assets/css/styles.css?ver=6.0.2 HTTP/1.1" 200 521 "https://coachingpop.com/" "Mozilla/5.0 (Windows NT 10.0; Win64; x64) AppleWebKit/537.36 (KHTML, like Gecko) Chrome/100.0.4889.0 Safari/537.36"
109.70.100.31 coachingpop.com - [27/Sep/2022:05:16:17 +0200] "GET /wp-content/themes/masterstudy/assets/css/rtl_demo/style.css?ver=4.5.1 HTTP/1.1" 200 438 "https://coachingpop.com/" "Mozilla/5.0 (Windows NT 10.0; Win64; x64) AppleWebKit/537.36 (KHTML, like Gecko) Chrome/100.0.4889.0 Safari/537.36"
109.70.100.31 coachingpop.com - [27/Sep/2022:05:16:17 +0200] "GET /wp-content/themes/masterstudy/assets/vendors/bootstrap.min.css?ver=4.5.1 HTTP/1.1" 200 11117 "https://coachingpop.com/" "Mozilla/5.0 (Windows NT 10.0; Win64; x64) AppleWebKit/537.36 (KHTML, like Gecko) Chrome/100.0.4889.0 Safari/537.36"
109.70.100.31 coachingpop.com - [27/Sep/2022:05:16:17 +0200] "GET /wp-content/themes/masterstudy/assets/linearicons/linear.css?ver=4.5.1 HTTP/1.1" 200 8582 "https://coachingpop.com/" "Mozilla/5.0 (Windows NT 10.0; Win64; x64) AppleWebKit/537.36 (KHTML, like Gecko) Chrome/100.0.4889.0 Safari/537.36"
109.70.100.31 coachingpop.com - [27/Sep/2022:05:16:17 +0200] "GET /wp-content/themes/masterstudy/assets/css/icomoon.fonts.css?ver=4.5.1 HTTP/1.1" 200 783 "https://coachingpop.com/" "Mozilla/5.0 (Windows NT 10.0; Win64; x64) AppleWebKit/537.36 (KHTML, like Gecko) Chrome/100.0.4889.0 Safari/537.36"
109.70.100.31 coachingpop.com - [27/Sep/2022:05:16:17 +0200] "GET /wp-content/themes/masterstudy/assets/vendors/jquery.fancybox.min.css?ver=4.5.1 HTTP/1.1" 200 3096 "https://coachingpop.com/" "Mozilla/5.0 (Windows NT 10.0; Win64; x64) AppleWebKit/537.36 (KHTML, like Gecko) Chrome/100.0.4889.0 Safari/537.36"
109.70.100.31 coachingpop.com - [27/Sep/2022:05:16:17 +0200] "GET /wp-content/plugins/woocommerce-memberships/assets/css/frontend/wc-memberships-frontend.min.css?ver=1.22.11 HTTP/1.1" 200 785 "https://coachingpop.com/" "Mozilla/5.0 (Windows NT 10.0; Win64; x64) AppleWebKit/537.36 (KHTML, like Gecko) Chrome/100.0.4889.0 Safari/537.36"
109.70.100.31 coachingpop.com - [27/Sep/2022:05:16:17 +0200] "GET /wp-content/themes/masterstudy/assets/css/font-awesome.min.css?ver=4.5.1 HTTP/1.1" 200 9978 "https://coachingpop.com/" "Mozilla/5.0 (Windows NT 10.0; Win64; x64) AppleWebKit/537.36 (KHTML, like Gecko) Chrome/100.0.4889.0 Safari/537.36"
109.70.100.31 coachingpop.com - [27/Sep/2022:05:16:17 +0200] "GET /wp-content/themes/masterstudy/assets/css/animate.css?ver=4.5.1 HTTP/1.1" 200 4042 "https://coachingpop.com/" "Mozilla/5.0 (Windows NT 10.0; Win64; x64) AppleWebKit/537.36 (KHTML, like Gecko) Chrome/100.0.4889.0 Safari/537.36"
109.70.100.31 coachingpop.com - [27/Sep/2022:05:16:17 +0200] "GET /wp-content/themes/masterstudy/assets/css/styles.css?ver=4.5.1 HTTP/1.1" 200 25508 "https://coachingpop.com/" "Mozilla/5.0 (Windows NT 10.0; Win64; x64) AppleWebKit/537.36 (KHTML, like Gecko) Chrome/100.0.4889.0 Safari/537.36"
109.70.100.31 coachingpop.com - [27/Sep/2022:05:16:17 +0200] "GET /wp-content/themes/masterstudy/assets/css/animation.css?ver=4.5.1 HTTP/1.1" 200 1794 "https://coachingpop.com/" "Mozilla/5.0 (Windows NT 10.0; Win64; x64) AppleWebKit/537.36 (KHTML, like Gecko) Chrome/100.0.4889.0 Safari/537.36"
109.70.100.31 coachingpop.com - [27/Sep/2022:05:16:17 +0200] "GET /wp-content/plugins/woocommerce/assets/css/select2.css?ver=6.9.3 HTTP/1.1" 200 1882 "https://coachingpop.com/" "Mozilla/5.0 (Windows NT 10.0; Win64; x64) AppleWebKit/537.36 (KHTML, like Gecko) Chrome/100.0.4889.0 Safari/537.36"
109.70.100.31 coachingpop.com - [27/Sep/2022:05:16:17 +0200] "GET /wp-content/themes/masterstudy/style.css?ver=4.5.1 HTTP/1.1" 200 926 "https://coachingpop.com/" "Mozilla/5.0 (Windows NT 10.0; Win64; x64) AppleWebKit/537.36 (KHTML, like Gecko) Chrome/100.0.4889.0 Safari/537.36"
109.70.100.31 coachingpop.com - [27/Sep/2022:05:16:17 +0200] "GET /wp-content/themes/masterstudy/assets/css/vc_modules/headers/header_default.css?ver=4.5.1 HTTP/1.1" 200 551 "https://coachingpop.com/" "Mozilla/5.0 (Windows NT 10.0; Win64; x64) AppleWebKit/537.36 (KHTML, like Gecko) Chrome/100.0.4889.0 Safari/537.36"
109.70.100.31 coachingpop.com - [27/Sep/2022:05:16:17 +0200] "GET /wp-content/themes/masterstudy/assets/css/vc_modules/headers_transparent/header_default_transparent.css?ver=4.5.1 HTTP/1.1" 200 111 "https://coachingpop.com/" "Mozilla/5.0 (Windows NT 10.0; Win64; x64) AppleWebKit/537.36 (KHTML, like Gecko) Chrome/100.0.4889.0 Safari/537.36"
109.70.100.31 coachingpop.com - [27/Sep/2022:05:16:17 +0200] "GET /wp-content/uploads/stm_lms_styles/custom_styles.css?ver=4.5.1 HTTP/1.1" 200 46 "https://coachingpop.com/" "Mozilla/5.0 (Windows NT 10.0; Win64; x64) AppleWebKit/537.36 (KHTML, like Gecko) Chrome/100.0.4889.0 Safari/537.36"
109.70.100.31 coachingpop.com - [27/Sep/2022:05:16:17 +0200] "GET /wp-includes/js/jquery/jquery-migrate.min.js?ver=3.3.2 HTTP/1.1" 200 4169 "https://coachingpop.com/" "Mozilla/5.0 (Windows NT 10.0; Win64; x64) AppleWebKit/537.36 (KHTML, like Gecko) Chrome/100.0.4889.0 Safari/537.36"
109.70.100.31 coachingpop.com - [27/Sep/2022:05:16:17 +0200] "GET /wp-content/plugins/role-based-pricing-for-woocommerce/assets/js/addify_csp_front_js.js?ver=1.0 HTTP/1.1" 200 61 "https://coachingpop.com/" "Mozilla/5.0 (Windows NT 10.0; Win64; x64) AppleWebKit/537.36 (KHTML, like Gecko) Chrome/100.0.4889.0 Safari/537.36"
109.70.100.31 coachingpop.com - [27/Sep/2022:05:16:17 +0200] "GET /wp-includes/js/jquery/jquery.min.js?ver=3.6.0 HTTP/1.1" 200 30908 "https://coachingpop.com/" "Mozilla/5.0 (Windows NT 10.0; Win64; x64) AppleWebKit/537.36 (KHTML, like Gecko) Chrome/100.0.4889.0 Safari/537.36"
109.70.100.31 coachingpop.com - [27/Sep/2022:05:16:17 +0200] "GET /wp-content/plugins/flowpaper-lite-pdf-flipbook/assets/lity/lity.min.js HTTP/1.1" 200 2918 "https://coachingpop.com/" "Mozilla/5.0 (Windows NT 10.0; Win64; x64) AppleWebKit/537.36 (KHTML, like Gecko) Chrome/100.0.4889.0 Safari/537.36"
109.70.100.31 coachingpop.com - [27/Sep/2022:05:16:17 +0200] "GET /wp-content/themes/masterstudy/assets/layout_icons/language_center/style.css?ver=4.5.1 HTTP/1.1" 200 688 "https://coachingpop.com/" "Mozilla/5.0 (Windows NT 10.0; Win64; x64) AppleWebKit/537.36 (KHTML, like Gecko) Chrome/100.0.4889.0 Safari/537.36"
109.70.100.31 coachingpop.com - [27/Sep/2022:05:16:17 +0200] "GET /wp-content/themes/masterstudy/assets/css/vc_modules/stm_layout_styles/default.css?ver=4.5.1 HTTP/1.1" 200 362 "https://coachingpop.com/" "Mozilla/5.0 (Windows NT 10.0; Win64; x64) AppleWebKit/537.36 (KHTML, like Gecko) Chrome/100.0.4889.0 Safari/537.36"
109.70.100.31 coachingpop.com - [27/Sep/2022:05:16:17 +0200] "GET /wp-content/plugins/stm-post-type/theme/assets/stm_lms_lazyload.js?ver=false HTTP/1.1" 200 159 "https://coachingpop.com/" "Mozilla/5.0 (Windows NT 10.0; Win64; x64) AppleWebKit/537.36 (KHTML, like Gecko) Chrome/100.0.4889.0 Safari/537.36"
109.70.100.31 coachingpop.com - [27/Sep/2022:05:16:17 +0200] "GET /wp-content/plugins/hide-price-add-to-cart-button/assets/js/afwhp_front.js?ver=1.0 HTTP/1.1" 200 67 "https://coachingpop.com/" "Mozilla/5.0 (Windows NT 10.0; Win64; x64) AppleWebKit/537.36 (KHTML, like Gecko) Chrome/100.0.4889.0 Safari/537.36"
109.70.100.31 coachingpop.com - [27/Sep/2022:05:16:17 +0200] "GET /wp-content/plugins/hide-price-add-to-cart-button/assets/js/jquery.popupoverlay.js?ver=1.0 HTTP/1.1" 200 5661 "https://coachingpop.com/" "Mozilla/5.0 (Windows NT 10.0; Win64; x64) AppleWebKit/537.36 (KHTML, like Gecko) Chrome/100.0.4889.0 Safari/537.36"
109.70.100.31 coachingpop.com - [27/Sep/2022:05:16:17 +0200] "GET /wp-content/plugins/stm-post-type/theme/assets/lazysizes.min.js?ver=false HTTP/1.1" 200 3307 "https://coachingpop.com/" "Mozilla/5.0 (Windows NT 10.0; Win64; x64) AppleWebKit/537.36 (KHTML, like Gecko) Chrome/100.0.4889.0 Safari/537.36"
109.70.100.31 coachingpop.com - [27/Sep/2022:05:16:17 +0200] "GET /wp-content/plugins/js_composer/assets/css/js_composer.min.css?ver=6.9.0 HTTP/1.1" 200 45824 "https://coachingpop.com/" "Mozilla/5.0 (Windows NT 10.0; Win64; x64) AppleWebKit/537.36 (KHTML, like Gecko) Chrome/100.0.4889.0 Safari/537.36"
109.70.100.31 coachingpop.com - [27/Sep/2022:05:16:17 +0200] "GET /wp-content/plugins/woocommerce/assets/js/jquery-blockui/jquery.blockUI.min.js?ver=2.7.0-wc.6.9.3 HTTP/1.1" 200 3499 "https://coachingpop.com/" "Mozilla/5.0 (Windows NT 10.0; Win64; x64) AppleWebKit/537.36 (KHTML, like Gecko) Chrome/100.0.4889.0 Safari/537.36"
109.70.100.31 coachingpop.com - [27/Sep/2022:05:16:17 +0200] "GET /wp-content/plugins/woocommerce/assets/js/frontend/add-to-cart.min.js?ver=6.9.3 HTTP/1.1" 200 1086 "https://coachingpop.com/" "Mozilla/5.0 (Windows NT 10.0; Win64; x64) AppleWebKit/537.36 (KHTML, like Gecko) Chrome/100.0.4889.0 Safari/537.36"
109.70.100.31 coachingpop.com - [27/Sep/2022:05:16:17 +0200] "GET /wp-content/plugins/js_composer/assets/js/vendors/woocommerce-add-to-cart.js?ver=6.9.0 HTTP/1.1" 200 374 "https://coachingpop.com/" "Mozilla/5.0 (Windows NT 10.0; Win64; x64) AppleWebKit/537.36 (KHTML, like Gecko) Chrome/100.0.4889.0 Safari/537.36"
109.70.100.31 coachingpop.com - [27/Sep/2022:05:16:18 +0200] "GET /wp-content/themes/masterstudy/assets/css/vc_modules/iconbox/style_1.css?ver=4.5.1 HTTP/1.1" 200 449 "https://coachingpop.com/" "Mozilla/5.0 (Windows NT 10.0; Win64; x64) AppleWebKit/537.36 (KHTML, like Gecko) Chrome/100.0.4889.0 Safari/537.36"
109.70.100.31 coachingpop.com - [27/Sep/2022:05:16:19 +0200] "GET /wp-content/themes/masterstudy/assets/css/owl.carousel.min.css?ver=4.5.1 HTTP/1.1" 200 959 "https://coachingpop.com/" "Mozilla/5.0 (Windows NT 10.0; Win64; x64) AppleWebKit/537.36 (KHTML, like Gecko) Chrome/100.0.4889.0 Safari/537.36"
109.70.100.31 coachingpop.com - [27/Sep/2022:05:16:19 +0200] "GET /wp-content/themes/masterstudy/assets/css/vc_modules/mailchimp/style_1.css?ver=4.5.1 HTTP/1.1" 200 119 "https://coachingpop.com/" "Mozilla/5.0 (Windows NT 10.0; Win64; x64) AppleWebKit/537.36 (KHTML, like Gecko) Chrome/100.0.4889.0 Safari/537.36"
109.70.100.31 coachingpop.com - [27/Sep/2022:05:16:19 +0200] "GET /wp-content/themes/masterstudy/assets/css/vc_modules/testimonials/style_1.css?ver=4.5.1 HTTP/1.1" 200 344 "https://coachingpop.com/" "Mozilla/5.0 (Windows NT 10.0; Win64; x64) AppleWebKit/537.36 (KHTML, like Gecko) Chrome/100.0.4889.0 Safari/537.36"
109.70.100.31 coachingpop.com - [27/Sep/2022:05:16:19 +0200] "GET /wp-content/plugins/contact-form-7/includes/swv/js/index.js?ver=5.6.3 HTTP/1.1" 200 2914 "https://coachingpop.com/" "Mozilla/5.0 (Windows NT 10.0; Win64; x64) AppleWebKit/537.36 (KHTML, like Gecko) Chrome/100.0.4889.0 Safari/537.36"
109.70.100.31 coachingpop.com - [27/Sep/2022:05:16:19 +0200] "GET /wp-content/themes/masterstudy/assets/css/vc_modules/color_separator/style_1.css?ver=4.5.1 HTTP/1.1" 200 209 "https://coachingpop.com/" "Mozilla/5.0 (Windows NT 10.0; Win64; x64) AppleWebKit/537.36 (KHTML, like Gecko) Chrome/100.0.4889.0 Safari/537.36"
109.70.100.31 coachingpop.com - [27/Sep/2022:05:16:19 +0200] "GET /wp-content/plugins/revslider/public/assets/css/rs6.css?ver=6.5.17 HTTP/1.1" 200 12293 "https://coachingpop.com/" "Mozilla/5.0 (Windows NT 10.0; Win64; x64) AppleWebKit/537.36 (KHTML, like Gecko) Chrome/100.0.4889.0 Safari/537.36"
109.70.100.31 coachingpop.com - [27/Sep/2022:05:16:19 +0200] "GET /wp-content/plugins/contact-form-7/includes/js/index.js?ver=5.6.3 HTTP/1.1" 200 3934 "https://coachingpop.com/" "Mozilla/5.0 (Windows NT 10.0; Win64; x64) AppleWebKit/537.36 (KHTML, like Gecko) Chrome/100.0.4889.0 Safari/537.36"
109.70.100.31 coachingpop.com - [27/Sep/2022:05:16:19 +0200] "GET /wp-content/plugins/logo-carousel-free/public/assets/js/swiper-bundle.min.js?ver=3.4.13 HTTP/1.1" 200 44965 "https://coachingpop.com/" "Mozilla/5.0 (Windows NT 10.0; Win64; x64) AppleWebKit/537.36 (KHTML, like Gecko) Chrome/100.0.4889.0 Safari/537.36"
109.70.100.31 coachingpop.com - [27/Sep/2022:05:16:19 +0200] "GET /wp-content/plugins/logo-carousel-free/public/assets/js/splc-script.min.js?ver=3.4.13 HTTP/1.1" 200 754 "https://coachingpop.com/" "Mozilla/5.0 (Windows NT 10.0; Win64; x64) AppleWebKit/537.36 (KHTML, like Gecko) Chrome/100.0.4889.0 Safari/537.36"
109.70.100.31 coachingpop.com - [27/Sep/2022:05:16:19 +0200] "GET /wp-content/plugins/woocommerce/assets/js/frontend/woocommerce.min.js?ver=6.9.3 HTTP/1.1" 200 794 "https://coachingpop.com/" "Mozilla/5.0 (Windows NT 10.0; Win64; x64) AppleWebKit/537.36 (KHTML, like Gecko) Chrome/100.0.4889.0 Safari/537.36"
109.70.100.31 coachingpop.com - [27/Sep/2022:05:16:19 +0200] "GET /wp-content/plugins/woocommerce/assets/js/frontend/cart-fragments.min.js?ver=6.9.3 HTTP/1.1" 200 1039 "https://coachingpop.com/" "Mozilla/5.0 (Windows NT 10.0; Win64; x64) AppleWebKit/537.36 (KHTML, like Gecko) Chrome/100.0.4889.0 Safari/537.36"
109.70.100.31 coachingpop.com - [27/Sep/2022:05:16:19 +0200] "GET /wp-content/plugins/woocommerce/assets/js/js-cookie/js.cookie.min.js?ver=2.1.4-wc.6.9.3 HTTP/1.1" 200 982 "https://coachingpop.com/" "Mozilla/5.0 (Windows NT 10.0; Win64; x64) AppleWebKit/537.36 (KHTML, like Gecko) Chrome/100.0.4889.0 Safari/537.36"
109.70.100.31 coachingpop.com - [27/Sep/2022:05:16:19 +0200] "GET /wp-content/plugins/gdpr-compliance-cookie-consent/assets/js/scripts.js?ver=6.0.2 HTTP/1.1" 200 548 "https://coachingpop.com/" "Mozilla/5.0 (Windows NT 10.0; Win64; x64) AppleWebKit/537.36 (KHTML, like Gecko) Chrome/100.0.4889.0 Safari/537.36"
109.70.100.31 coachingpop.com - [27/Sep/2022:05:16:19 +0200] "GET /wp-content/themes/masterstudy/assets/vendors/bootstrap.min.js?ver=4.5.1 HTTP/1.1" 200 7346 "https://coachingpop.com/" "Mozilla/5.0 (Windows NT 10.0; Win64; x64) AppleWebKit/537.36 (KHTML, like Gecko) Chrome/100.0.4889.0 Safari/537.36"
109.70.100.31 coachingpop.com - [27/Sep/2022:05:16:19 +0200] "GET /wp-content/plugins/woocommerce-paypal-payments/modules/ppcp-button/assets/js/button.js?ver=1.9.3 HTTP/1.1" 200 60191 "https://coachingpop.com/" "Mozilla/5.0 (Windows NT 10.0; Win64; x64) AppleWebKit/537.36 (KHTML, like Gecko) Chrome/100.0.4889.0 Safari/537.36"
109.70.100.31 coachingpop.com - [27/Sep/2022:05:16:19 +0200] "GET /wp-content/themes/masterstudy/assets/vendors/jquery.fancybox.min.js?ver=4.5.1 HTTP/1.1" 200 22013 "https://coachingpop.com/" "Mozilla/5.0 (Windows NT 10.0; Win64; x64) AppleWebKit/537.36 (KHTML, like Gecko) Chrome/100.0.4889.0 Safari/537.36"
109.70.100.31 coachingpop.com - [27/Sep/2022:05:16:19 +0200] "GET /wp-content/plugins/woocommerce/assets/js/select2/select2.full.min.js?ver=4.0.3-wc.6.9.3 HTTP/1.1" 200 20837 "https://coachingpop.com/" "Mozilla/5.0 (Windows NT 10.0; Win64; x64) AppleWebKit/537.36 (KHTML, like Gecko) Chrome/100.0.4889.0 Safari/537.36"
109.70.100.31 coachingpop.com - [27/Sep/2022:05:16:19 +0200] "GET /wp-content/themes/masterstudy/assets/js/custom.js?ver=4.5.1 HTTP/1.1" 200 3493 "https://coachingpop.com/" "Mozilla/5.0 (Windows NT 10.0; Win64; x64) AppleWebKit/537.36 (KHTML, like Gecko) Chrome/100.0.4889.0 Safari/537.36"
109.70.100.31 coachingpop.com - [27/Sep/2022:05:16:19 +0200] "GET /wp-content/themes/masterstudy/assets/js/ajax.submit.js?ver=4.5.1 HTTP/1.1" 200 6573 "https://coachingpop.com/" "Mozilla/5.0 (Windows NT 10.0; Win64; x64) AppleWebKit/537.36 (KHTML, like Gecko) Chrome/100.0.4889.0 Safari/537.36"
109.70.100.31 coachingpop.com - [27/Sep/2022:05:16:19 +0200] "GET /wp-content/plugins/js_composer/assets/js/dist/js_composer_front.min.js?ver=6.9.0 HTTP/1.1" 200 5723 "https://coachingpop.com/" "Mozilla/5.0 (Windows NT 10.0; Win64; x64) AppleWebKit/537.36 (KHTML, like Gecko) Chrome/100.0.4889.0 Safari/537.36"
109.70.100.31 coachingpop.com - [27/Sep/2022:05:16:19 +0200] "GET /wp-content/plugins/wp-smushit/app/assets/js/smush-lazy-load.min.js?ver=3.11.1 HTTP/1.1" 200 3684 "https://coachingpop.com/" "Mozilla/5.0 (Windows NT 10.0; Win64; x64) AppleWebKit/537.36 (KHTML, like Gecko) Chrome/100.0.4889.0 Safari/537.36"
109.70.100.31 coachingpop.com - [27/Sep/2022:05:16:19 +0200] "GET /wp-content/themes/masterstudy/assets/webfonts/fa-solid-900.woff2 HTTP/1.1" 200 59572 "https://coachingpop.com/wp-content/themes/masterstudy/assets/css/font-awesome.min.css?ver=4.5.1" "Mozilla/5.0 (Windows NT 10.0; Win64; x64) AppleWebKit/537.36 (KHTML, like Gecko) Chrome/100.0.4889.0 Safari/537.36"
109.70.100.31 coachingpop.com - [27/Sep/2022:05:16:19 +0200] "GET /wp-content/themes/masterstudy/assets/webfonts/fa-brands-400.woff2 HTTP/1.1" 200 63376 "https://coachingpop.com/wp-content/themes/masterstudy/assets/css/font-awesome.min.css?ver=4.5.1" "Mozilla/5.0 (Windows NT 10.0; Win64; x64) AppleWebKit/537.36 (KHTML, like Gecko) Chrome/100.0.4889.0 Safari/537.36"
109.70.100.31 coachingpop.com - [27/Sep/2022:05:16:19 +0200] "GET /wp-content/plugins/revslider/public/assets/assets/dummy.png HTTP/1.1" 200 68 "https://coachingpop.com/" "Mozilla/5.0 (Windows NT 10.0; Win64; x64) AppleWebKit/537.36 (KHTML, like Gecko) Chrome/100.0.4889.0 Safari/537.36"
109.70.100.31 coachingpop.com - [27/Sep/2022:05:16:20 +0200] "GET /wp-content/themes/masterstudy/assets/js/owl.carousel.js?ver=4.5.1 HTTP/1.1" 200 12970 "https://coachingpop.com/" "Mozilla/5.0 (Windows NT 10.0; Win64; x64) AppleWebKit/537.36 (KHTML, like Gecko) Chrome/100.0.4889.0 Safari/537.36"
109.70.100.31 coachingpop.com - [27/Sep/2022:05:16:20 +0200] "GET /wp-content/themes/masterstudy/assets/js/vc_modules/testimonials/style_1.js?ver=4.5.1 HTTP/1.1" 200 496 "https://coachingpop.com/" "Mozilla/5.0 (Windows NT 10.0; Win64; x64) AppleWebKit/537.36 (KHTML, like Gecko) Chrome/100.0.4889.0 Safari/537.36"
109.70.100.31 coachingpop.com - [27/Sep/2022:05:16:20 +0200] "GET /wp-content/plugins/revslider/public/assets/js/rbtools.min.js?ver=6.5.17 HTTP/1.1" 200 48780 "https://coachingpop.com/" "Mozilla/5.0 (Windows NT 10.0; Win64; x64) AppleWebKit/537.36 (KHTML, like Gecko) Chrome/100.0.4889.0 Safari/537.36"
109.70.100.31 coachingpop.com - [27/Sep/2022:05:16:20 +0200] "GET /wp-content/plugins/revslider/public/assets/js/rs6.min.js?ver=6.5.17 HTTP/1.1" 200 100900 "https://coachingpop.com/" "Mozilla/5.0 (Windows NT 10.0; Win64; x64) AppleWebKit/537.36 (KHTML, like Gecko) Chrome/100.0.4889.0 Safari/537.36"
