51.68.11.195 catalogo.coachingpop.com - [27/Sep/2022:03:57:59 +0200] "POST /wp-cron.php?doing_wp_cron=1664243879.5500280857086181640625 HTTP/1.1" 200 25 "https://catalogo.coachingpop.com/wp-cron.php?doing_wp_cron=1664243879.5500280857086181640625" "WordPress/6.0.2; https://catalogo.coachingpop.com"
51.68.11.195 catalogo.coachingpop.com - [27/Sep/2022:03:59:35 +0200] "POST /wp-cron.php?doing_wp_cron=1664243975.1299500465393066406250 HTTP/1.1" 200 25 "https://catalogo.coachingpop.com/wp-cron.php?doing_wp_cron=1664243975.1299500465393066406250" "WordPress/6.0.2; https://catalogo.coachingpop.com"
51.68.11.195 catalogo.coachingpop.com - [27/Sep/2022:04:00:00 +0200] "POST /wp-cron.php?doing_wp_cron=1664244000.5358679294586181640625 HTTP/1.1" 200 25 "https://catalogo.coachingpop.com/wp-cron.php?doing_wp_cron=1664244000.5358679294586181640625" "WordPress/6.0.2; https://catalogo.coachingpop.com"
81.36.175.180 catalogo.coachingpop.com - [27/Sep/2022:03:55:57 +0200] "POST /wp-admin/admin-ajax.php HTTP/1.1" 200 47 "https://catalogo.coachingpop.com/wp-admin/edit.php?post_type=product" "Mozilla/5.0 (Windows NT 10.0; Win64; x64) AppleWebKit/537.36 (KHTML, like Gecko) Chrome/105.0.0.0 Safari/537.36"
81.36.175.180 catalogo.coachingpop.com - [27/Sep/2022:03:57:29 +0200] "POST /wp-admin/admin-ajax.php HTTP/1.1" 200 47 "https://catalogo.coachingpop.com/wp-admin/admin.php?page=wc-admin" "Mozilla/5.0 (Windows NT 10.0; Win64; x64) AppleWebKit/537.36 (KHTML, like Gecko) Chrome/105.0.0.0 Safari/537.36"
81.36.175.180 catalogo.coachingpop.com - [27/Sep/2022:03:57:58 +0200] "POST /wp-admin/admin-ajax.php HTTP/1.1" 200 47 "https://catalogo.coachingpop.com/wp-admin/edit.php?post_type=product" "Mozilla/5.0 (Windows NT 10.0; Win64; x64) AppleWebKit/537.36 (KHTML, like Gecko) Chrome/105.0.0.0 Safari/537.36"
81.36.175.180 catalogo.coachingpop.com - [27/Sep/2022:03:59:30 +0200] "POST /wp-admin/admin-ajax.php HTTP/1.1" 200 47 "https://catalogo.coachingpop.com/wp-admin/admin.php?page=wc-admin" "Mozilla/5.0 (Windows NT 10.0; Win64; x64) AppleWebKit/537.36 (KHTML, like Gecko) Chrome/105.0.0.0 Safari/537.36"
81.36.175.180 catalogo.coachingpop.com - [27/Sep/2022:03:59:59 +0200] "POST /wp-admin/admin-ajax.php HTTP/1.1" 200 47 "https://catalogo.coachingpop.com/wp-admin/edit.php?post_type=product" "Mozilla/5.0 (Windows NT 10.0; Win64; x64) AppleWebKit/537.36 (KHTML, like Gecko) Chrome/105.0.0.0 Safari/537.36"
51.68.11.195 catalogo.coachingpop.com - [27/Sep/2022:04:01:35 +0200] "POST /wp-cron.php?doing_wp_cron=1664244095.4687750339508056640625 HTTP/1.1" 200 25 "https://catalogo.coachingpop.com/wp-cron.php?doing_wp_cron=1664244095.4687750339508056640625" "WordPress/6.0.2; https://catalogo.coachingpop.com"
51.68.11.195 catalogo.coachingpop.com - [27/Sep/2022:04:02:01 +0200] "POST /wp-cron.php?doing_wp_cron=1664244121.4923079013824462890625 HTTP/1.1" 200 25 "https://catalogo.coachingpop.com/wp-cron.php?doing_wp_cron=1664244121.4923079013824462890625" "WordPress/6.0.2; https://catalogo.coachingpop.com"
51.68.11.195 catalogo.coachingpop.com - [27/Sep/2022:04:03:37 +0200] "POST /wp-cron.php?doing_wp_cron=1664244217.9719569683074951171875 HTTP/1.1" 200 25 "https://catalogo.coachingpop.com/wp-cron.php?doing_wp_cron=1664244217.9719569683074951171875" "WordPress/6.0.2; https://catalogo.coachingpop.com"
51.68.11.195 catalogo.coachingpop.com - [27/Sep/2022:04:04:02 +0200] "POST /wp-cron.php?doing_wp_cron=1664244242.5877699851989746093750 HTTP/1.1" 200 25 "https://catalogo.coachingpop.com/wp-cron.php?doing_wp_cron=1664244242.5877699851989746093750" "WordPress/6.0.2; https://catalogo.coachingpop.com"
81.36.175.180 catalogo.coachingpop.com - [27/Sep/2022:04:01:31 +0200] "POST /wp-admin/admin-ajax.php HTTP/1.1" 200 47 "https://catalogo.coachingpop.com/wp-admin/admin.php?page=wc-admin" "Mozilla/5.0 (Windows NT 10.0; Win64; x64) AppleWebKit/537.36 (KHTML, like Gecko) Chrome/105.0.0.0 Safari/537.36"
81.36.175.180 catalogo.coachingpop.com - [27/Sep/2022:04:02:00 +0200] "POST /wp-admin/admin-ajax.php HTTP/1.1" 200 47 "https://catalogo.coachingpop.com/wp-admin/edit.php?post_type=product" "Mozilla/5.0 (Windows NT 10.0; Win64; x64) AppleWebKit/537.36 (KHTML, like Gecko) Chrome/105.0.0.0 Safari/537.36"
81.36.175.180 catalogo.coachingpop.com - [27/Sep/2022:04:03:32 +0200] "POST /wp-admin/admin-ajax.php HTTP/1.1" 200 47 "https://catalogo.coachingpop.com/wp-admin/admin.php?page=wc-admin" "Mozilla/5.0 (Windows NT 10.0; Win64; x64) AppleWebKit/537.36 (KHTML, like Gecko) Chrome/105.0.0.0 Safari/537.36"
81.36.175.180 catalogo.coachingpop.com - [27/Sep/2022:04:04:01 +0200] "POST /wp-admin/admin-ajax.php HTTP/1.1" 200 47 "https://catalogo.coachingpop.com/wp-admin/edit.php?post_type=product" "Mozilla/5.0 (Windows NT 10.0; Win64; x64) AppleWebKit/537.36 (KHTML, like Gecko) Chrome/105.0.0.0 Safari/537.36"
81.36.175.180 catalogo.coachingpop.com - [27/Sep/2022:04:05:33 +0200] "POST /wp-admin/admin-ajax.php HTTP/1.1" 200 47 "https://catalogo.coachingpop.com/wp-admin/admin.php?page=wc-admin" "Mozilla/5.0 (Windows NT 10.0; Win64; x64) AppleWebKit/537.36 (KHTML, like Gecko) Chrome/105.0.0.0 Safari/537.36"
51.68.11.195 catalogo.coachingpop.com - [27/Sep/2022:04:05:38 +0200] "POST /wp-cron.php?doing_wp_cron=1664244338.5586860179901123046875 HTTP/1.1" 200 25 "https://catalogo.coachingpop.com/wp-cron.php?doing_wp_cron=1664244338.5586860179901123046875" "WordPress/6.0.2; https://catalogo.coachingpop.com"
51.68.11.195 catalogo.coachingpop.com - [27/Sep/2022:04:06:03 +0200] "POST /wp-cron.php?doing_wp_cron=1664244363.5388729572296142578125 HTTP/1.1" 200 25 "https://catalogo.coachingpop.com/wp-cron.php?doing_wp_cron=1664244363.5388729572296142578125" "WordPress/6.0.2; https://catalogo.coachingpop.com"
51.68.11.195 coachingpop.com - [27/Sep/2022:04:06:08 +0200] "POST /wp-cron.php?doing_wp_cron=1664244368.8759410381317138671875 HTTP/1.1" 200 25 "https://coachingpop.com/wp-cron.php?doing_wp_cron=1664244368.8759410381317138671875" "WordPress/6.0.2; https://coachingpop.com"
51.68.11.195 coachingpop.com - [27/Sep/2022:04:06:08 +0200] "POST /wp-cron.php?doing_wp_cron=1664244368.8754189014434814453125 HTTP/1.1" 200 25 "https://coachingpop.com/wp-cron.php?doing_wp_cron=1664244368.8754189014434814453125" "WordPress/6.0.2; https://coachingpop.com"
23.168.193.131 coachingpop.com - [27/Sep/2022:04:06:03 +0200] "POST /xmlrpc.php HTTP/1.1" 200 420 "-" "Mozilla/5.0 (Windows NT 10.0; Win64; x64) AppleWebKit/537.36 (KHTML, like Gecko) Chrome/87.0.4280.88 Safari/537.36"
51.68.11.195 coachingpop.com - [27/Sep/2022:04:06:08 +0200] "POST /wp-cron.php?doing_wp_cron=1664244368.8754580020904541015625 HTTP/1.1" 200 25 "https://coachingpop.com/wp-cron.php?doing_wp_cron=1664244368.8754580020904541015625" "WordPress/6.0.2; https://coachingpop.com"
211.149.217.206 coachingpop.com - [27/Sep/2022:04:06:05 +0200] "POST /xmlrpc.php HTTP/1.1" 200 422 "-" "Mozilla/5.0 (Windows NT 10.0; Win64; x64; rv:63.0) Gecko/20100101 Firefox/63.0"
51.68.11.195 coachingpop.com - [27/Sep/2022:04:06:17 +0200] "POST /wp-cron.php?doing_wp_cron=1664244377.1470799446105957031250 HTTP/1.1" 200 25 "https://coachingpop.com/wp-cron.php?doing_wp_cron=1664244377.1470799446105957031250" "WordPress/6.0.2; https://coachingpop.com"
23.168.193.131 coachingpop.com - [27/Sep/2022:04:06:16 +0200] "POST /xmlrpc.php HTTP/1.1" 200 491 "-" "Mozilla/5.0 (Windows NT 10.0; Win64; x64; rv:62.0) Gecko/20100101 Firefox/62.0"
23.168.193.131 coachingpop.com - [27/Sep/2022:04:06:16 +0200] "POST /xmlrpc.php HTTP/1.1" 200 422 "-" "Mozilla/5.0 (Windows NT 10.0; Win64; x64) AppleWebKit/537.36 (KHTML, like Gecko) Chrome/89.0.4389.90 Safari/537.36"
156.38.206.227 coachingpop.com - [27/Sep/2022:04:06:23 +0200] "POST /xmlrpc.php HTTP/1.1" 200 422 "-" "Mozilla/5.0 (Windows NT 10.0; Win64; x64) AppleWebKit/537.36 (KHTML, like Gecko) Chrome/84.0.4147.105 Safari/537.36"
13.55.96.217 coachingpop.com - [27/Sep/2022:04:06:24 +0200] "POST /xmlrpc.php HTTP/1.1" 200 422 "-" "Mozilla/5.0 (iPhone; CPU iPhone OS 14_6 like Mac OS X) AppleWebKit/605.1.15 (KHTML, like Gecko) CriOS/91.0.4472.80 Mobile/15E148 Safari/604.1"
137.184.193.51 coachingpop.com - [27/Sep/2022:04:06:25 +0200] "POST /xmlrpc.php HTTP/1.1" 200 420 "-" "Mozilla/5.0 (Windows NT 10.0; Win64; x64; rv:79.0) Gecko/20100101 Firefox/79.0"
110.40.182.95 coachingpop.com - [27/Sep/2022:04:06:30 +0200] "POST /xmlrpc.php HTTP/1.1" 200 493 "-" "Mozilla/5.0 (Windows NT 6.1; Win64; x64) AppleWebKit/537.36 (KHTML, like Gecko) Chrome/79.0.3945.88 Safari/537.36"
45.63.82.39 coachingpop.com - [27/Sep/2022:04:06:41 +0200] "POST /xmlrpc.php HTTP/1.1" 200 422 "-" "Mozilla/5.0 (Windows NT 10.0; Win64; x64; rv:84.0) Gecko/20100101 Firefox/84.0"
185.107.113.76 coachingpop.com - [27/Sep/2022:04:06:42 +0200] "POST /xmlrpc.php HTTP/1.1" 200 420 "-" "Mozilla/5.0 (Windows NT 10.0; Win64; x64) AppleWebKit/537.36 (KHTML, like Gecko) Chrome/85.0.4183.102 Safari/537.36"
70.34.210.189 coachingpop.com - [27/Sep/2022:04:06:44 +0200] "POST /xmlrpc.php HTTP/1.1" 200 491 "-" "Mozilla/5.0 (Windows NT 10.0; Win64; x64; rv:62.0) Gecko/20100101 Firefox/62.0"
198.46.81.40 coachingpop.com - [27/Sep/2022:04:06:52 +0200] "POST /xmlrpc.php HTTP/1.1" 200 422 "-" "Mozilla/5.0 (Windows; U; Windows NT 5.1; en-US; rv:1.7.5) Gecko/20041107 Firefox/1.0"
51.68.11.195 catalogo.coachingpop.com - [27/Sep/2022:04:07:38 +0200] "POST /wp-cron.php?doing_wp_cron=1664244458.2688519954681396484375 HTTP/1.1" 200 25 "https://catalogo.coachingpop.com/wp-cron.php?doing_wp_cron=1664244458.2688519954681396484375" "WordPress/6.0.2; https://catalogo.coachingpop.com"
51.68.11.195 catalogo.coachingpop.com - [27/Sep/2022:04:08:04 +0200] "POST /wp-cron.php?doing_wp_cron=1664244484.5998609066009521484375 HTTP/1.1" 200 25 "https://catalogo.coachingpop.com/wp-cron.php?doing_wp_cron=1664244484.5998609066009521484375" "WordPress/6.0.2; https://catalogo.coachingpop.com"
51.68.11.195 catalogo.coachingpop.com - [27/Sep/2022:04:09:39 +0200] "POST /wp-cron.php?doing_wp_cron=1664244579.9318571090698242187500 HTTP/1.1" 200 25 "https://catalogo.coachingpop.com/wp-cron.php?doing_wp_cron=1664244579.9318571090698242187500" "WordPress/6.0.2; https://catalogo.coachingpop.com"
81.36.175.180 catalogo.coachingpop.com - [27/Sep/2022:04:06:02 +0200] "POST /wp-admin/admin-ajax.php HTTP/1.1" 200 47 "https://catalogo.coachingpop.com/wp-admin/edit.php?post_type=product" "Mozilla/5.0 (Windows NT 10.0; Win64; x64) AppleWebKit/537.36 (KHTML, like Gecko) Chrome/105.0.0.0 Safari/537.36"
195.95.253.37 coachingpop.com - [27/Sep/2022:04:06:02 +0200] "POST /xmlrpc.php HTTP/1.1" 200 420 "-" "Mozilla/5.0 (Windows NT 6.1; Win64; x64; rv:58.0) Gecko/20100101 Firefox/58.0"
31.147.204.160 coachingpop.com - [27/Sep/2022:04:06:18 +0200] "POST /xmlrpc.php HTTP/1.1" 403 - "-" "Mozilla/5.0 (Windows NT 10.0; Win64; x64) AppleWebKit/537.36 (KHTML, like Gecko) Chrome/72.0.3626.121 Safari/537.36"
89.46.110.133 coachingpop.com - [27/Sep/2022:04:06:34 +0200] "POST /xmlrpc.php HTTP/1.1" 200 420 "-" "Mozilla/5.0 (Windows NT 6.1; WOW64; rv:47.0) Gecko/20100101 Firefox/47.0"
81.36.175.180 catalogo.coachingpop.com - [27/Sep/2022:04:07:34 +0200] "POST /wp-admin/admin-ajax.php HTTP/1.1" 200 47 "https://catalogo.coachingpop.com/wp-admin/admin.php?page=wc-admin" "Mozilla/5.0 (Windows NT 10.0; Win64; x64) AppleWebKit/537.36 (KHTML, like Gecko) Chrome/105.0.0.0 Safari/537.36"
81.36.175.180 catalogo.coachingpop.com - [27/Sep/2022:04:08:03 +0200] "POST /wp-admin/admin-ajax.php HTTP/1.1" 200 47 "https://catalogo.coachingpop.com/wp-admin/edit.php?post_type=product" "Mozilla/5.0 (Windows NT 10.0; Win64; x64) AppleWebKit/537.36 (KHTML, like Gecko) Chrome/105.0.0.0 Safari/537.36"
81.36.175.180 catalogo.coachingpop.com - [27/Sep/2022:04:09:35 +0200] "POST /wp-admin/admin-ajax.php HTTP/1.1" 200 47 "https://catalogo.coachingpop.com/wp-admin/admin.php?page=wc-admin" "Mozilla/5.0 (Windows NT 10.0; Win64; x64) AppleWebKit/537.36 (KHTML, like Gecko) Chrome/105.0.0.0 Safari/537.36"
81.36.175.180 catalogo.coachingpop.com - [27/Sep/2022:04:10:04 +0200] "POST /wp-admin/admin-ajax.php HTTP/1.1" 200 47 "https://catalogo.coachingpop.com/wp-admin/edit.php?post_type=product" "Mozilla/5.0 (Windows NT 10.0; Win64; x64) AppleWebKit/537.36 (KHTML, like Gecko) Chrome/105.0.0.0 Safari/537.36"
51.68.11.195 catalogo.coachingpop.com - [27/Sep/2022:04:10:05 +0200] "POST /wp-cron.php?doing_wp_cron=1664244605.5964429378509521484375 HTTP/1.1" 200 25 "https://catalogo.coachingpop.com/wp-cron.php?doing_wp_cron=1664244605.5964429378509521484375" "WordPress/6.0.2; https://catalogo.coachingpop.com"
51.68.11.195 catalogo.coachingpop.com - [27/Sep/2022:04:11:48 +0200] "POST /wp-cron.php?doing_wp_cron=1664244708.5504739284515380859375 HTTP/1.1" 200 25 "https://catalogo.coachingpop.com/wp-cron.php?doing_wp_cron=1664244708.5504739284515380859375" "WordPress/6.0.2; https://catalogo.coachingpop.com"
51.68.11.195 catalogo.coachingpop.com - [27/Sep/2022:04:13:45 +0200] "POST /wp-cron.php?doing_wp_cron=1664244824.9869349002838134765625 HTTP/1.1" 200 25 "https://catalogo.coachingpop.com/wp-cron.php?doing_wp_cron=1664244824.9869349002838134765625" "WordPress/6.0.2; https://catalogo.coachingpop.com"
87.98.231.4 coachingpop.com - [27/Sep/2022:04:10:49 +0200] "POST /wp-cron.php?doing_wp_cron=1664244649.5438060760498046875000 HTTP/1.1" 200 25 "http://coachingpop.com/wp-cron.php?doing_wp_cron=1664244649.5438060760498046875000" "WordPress/6.0.2; https://coachingpop.com"
114.119.139.224 coachingpop.com - [27/Sep/2022:04:10:42 +0200] "GET /para-quien HTTP/1.1" 404 58138 "http://www.coachingpop.com" "Mozilla/5.0 (Linux; Android 7.0;) AppleWebKit/537.36 (KHTML, like Gecko) Mobile Safari/537.36 (compatible; PetalBot;+https://webmaster.petalsearch.com/site/petalbot)"
81.36.175.180 catalogo.coachingpop.com - [27/Sep/2022:04:11:36 +0200] "POST /wp-admin/admin-ajax.php HTTP/1.1" 200 47 "https://catalogo.coachingpop.com/wp-admin/admin.php?page=wc-admin" "Mozilla/5.0 (Windows NT 10.0; Win64; x64) AppleWebKit/537.36 (KHTML, like Gecko) Chrome/105.0.0.0 Safari/537.36"
81.36.175.180 catalogo.coachingpop.com - [27/Sep/2022:04:12:05 +0200] "POST /wp-admin/admin-ajax.php HTTP/1.1" 200 47 "https://catalogo.coachingpop.com/wp-admin/edit.php?post_type=product" "Mozilla/5.0 (Windows NT 10.0; Win64; x64) AppleWebKit/537.36 (KHTML, like Gecko) Chrome/105.0.0.0 Safari/537.36"
81.36.175.180 catalogo.coachingpop.com - [27/Sep/2022:04:13:37 +0200] "POST /wp-admin/admin-ajax.php HTTP/1.1" 200 47 "https://catalogo.coachingpop.com/wp-admin/admin.php?page=wc-admin" "Mozilla/5.0 (Windows NT 10.0; Win64; x64) AppleWebKit/537.36 (KHTML, like Gecko) Chrome/105.0.0.0 Safari/537.36"
81.36.175.180 catalogo.coachingpop.com - [27/Sep/2022:04:14:06 +0200] "POST /wp-admin/admin-ajax.php HTTP/1.1" 200 47 "https://catalogo.coachingpop.com/wp-admin/edit.php?post_type=product" "Mozilla/5.0 (Windows NT 10.0; Win64; x64) AppleWebKit/537.36 (KHTML, like Gecko) Chrome/105.0.0.0 Safari/537.36"
51.68.11.195 catalogo.coachingpop.com - [27/Sep/2022:04:15:42 +0200] "POST /wp-cron.php?doing_wp_cron=1664244942.5693380832672119140625 HTTP/1.1" 200 25 "https://catalogo.coachingpop.com/wp-cron.php?doing_wp_cron=1664244942.5693380832672119140625" "WordPress/6.0.2; https://catalogo.coachingpop.com"
51.68.11.195 catalogo.coachingpop.com - [27/Sep/2022:04:16:08 +0200] "POST /wp-cron.php?doing_wp_cron=1664244968.6018369197845458984375 HTTP/1.1" 200 25 "https://catalogo.coachingpop.com/wp-cron.php?doing_wp_cron=1664244968.6018369197845458984375" "WordPress/6.0.2; https://catalogo.coachingpop.com"
51.68.11.195 catalogo.coachingpop.com - [27/Sep/2022:04:17:47 +0200] "POST /wp-cron.php?doing_wp_cron=1664245067.2516000270843505859375 HTTP/1.1" 200 25 "https://catalogo.coachingpop.com/wp-cron.php?doing_wp_cron=1664245067.2516000270843505859375" "WordPress/6.0.2; https://catalogo.coachingpop.com"
210.2.86.69 coachingpop.com - [27/Sep/2022:04:18:01 +0200] "POST /xmlrpc.php HTTP/1.1" 403 - "-" "Mozilla/5.0 (Windows NT 6.1; WOW64; rv:47.0) Gecko/20100101 Firefox/47.0"
51.68.11.195 coachingpop.com - [27/Sep/2022:04:18:04 +0200] "POST /wp-cron.php?doing_wp_cron=1664245084.6375238895416259765625 HTTP/1.1" 200 25 "https://coachingpop.com/wp-cron.php?doing_wp_cron=1664245084.6375238895416259765625" "WordPress/6.0.2; https://coachingpop.com"
46.17.6.94 coachingpop.com - [27/Sep/2022:04:18:01 +0200] "POST /xmlrpc.php HTTP/1.1" 200 493 "-" "Mozilla/5.0 (X11; Ubuntu; Linux i686; rv:24.0) Gecko/20100101 Firefox/24.0"
51.68.11.195 coachingpop.com - [27/Sep/2022:04:18:06 +0200] "POST /wp-cron.php?doing_wp_cron=1664245086.4114270210266113281250 HTTP/1.1" 200 25 "https://coachingpop.com/wp-cron.php?doing_wp_cron=1664245086.4114270210266113281250" "WordPress/6.0.2; https://coachingpop.com"
141.94.87.67 coachingpop.com - [27/Sep/2022:04:18:22 +0200] "POST /xmlrpc.php HTTP/1.1" 403 - "-" "Mozilla/5.0 (Windows NT 10.0; WOW64; rv:50.0) Gecko/20100101 Firefox/50.0"
46.235.40.92 coachingpop.com - [27/Sep/2022:04:18:28 +0200] "POST /xmlrpc.php HTTP/1.1" 200 422 "-" "Mozilla/5.0 (Windows NT 6.1; WOW64; rv:45.0) Gecko/20100101 Firefox/45.0"
41.205.83.86 coachingpop.com - [27/Sep/2022:04:18:30 +0200] "POST /xmlrpc.php HTTP/1.1" 200 422 "-" "Mozilla/5.0 (Windows NT 6.1; WOW64; rv:41.0) Gecko/20100101 Firefox/41.0"
200.89.67.51 coachingpop.com - [27/Sep/2022:04:18:40 +0200] "POST /xmlrpc.php HTTP/1.1" 403 - "-" "Mozilla/5.0 (Windows NT 6.1; Win64; x64) AppleWebKit/537.36 (KHTML, like Gecko) Chrome/74.0.3729.169 Safari/537.36"
51.68.11.195 catalogo.coachingpop.com - [27/Sep/2022:04:19:44 +0200] "POST /wp-cron.php?doing_wp_cron=1664245184.3847930431365966796875 HTTP/1.1" 200 25 "https://catalogo.coachingpop.com/wp-cron.php?doing_wp_cron=1664245184.3847930431365966796875" "WordPress/6.0.2; https://catalogo.coachingpop.com"
81.36.175.180 catalogo.coachingpop.com - [27/Sep/2022:04:15:38 +0200] "POST /wp-admin/admin-ajax.php HTTP/1.1" 200 47 "https://catalogo.coachingpop.com/wp-admin/admin.php?page=wc-admin" "Mozilla/5.0 (Windows NT 10.0; Win64; x64) AppleWebKit/537.36 (KHTML, like Gecko) Chrome/105.0.0.0 Safari/537.36"
81.36.175.180 catalogo.coachingpop.com - [27/Sep/2022:04:16:07 +0200] "POST /wp-admin/admin-ajax.php HTTP/1.1" 200 47 "https://catalogo.coachingpop.com/wp-admin/edit.php?post_type=product" "Mozilla/5.0 (Windows NT 10.0; Win64; x64) AppleWebKit/537.36 (KHTML, like Gecko) Chrome/105.0.0.0 Safari/537.36"
87.98.231.4 coachingpop.com - [27/Sep/2022:04:16:55 +0200] "POST /wp-cron.php?doing_wp_cron=1664245015.3193099498748779296875 HTTP/1.1" 200 25 "http://coachingpop.com/wp-cron.php?doing_wp_cron=1664245015.3193099498748779296875" "WordPress/6.0.2; https://coachingpop.com"
114.119.139.220 coachingpop.com - [27/Sep/2022:04:16:40 +0200] "GET /teachers/daniel-pinero-salido/ HTTP/1.1" 200 16351 "http://coachingpop.com/producto/programa-gestion-vida/" "Mozilla/5.0 (Linux; Android 7.0;) AppleWebKit/537.36 (KHTML, like Gecko) Mobile Safari/537.36 (compatible; PetalBot;+https://webmaster.petalsearch.com/site/petalbot)"
81.36.175.180 catalogo.coachingpop.com - [27/Sep/2022:04:17:39 +0200] "POST /wp-admin/admin-ajax.php HTTP/1.1" 200 47 "https://catalogo.coachingpop.com/wp-admin/admin.php?page=wc-admin" "Mozilla/5.0 (Windows NT 10.0; Win64; x64) AppleWebKit/537.36 (KHTML, like Gecko) Chrome/105.0.0.0 Safari/537.36"
54.37.75.226 coachingpop.com - [27/Sep/2022:04:18:02 +0200] "POST /xmlrpc.php HTTP/1.1" 200 422 "-" "Mozilla/5.0 (Windows NT 10.0; Win64; x64) AppleWebKit/537.36 (KHTML, like Gecko) Chrome/84.0.4147.105 Safari/537.36"
81.36.175.180 catalogo.coachingpop.com - [27/Sep/2022:04:18:08 +0200] "POST /wp-admin/admin-ajax.php HTTP/1.1" 200 47 "https://catalogo.coachingpop.com/wp-admin/edit.php?post_type=product" "Mozilla/5.0 (Windows NT 10.0; Win64; x64) AppleWebKit/537.36 (KHTML, like Gecko) Chrome/105.0.0.0 Safari/537.36"
37.97.226.64 coachingpop.com - [27/Sep/2022:04:18:16 +0200] "POST /xmlrpc.php HTTP/1.1" 403 - "-" "Mozilla/5.0 (iPod; CPU iPhone OS 14_6 like Mac OS X) AppleWebKit/605.1.15 (KHTML, like Gecko) CriOS/91.0.4472.80 Mobile/15E148 Safari/604.1"
199.192.19.40 coachingpop.com - [27/Sep/2022:04:18:20 +0200] "POST /xmlrpc.php HTTP/1.1" 200 422 "-" "Mozilla/5.0 (Windows NT 10.0; Win64; x64; rv:65.0) Gecko/20100101 Firefox/65.0"
161.117.12.178 coachingpop.com - [27/Sep/2022:04:18:29 +0200] "POST /xmlrpc.php HTTP/1.1" 403 - "-" "Mozilla/5.0 (Windows NT 10.0) AppleWebKit/537.36 (KHTML, like Gecko) Chrome/72.0.3626.121 Safari/537.36"
185.250.202.147 coachingpop.com - [27/Sep/2022:04:18:33 +0200] "POST /xmlrpc.php HTTP/1.1" 200 491 "-" "Mozilla/5.0 (Windows NT 5.1; rv:7.0.1) Gecko/20100101 Firefox/7.0.1"
64.227.116.87 coachingpop.com - [27/Sep/2022:04:18:40 +0200] "POST /xmlrpc.php HTTP/1.1" 200 422 "-" "Mozilla/5.0 (Windows NT 10.0; Win64; x64; rv:79.0) Gecko/20100101 Firefox/79.0"
148.66.56.82 coachingpop.com - [27/Sep/2022:04:18:50 +0200] "POST /xmlrpc.php HTTP/1.1" 403 - "-" "Mozilla/5.0 (Windows NT 6.1; WOW64; rv:52.0) Gecko/20100101 Firefox/52.0"
47.111.124.164 coachingpop.com - [27/Sep/2022:04:18:52 +0200] "POST /xmlrpc.php HTTP/1.1" 200 420 "-" "Mozilla/5.0 (Windows NT 10.0; Win64; x64) AppleWebKit/537.36 (KHTML, like Gecko) Chrome/85.0.4183.121 Safari/537.36"
81.36.175.180 catalogo.coachingpop.com - [27/Sep/2022:04:19:40 +0200] "POST /wp-admin/admin-ajax.php HTTP/1.1" 200 47 "https://catalogo.coachingpop.com/wp-admin/admin.php?page=wc-admin" "Mozilla/5.0 (Windows NT 10.0; Win64; x64) AppleWebKit/537.36 (KHTML, like Gecko) Chrome/105.0.0.0 Safari/537.36"
81.36.175.180 catalogo.coachingpop.com - [27/Sep/2022:04:20:09 +0200] "POST /wp-admin/admin-ajax.php HTTP/1.1" 200 47 "https://catalogo.coachingpop.com/wp-admin/edit.php?post_type=product" "Mozilla/5.0 (Windows NT 10.0; Win64; x64) AppleWebKit/537.36 (KHTML, like Gecko) Chrome/105.0.0.0 Safari/537.36"
51.68.11.195 catalogo.coachingpop.com - [27/Sep/2022:04:21:45 +0200] "POST /wp-cron.php?doing_wp_cron=1664245305.2435519695281982421875 HTTP/1.1" 200 25 "https://catalogo.coachingpop.com/wp-cron.php?doing_wp_cron=1664245305.2435519695281982421875" "WordPress/6.0.2; https://catalogo.coachingpop.com"
51.68.11.195 catalogo.coachingpop.com - [27/Sep/2022:04:22:12 +0200] "POST /wp-cron.php?doing_wp_cron=1664245332.4219539165496826171875 HTTP/1.1" 200 25 "https://catalogo.coachingpop.com/wp-cron.php?doing_wp_cron=1664245332.4219539165496826171875" "WordPress/6.0.2; https://catalogo.coachingpop.com"
87.98.231.4 coachingpop.com - [27/Sep/2022:04:22:15 +0200] "POST /wp-cron.php?doing_wp_cron=1664245335.9260699748992919921875 HTTP/1.1" 200 25 "http://coachingpop.com/wp-cron.php?doing_wp_cron=1664245335.9260699748992919921875" "WordPress/6.0.2; https://coachingpop.com"
114.119.139.25 coachingpop.com - [27/Sep/2022:04:22:12 +0200] "GET /etiqueta-producto/inseguridad HTTP/1.1" 404 58138 "http://coachingpop.com/etiqueta-producto/coachingpop" "Mozilla/5.0 (Linux; Android 7.0;) AppleWebKit/537.36 (KHTML, like Gecko) Mobile Safari/537.36 (compatible; PetalBot;+https://webmaster.petalsearch.com/site/petalbot)"
51.68.11.195 catalogo.coachingpop.com - [27/Sep/2022:04:23:45 +0200] "POST /wp-cron.php?doing_wp_cron=1664245425.1255850791931152343750 HTTP/1.1" 200 25 "https://catalogo.coachingpop.com/wp-cron.php?doing_wp_cron=1664245425.1255850791931152343750" "WordPress/6.0.2; https://catalogo.coachingpop.com"
51.68.11.195 catalogo.coachingpop.com - [27/Sep/2022:04:24:13 +0200] "POST /wp-cron.php?doing_wp_cron=1664245453.2786490917205810546875 HTTP/1.1" 200 25 "https://catalogo.coachingpop.com/wp-cron.php?doing_wp_cron=1664245453.2786490917205810546875" "WordPress/6.0.2; https://catalogo.coachingpop.com"
81.36.175.180 catalogo.coachingpop.com - [27/Sep/2022:04:21:41 +0200] "POST /wp-admin/admin-ajax.php HTTP/1.1" 200 47 "https://catalogo.coachingpop.com/wp-admin/admin.php?page=wc-admin" "Mozilla/5.0 (Windows NT 10.0; Win64; x64) AppleWebKit/537.36 (KHTML, like Gecko) Chrome/105.0.0.0 Safari/537.36"
81.36.175.180 catalogo.coachingpop.com - [27/Sep/2022:04:22:10 +0200] "POST /wp-admin/admin-ajax.php HTTP/1.1" 200 47 "https://catalogo.coachingpop.com/wp-admin/edit.php?post_type=product" "Mozilla/5.0 (Windows NT 10.0; Win64; x64) AppleWebKit/537.36 (KHTML, like Gecko) Chrome/105.0.0.0 Safari/537.36"
173.0.81.140 2022.coachingpop.com - [27/Sep/2022:04:23:19 +0200] "POST /wp-json/paypal/v1/incoming HTTP/1.1" 404 196 "-" "PayPal/AUHR-214.0-57664823"
81.36.175.180 catalogo.coachingpop.com - [27/Sep/2022:04:23:42 +0200] "POST /wp-admin/admin-ajax.php HTTP/1.1" 200 47 "https://catalogo.coachingpop.com/wp-admin/admin.php?page=wc-admin" "Mozilla/5.0 (Windows NT 10.0; Win64; x64) AppleWebKit/537.36 (KHTML, like Gecko) Chrome/105.0.0.0 Safari/537.36"
81.36.175.180 catalogo.coachingpop.com - [27/Sep/2022:04:24:11 +0200] "POST /wp-admin/admin-ajax.php HTTP/1.1" 200 47 "https://catalogo.coachingpop.com/wp-admin/edit.php?post_type=product" "Mozilla/5.0 (Windows NT 10.0; Win64; x64) AppleWebKit/537.36 (KHTML, like Gecko) Chrome/105.0.0.0 Safari/537.36"
51.68.11.195 catalogo.coachingpop.com - [27/Sep/2022:04:25:46 +0200] "POST /wp-cron.php?doing_wp_cron=1664245546.4597680568695068359375 HTTP/1.1" 200 25 "https://catalogo.coachingpop.com/wp-cron.php?doing_wp_cron=1664245546.4597680568695068359375" "WordPress/6.0.2; https://catalogo.coachingpop.com"
41.216.188.48 coachingpop.com - [27/Sep/2022:04:27:32 +0200] "GET /wp-admin/css/ HTTP/1.1" 200 1508 "binance.com" "Mozilla/5.0 (Windows NT 10.0; Win64; x64) AppleWebKit/537.36 (KHTML, like Gecko) Chrome/90.0.4430.85 Safari/537.36"
41.216.188.48 coachingpop.com - [27/Sep/2022:04:27:38 +0200] "GET /wp-content/uploads/2022/09/ HTTP/1.1" 200 1384 "binance.com" "Mozilla/5.0 (Windows NT 10.0; Win64; x64) AppleWebKit/537.36 (KHTML, like Gecko) Chrome/90.0.4430.85 Safari/537.36"
41.216.188.48 coachingpop.com - [27/Sep/2022:04:27:43 +0200] "GET /wp-content/uploads/2022/08/ HTTP/1.1" 200 1741 "binance.com" "Mozilla/5.0 (Windows NT 10.0; Win64; x64) AppleWebKit/537.36 (KHTML, like Gecko) Chrome/90.0.4430.85 Safari/537.36"
51.68.11.195 coachingpop.com - [27/Sep/2022:04:27:46 +0200] "POST /wp-cron.php?doing_wp_cron=1664245666.5907230377197265625000 HTTP/1.1" 200 25 "https://coachingpop.com/wp-cron.php?doing_wp_cron=1664245666.5907230377197265625000" "WordPress/6.0.2; https://coachingpop.com"
114.119.139.25 coachingpop.com - [27/Sep/2022:04:27:44 +0200] "GET /my-account HTTP/1.1" 301 - "http://www.coachingpop.com" "Mozilla/5.0 (Linux; Android 7.0;) AppleWebKit/537.36 (KHTML, like Gecko) Mobile Safari/537.36 (compatible; PetalBot;+https://webmaster.petalsearch.com/site/petalbot)"
51.68.11.195 catalogo.coachingpop.com - [27/Sep/2022:04:27:46 +0200] "POST /wp-cron.php?doing_wp_cron=1664245666.9604640007019042968750 HTTP/1.1" 200 25 "https://catalogo.coachingpop.com/wp-cron.php?doing_wp_cron=1664245666.9604640007019042968750" "WordPress/6.0.2; https://catalogo.coachingpop.com"
114.119.139.25 coachingpop.com - [27/Sep/2022:04:27:53 +0200] "GET /my-account/ HTTP/1.1" 200 15440 "http://www.coachingpop.com" "Mozilla/5.0 (Linux; Android 7.0;) AppleWebKit/537.36 (KHTML, like Gecko) Mobile Safari/537.36 (compatible; PetalBot;+https://webmaster.petalsearch.com/site/petalbot)"
41.216.188.48 coachingpop.com - [27/Sep/2022:04:27:56 +0200] "GET /wp-content/uploads/ HTTP/1.1" 200 893 "binance.com" "Mozilla/5.0 (Windows NT 10.0; Win64; x64) AppleWebKit/537.36 (KHTML, like Gecko) Chrome/90.0.4430.85 Safari/537.36"
41.216.188.48 coachingpop.com - [27/Sep/2022:04:28:03 +0200] "GET /wp-content/upgrade/ HTTP/1.1" 200 309 "binance.com" "Mozilla/5.0 (Windows NT 10.0; Win64; x64) AppleWebKit/537.36 (KHTML, like Gecko) Chrome/90.0.4430.85 Safari/537.36"
41.216.188.48 coachingpop.com - [27/Sep/2022:04:28:09 +0200] "GET /wp-content/languages/ HTTP/1.1" 200 2202 "binance.com" "Mozilla/5.0 (Windows NT 10.0; Win64; x64) AppleWebKit/537.36 (KHTML, like Gecko) Chrome/90.0.4430.85 Safari/537.36"
51.68.11.195 catalogo.coachingpop.com - [27/Sep/2022:04:28:14 +0200] "POST /wp-cron.php?doing_wp_cron=1664245694.7638568878173828125000 HTTP/1.1" 200 25 "https://catalogo.coachingpop.com/wp-cron.php?doing_wp_cron=1664245694.7638568878173828125000" "WordPress/6.0.2; https://catalogo.coachingpop.com"
41.216.188.48 coachingpop.com - [27/Sep/2022:04:28:18 +0200] "GET /wp-admin/includes/ HTTP/1.1" 200 1897 "binance.com" "Mozilla/5.0 (Windows NT 10.0; Win64; x64) AppleWebKit/537.36 (KHTML, like Gecko) Chrome/90.0.4430.85 Safari/537.36"
41.216.188.48 coachingpop.com - [27/Sep/2022:04:28:26 +0200] "GET /wp-admin/includes/ HTTP/1.1" 200 1897 "binance.com" "Mozilla/5.0 (Windows NT 10.0; Win64; x64) AppleWebKit/537.36 (KHTML, like Gecko) Chrome/90.0.4430.85 Safari/537.36"
41.216.188.48 coachingpop.com - [27/Sep/2022:04:28:35 +0200] "GET /wp-admin/maint/ HTTP/1.1" 200 356 "binance.com" "Mozilla/5.0 (Windows NT 10.0; Win64; x64) AppleWebKit/537.36 (KHTML, like Gecko) Chrome/90.0.4430.85 Safari/537.36"
41.216.188.48 coachingpop.com - [27/Sep/2022:04:28:40 +0200] "GET /wp-admin/maint/ HTTP/1.1" 200 356 "binance.com" "Mozilla/5.0 (Windows NT 10.0; Win64; x64) AppleWebKit/537.36 (KHTML, like Gecko) Chrome/90.0.4430.85 Safari/537.36"
41.216.188.48 coachingpop.com - [27/Sep/2022:04:28:43 +0200] "GET /wp-admin/network/ HTTP/1.1" 302 - "binance.com" "Mozilla/5.0 (Windows NT 10.0; Win64; x64) AppleWebKit/537.36 (KHTML, like Gecko) Chrome/90.0.4430.85 Safari/537.36"
51.68.11.195 coachingpop.com - [27/Sep/2022:04:28:56 +0200] "POST /wp-cron.php?doing_wp_cron=1664245736.0412468910217285156250 HTTP/1.1" 200 25 "https://coachingpop.com/wp-cron.php?doing_wp_cron=1664245736.0412468910217285156250" "WordPress/6.0.2; https://coachingpop.com"
41.216.188.48 coachingpop.com - [27/Sep/2022:04:28:55 +0200] "GET /404/ HTTP/1.1" 404 58395 "binance.com" "Mozilla/5.0 (Windows NT 10.0; Win64; x64) AppleWebKit/537.36 (KHTML, like Gecko) Chrome/90.0.4430.85 Safari/537.36"
41.216.188.48 coachingpop.com - [27/Sep/2022:04:29:06 +0200] "GET /wp-admin/user/ HTTP/1.1" 302 - "binance.com" "Mozilla/5.0 (Windows NT 10.0; Win64; x64) AppleWebKit/537.36 (KHTML, like Gecko) Chrome/90.0.4430.85 Safari/537.36"
51.68.11.195 coachingpop.com - [27/Sep/2022:04:29:15 +0200] "POST /wp-cron.php?doing_wp_cron=1664245755.7869100570678710937500 HTTP/1.1" 200 25 "https://coachingpop.com/wp-cron.php?doing_wp_cron=1664245755.7869100570678710937500" "WordPress/6.0.2; https://coachingpop.com"
41.216.188.48 coachingpop.com - [27/Sep/2022:04:29:14 +0200] "GET /404/ HTTP/1.1" 404 58395 "binance.com" "Mozilla/5.0 (Windows NT 10.0; Win64; x64) AppleWebKit/537.36 (KHTML, like Gecko) Chrome/90.0.4430.85 Safari/537.36"
41.216.188.48 coachingpop.com - [27/Sep/2022:04:29:22 +0200] "GET /wp-admin/css/ HTTP/1.1" 200 1508 "binance.com" "Mozilla/5.0 (Windows NT 10.0; Win64; x64) AppleWebKit/537.36 (KHTML, like Gecko) Chrome/90.0.4430.85 Safari/537.36"
41.216.188.48 coachingpop.com - [27/Sep/2022:04:29:27 +0200] "GET /wp-admin/css/colors/ HTTP/1.1" 200 508 "binance.com" "Mozilla/5.0 (Windows NT 10.0; Win64; x64) AppleWebKit/537.36 (KHTML, like Gecko) Chrome/90.0.4430.85 Safari/537.36"
41.216.188.48 coachingpop.com - [27/Sep/2022:04:29:35 +0200] "GET /wp-admin/css/colors/blue/ HTTP/1.1" 200 419 "binance.com" "Mozilla/5.0 (Windows NT 10.0; Win64; x64) AppleWebKit/537.36 (KHTML, like Gecko) Chrome/90.0.4430.85 Safari/537.36"
41.216.188.48 coachingpop.com - [27/Sep/2022:04:29:40 +0200] "GET /wp-admin/css/colors/coffee/ HTTP/1.1" 200 422 "binance.com" "Mozilla/5.0 (Windows NT 10.0; Win64; x64) AppleWebKit/537.36 (KHTML, like Gecko) Chrome/90.0.4430.85 Safari/537.36"
41.216.188.48 coachingpop.com - [27/Sep/2022:04:29:45 +0200] "GET /wp-admin/css/colors/ectoplasm/ HTTP/1.1" 200 428 "binance.com" "Mozilla/5.0 (Windows NT 10.0; Win64; x64) AppleWebKit/537.36 (KHTML, like Gecko) Chrome/90.0.4430.85 Safari/537.36"
51.68.11.195 catalogo.coachingpop.com - [27/Sep/2022:04:29:48 +0200] "POST /wp-cron.php?doing_wp_cron=1664245788.1482589244842529296875 HTTP/1.1" 200 25 "https://catalogo.coachingpop.com/wp-cron.php?doing_wp_cron=1664245788.1482589244842529296875" "WordPress/6.0.2; https://catalogo.coachingpop.com"
41.216.188.48 coachingpop.com - [27/Sep/2022:04:29:51 +0200] "GET /wp-admin/css/colors/light/ HTTP/1.1" 200 425 "binance.com" "Mozilla/5.0 (Windows NT 10.0; Win64; x64) AppleWebKit/537.36 (KHTML, like Gecko) Chrome/90.0.4430.85 Safari/537.36"
41.216.188.48 coachingpop.com - [27/Sep/2022:04:29:56 +0200] "GET /wp-admin/css/colors/midnight/ HTTP/1.1" 200 428 "binance.com" "Mozilla/5.0 (Windows NT 10.0; Win64; x64) AppleWebKit/537.36 (KHTML, like Gecko) Chrome/90.0.4430.85 Safari/537.36"
41.216.188.48 coachingpop.com - [27/Sep/2022:04:30:01 +0200] "GET /wp-admin/css/colors/modern/ HTTP/1.1" 200 425 "binance.com" "Mozilla/5.0 (Windows NT 10.0; Win64; x64) AppleWebKit/537.36 (KHTML, like Gecko) Chrome/90.0.4430.85 Safari/537.36"
41.216.188.48 coachingpop.com - [27/Sep/2022:04:30:05 +0200] "GET /wp-admin/css/colors/ocean/ HTTP/1.1" 200 425 "binance.com" "Mozilla/5.0 (Windows NT 10.0; Win64; x64) AppleWebKit/537.36 (KHTML, like Gecko) Chrome/90.0.4430.85 Safari/537.36"
51.68.11.195 catalogo.coachingpop.com - [27/Sep/2022:04:30:15 +0200] "POST /wp-cron.php?doing_wp_cron=1664245815.4779939651489257812500 HTTP/1.1" 200 25 "https://catalogo.coachingpop.com/wp-cron.php?doing_wp_cron=1664245815.4779939651489257812500" "WordPress/6.0.2; https://catalogo.coachingpop.com"
87.98.231.4 coachingpop.com - [27/Sep/2022:04:30:18 +0200] "POST /wp-cron.php?doing_wp_cron=1664245818.3469250202178955078125 HTTP/1.1" 200 25 "http://coachingpop.com/wp-cron.php?doing_wp_cron=1664245818.3469250202178955078125" "WordPress/6.0.2; https://coachingpop.com"
41.216.188.48 coachingpop.com - [27/Sep/2022:04:30:15 +0200] "GET /wp-admin/css/colors/sunrise/%20 HTTP/1.1" 301 - "binance.com" "Mozilla/5.0 (Windows NT 10.0; Win64; x64) AppleWebKit/537.36 (KHTML, like Gecko) Chrome/90.0.4430.85 Safari/537.36"
41.216.188.48 coachingpop.com - [27/Sep/2022:04:30:20 +0200] "GET /wp-admin/css/colors/sunrise/ HTTP/1.1" 200 426 "binance.com" "Mozilla/5.0 (Windows NT 10.0; Win64; x64) AppleWebKit/537.36 (KHTML, like Gecko) Chrome/90.0.4430.85 Safari/537.36"
81.36.175.180 catalogo.coachingpop.com - [27/Sep/2022:04:25:43 +0200] "POST /wp-admin/admin-ajax.php HTTP/1.1" 200 47 "https://catalogo.coachingpop.com/wp-admin/admin.php?page=wc-admin" "Mozilla/5.0 (Windows NT 10.0; Win64; x64) AppleWebKit/537.36 (KHTML, like Gecko) Chrome/105.0.0.0 Safari/537.36"
81.36.175.180 catalogo.coachingpop.com - [27/Sep/2022:04:26:12 +0200] "POST /wp-admin/admin-ajax.php HTTP/1.1" 200 47 "https://catalogo.coachingpop.com/wp-admin/edit.php?post_type=product" "Mozilla/5.0 (Windows NT 10.0; Win64; x64) AppleWebKit/537.36 (KHTML, like Gecko) Chrome/105.0.0.0 Safari/537.36"
81.36.175.180 catalogo.coachingpop.com - [27/Sep/2022:04:27:44 +0200] "POST /wp-admin/admin-ajax.php HTTP/1.1" 200 47 "https://catalogo.coachingpop.com/wp-admin/admin.php?page=wc-admin" "Mozilla/5.0 (Windows NT 10.0; Win64; x64) AppleWebKit/537.36 (KHTML, like Gecko) Chrome/105.0.0.0 Safari/537.36"
81.36.175.180 catalogo.coachingpop.com - [27/Sep/2022:04:28:13 +0200] "POST /wp-admin/admin-ajax.php HTTP/1.1" 200 47 "https://catalogo.coachingpop.com/wp-admin/edit.php?post_type=product" "Mozilla/5.0 (Windows NT 10.0; Win64; x64) AppleWebKit/537.36 (KHTML, like Gecko) Chrome/105.0.0.0 Safari/537.36"
81.36.175.180 catalogo.coachingpop.com - [27/Sep/2022:04:29:45 +0200] "POST /wp-admin/admin-ajax.php HTTP/1.1" 200 47 "https://catalogo.coachingpop.com/wp-admin/admin.php?page=wc-admin" "Mozilla/5.0 (Windows NT 10.0; Win64; x64) AppleWebKit/537.36 (KHTML, like Gecko) Chrome/105.0.0.0 Safari/537.36"
81.36.175.180 catalogo.coachingpop.com - [27/Sep/2022:04:30:14 +0200] "POST /wp-admin/admin-ajax.php HTTP/1.1" 200 47 "https://catalogo.coachingpop.com/wp-admin/edit.php?post_type=product" "Mozilla/5.0 (Windows NT 10.0; Win64; x64) AppleWebKit/537.36 (KHTML, like Gecko) Chrome/105.0.0.0 Safari/537.36"
173.0.81.65 2022.coachingpop.com - [27/Sep/2022:04:30:24 +0200] "POST /wp-json/paypal/v1/incoming HTTP/1.1" 404 196 "-" "PayPal/AUHR-214.0-57664823"
41.216.188.48 coachingpop.com - [27/Sep/2022:04:30:25 +0200] "GET /wp-admin/images/ HTTP/1.1" 200 1414 "binance.com" "Mozilla/5.0 (Windows NT 10.0; Win64; x64) AppleWebKit/537.36 (KHTML, like Gecko) Chrome/90.0.4430.85 Safari/537.36"
41.216.188.48 coachingpop.com - [27/Sep/2022:04:30:32 +0200] "GET /wp-admin/js/ HTTP/1.1" 200 1663 "binance.com" "Mozilla/5.0 (Windows NT 10.0; Win64; x64) AppleWebKit/537.36 (KHTML, like Gecko) Chrome/90.0.4430.85 Safari/537.36"
41.216.188.48 coachingpop.com - [27/Sep/2022:04:30:44 +0200] "GET /wp-admin/js/widgets/ HTTP/1.1" 200 565 "binance.com" "Mozilla/5.0 (Windows NT 10.0; Win64; x64) AppleWebKit/537.36 (KHTML, like Gecko) Chrome/90.0.4430.85 Safari/537.36"
41.216.188.48 coachingpop.com - [27/Sep/2022:04:30:50 +0200] "GET /wp-includes/ HTTP/1.1" 200 3755 "binance.com" "Mozilla/5.0 (Windows NT 10.0; Win64; x64) AppleWebKit/537.36 (KHTML, like Gecko) Chrome/90.0.4430.85 Safari/537.36"
41.216.188.48 coachingpop.com - [27/Sep/2022:04:30:57 +0200] "GET /wp-includes/ HTTP/1.1" 200 3755 "binance.com" "Mozilla/5.0 (Windows NT 10.0; Win64; x64) AppleWebKit/537.36 (KHTML, like Gecko) Chrome/90.0.4430.85 Safari/537.36"
41.216.188.48 coachingpop.com - [27/Sep/2022:04:31:04 +0200] "GET /wp-includes/block-editor.php HTTP/1.1" 200 25 "binance.com" "Mozilla/5.0 (Windows NT 10.0; Win64; x64) AppleWebKit/537.36 (KHTML, like Gecko) Chrome/90.0.4430.85 Safari/537.36"
41.216.188.48 coachingpop.com - [27/Sep/2022:04:31:14 +0200] "GET /wp-includes/block-template-utils.php HTTP/1.1" 200 25 "binance.com" "Mozilla/5.0 (Windows NT 10.0; Win64; x64) AppleWebKit/537.36 (KHTML, like Gecko) Chrome/90.0.4430.85 Safari/537.36"
41.216.188.48 coachingpop.com - [27/Sep/2022:04:31:20 +0200] "GET /wp-includes/block-template.php HTTP/1.1" 200 25 "binance.com" "Mozilla/5.0 (Windows NT 10.0; Win64; x64) AppleWebKit/537.36 (KHTML, like Gecko) Chrome/90.0.4430.85 Safari/537.36"
41.216.188.48 coachingpop.com - [27/Sep/2022:04:31:26 +0200] "GET /wp-includes/class-wp-block-editor-context.php HTTP/1.1" 200 25 "binance.com" "Mozilla/5.0 (Windows NT 10.0; Win64; x64) AppleWebKit/537.36 (KHTML, like Gecko) Chrome/90.0.4430.85 Safari/537.36"
41.216.188.48 coachingpop.com - [27/Sep/2022:04:31:35 +0200] "GET /wp-includes/class-wp-block-template.php HTTP/1.1" 200 25 "binance.com" "Mozilla/5.0 (Windows NT 10.0; Win64; x64) AppleWebKit/537.36 (KHTML, like Gecko) Chrome/90.0.4430.85 Safari/537.36"
41.216.188.48 coachingpop.com - [27/Sep/2022:04:31:40 +0200] "GET /wp-includes/class-wp-http.php HTTP/1.1" 500 - "binance.com" "Mozilla/5.0 (Windows NT 10.0; Win64; x64) AppleWebKit/537.36 (KHTML, like Gecko) Chrome/90.0.4430.85 Safari/537.36"
41.216.188.48 coachingpop.com - [27/Sep/2022:04:31:45 +0200] "GET /wp-includes/class-wp-theme-json-resolver.php HTTP/1.1" 200 25 "binance.com" "Mozilla/5.0 (Windows NT 10.0; Win64; x64) AppleWebKit/537.36 (KHTML, like Gecko) Chrome/90.0.4430.85 Safari/537.36"
51.68.11.195 catalogo.coachingpop.com - [27/Sep/2022:04:31:49 +0200] "POST /wp-cron.php?doing_wp_cron=1664245909.3296239376068115234375 HTTP/1.1" 200 25 "https://catalogo.coachingpop.com/wp-cron.php?doing_wp_cron=1664245909.3296239376068115234375" "WordPress/6.0.2; https://catalogo.coachingpop.com"
41.216.188.48 coachingpop.com - [27/Sep/2022:04:31:51 +0200] "GET /wp-includes/class-wp-theme-json-schema.php HTTP/1.1" 200 25 "binance.com" "Mozilla/5.0 (Windows NT 10.0; Win64; x64) AppleWebKit/537.36 (KHTML, like Gecko) Chrome/90.0.4430.85 Safari/537.36"
41.216.188.48 coachingpop.com - [27/Sep/2022:04:32:00 +0200] "GET /wp-includes/class-wp-theme-json.php HTTP/1.1" 200 25 "binance.com" "Mozilla/5.0 (Windows NT 10.0; Win64; x64) AppleWebKit/537.36 (KHTML, like Gecko) Chrome/90.0.4430.85 Safari/537.36"
41.216.188.48 coachingpop.com - [27/Sep/2022:04:32:04 +0200] "GET /wp-includes/global-styles-and-settings.php HTTP/1.1" 200 25 "binance.com" "Mozilla/5.0 (Windows NT 10.0; Win64; x64) AppleWebKit/537.36 (KHTML, like Gecko) Chrome/90.0.4430.85 Safari/537.36"
41.216.188.48 coachingpop.com - [27/Sep/2022:04:32:10 +0200] "GET /wp-includes/https-detection.php HTTP/1.1" 200 25 "binance.com" "Mozilla/5.0 (Windows NT 10.0; Win64; x64) AppleWebKit/537.36 (KHTML, like Gecko) Chrome/90.0.4430.85 Safari/537.36"
41.216.188.48 coachingpop.com - [27/Sep/2022:04:32:20 +0200] "GET /wp-includes/https-migration.php HTTP/1.1" 200 25 "binance.com" "Mozilla/5.0 (Windows NT 10.0; Win64; x64) AppleWebKit/537.36 (KHTML, like Gecko) Chrome/90.0.4430.85 Safari/537.36"
41.216.188.48 coachingpop.com - [27/Sep/2022:04:32:25 +0200] "GET /wp-includes/robots-template.php HTTP/1.1" 200 25 "binance.com" "Mozilla/5.0 (Windows NT 10.0; Win64; x64) AppleWebKit/537.36 (KHTML, like Gecko) Chrome/90.0.4430.85 Safari/537.36"
41.216.188.48 coachingpop.com - [27/Sep/2022:04:32:31 +0200] "GET /wp-includes/template-canvas.php HTTP/1.1" 500 - "binance.com" "Mozilla/5.0 (Windows NT 10.0; Win64; x64) AppleWebKit/537.36 (KHTML, like Gecko) Chrome/90.0.4430.85 Safari/537.36"
41.216.188.48 coachingpop.com - [27/Sep/2022:04:32:41 +0200] "GET /wp-includes/theme-templates.php HTTP/1.1" 200 25 "binance.com" "Mozilla/5.0 (Windows NT 10.0; Win64; x64) AppleWebKit/537.36 (KHTML, like Gecko) Chrome/90.0.4430.85 Safari/537.36"
41.216.188.48 coachingpop.com - [27/Sep/2022:04:32:48 +0200] "GET /wp-includes/ID3/ HTTP/1.1" 200 690 "binance.com" "Mozilla/5.0 (Windows NT 10.0; Win64; x64) AppleWebKit/537.36 (KHTML, like Gecko) Chrome/90.0.4430.85 Safari/537.36"
41.216.188.48 coachingpop.com - [27/Sep/2022:04:32:58 +0200] "GET /wp-includes/ID3/ HTTP/1.1" 200 690 "binance.com" "Mozilla/5.0 (Windows NT 10.0; Win64; x64) AppleWebKit/537.36 (KHTML, like Gecko) Chrome/90.0.4430.85 Safari/537.36"
41.216.188.48 coachingpop.com - [27/Sep/2022:04:33:04 +0200] "GET /wp-includes/IXR/ HTTP/1.1" 200 529 "binance.com" "Mozilla/5.0 (Windows NT 10.0; Win64; x64) AppleWebKit/537.36 (KHTML, like Gecko) Chrome/90.0.4430.85 Safari/537.36"
41.216.188.48 coachingpop.com - [27/Sep/2022:04:33:10 +0200] "GET /wp-includes/IXR/ HTTP/1.1" 200 529 "binance.com" "Mozilla/5.0 (Windows NT 10.0; Win64; x64) AppleWebKit/537.36 (KHTML, like Gecko) Chrome/90.0.4430.85 Safari/537.36"
41.216.188.48 coachingpop.com - [27/Sep/2022:04:33:14 +0200] "GET /wp-includes/PHPMailer/ HTTP/1.1" 200 397 "binance.com" "Mozilla/5.0 (Windows NT 10.0; Win64; x64) AppleWebKit/537.36 (KHTML, like Gecko) Chrome/90.0.4430.85 Safari/537.36"
41.216.188.48 coachingpop.com - [27/Sep/2022:04:33:19 +0200] "GET /wp-includes/PHPMailer/ HTTP/1.1" 200 397 "binance.com" "Mozilla/5.0 (Windows NT 10.0; Win64; x64) AppleWebKit/537.36 (KHTML, like Gecko) Chrome/90.0.4430.85 Safari/537.36"
41.216.188.48 coachingpop.com - [27/Sep/2022:04:33:24 +0200] "GET /wp-includes/Text/ HTTP/1.1" 200 378 "binance.com" "Mozilla/5.0 (Windows NT 10.0; Win64; x64) AppleWebKit/537.36 (KHTML, like Gecko) Chrome/90.0.4430.85 Safari/537.36"
41.216.188.48 coachingpop.com - [27/Sep/2022:04:33:28 +0200] "GET /wp-includes/Text/ HTTP/1.1" 200 378 "binance.com" "Mozilla/5.0 (Windows NT 10.0; Win64; x64) AppleWebKit/537.36 (KHTML, like Gecko) Chrome/90.0.4430.85 Safari/537.36"
41.216.188.48 coachingpop.com - [27/Sep/2022:04:33:35 +0200] "GET /wp-includes/Text/Diff/ HTTP/1.1" 200 398 "binance.com" "Mozilla/5.0 (Windows NT 10.0; Win64; x64) AppleWebKit/537.36 (KHTML, like Gecko) Chrome/90.0.4430.85 Safari/537.36"
41.216.188.48 coachingpop.com - [27/Sep/2022:04:33:44 +0200] "GET /wp-includes/Text/Diff/ HTTP/1.1" 200 398 "binance.com" "Mozilla/5.0 (Windows NT 10.0; Win64; x64) AppleWebKit/537.36 (KHTML, like Gecko) Chrome/90.0.4430.85 Safari/537.36"
41.216.188.48 coachingpop.com - [27/Sep/2022:04:33:49 +0200] "GET /wp-includes/Text/Diff/Engine/ HTTP/1.1" 200 414 "binance.com" "Mozilla/5.0 (Windows NT 10.0; Win64; x64) AppleWebKit/537.36 (KHTML, like Gecko) Chrome/90.0.4430.85 Safari/537.36"
51.68.11.195 catalogo.coachingpop.com - [27/Sep/2022:04:33:50 +0200] "POST /wp-cron.php?doing_wp_cron=1664246030.8436129093170166015625 HTTP/1.1" 200 25 "https://catalogo.coachingpop.com/wp-cron.php?doing_wp_cron=1664246030.8436129093170166015625" "WordPress/6.0.2; https://catalogo.coachingpop.com"
41.216.188.48 coachingpop.com - [27/Sep/2022:04:33:55 +0200] "GET /wp-includes/Text/Diff/Engine/ HTTP/1.1" 200 414 "binance.com" "Mozilla/5.0 (Windows NT 10.0; Win64; x64) AppleWebKit/537.36 (KHTML, like Gecko) Chrome/90.0.4430.85 Safari/537.36"
41.216.188.48 coachingpop.com - [27/Sep/2022:04:34:00 +0200] "GET /wp-includes/Text/Diff/Renderer/ HTTP/1.1" 200 368 "binance.com" "Mozilla/5.0 (Windows NT 10.0; Win64; x64) AppleWebKit/537.36 (KHTML, like Gecko) Chrome/90.0.4430.85 Safari/537.36"
41.216.188.48 coachingpop.com - [27/Sep/2022:04:34:08 +0200] "GET /wp-includes/Text/Diff/Renderer/ HTTP/1.1" 200 368 "binance.com" "Mozilla/5.0 (Windows NT 10.0; Win64; x64) AppleWebKit/537.36 (KHTML, like Gecko) Chrome/90.0.4430.85 Safari/537.36"
41.216.188.48 coachingpop.com - [27/Sep/2022:04:34:14 +0200] "GET /wp-includes/blocks/ HTTP/1.1" 500 - "binance.com" "Mozilla/5.0 (Windows NT 10.0; Win64; x64) AppleWebKit/537.36 (KHTML, like Gecko) Chrome/90.0.4430.85 Safari/537.36"
41.216.188.48 coachingpop.com - [27/Sep/2022:04:34:18 +0200] "GET /wp-includes/pomo/ HTTP/1.1" 200 442 "binance.com" "Mozilla/5.0 (Windows NT 10.0; Win64; x64) AppleWebKit/537.36 (KHTML, like Gecko) Chrome/90.0.4430.85 Safari/537.36"
51.68.11.195 catalogo.coachingpop.com - [27/Sep/2022:04:34:18 +0200] "POST /wp-cron.php?doing_wp_cron=1664246058.7878620624542236328125 HTTP/1.1" 200 25 "https://catalogo.coachingpop.com/wp-cron.php?doing_wp_cron=1664246058.7878620624542236328125" "WordPress/6.0.2; https://catalogo.coachingpop.com"
81.36.175.180 catalogo.coachingpop.com - [27/Sep/2022:04:31:46 +0200] "POST /wp-admin/admin-ajax.php HTTP/1.1" 200 47 "https://catalogo.coachingpop.com/wp-admin/admin.php?page=wc-admin" "Mozilla/5.0 (Windows NT 10.0; Win64; x64) AppleWebKit/537.36 (KHTML, like Gecko) Chrome/105.0.0.0 Safari/537.36"
81.36.175.180 catalogo.coachingpop.com - [27/Sep/2022:04:32:15 +0200] "POST /wp-admin/admin-ajax.php HTTP/1.1" 200 47 "https://catalogo.coachingpop.com/wp-admin/edit.php?post_type=product" "Mozilla/5.0 (Windows NT 10.0; Win64; x64) AppleWebKit/537.36 (KHTML, like Gecko) Chrome/105.0.0.0 Safari/537.36"
81.36.175.180 catalogo.coachingpop.com - [27/Sep/2022:04:33:47 +0200] "POST /wp-admin/admin-ajax.php HTTP/1.1" 200 47 "https://catalogo.coachingpop.com/wp-admin/admin.php?page=wc-admin" "Mozilla/5.0 (Windows NT 10.0; Win64; x64) AppleWebKit/537.36 (KHTML, like Gecko) Chrome/105.0.0.0 Safari/537.36"
81.36.175.180 catalogo.coachingpop.com - [27/Sep/2022:04:34:16 +0200] "POST /wp-admin/admin-ajax.php HTTP/1.1" 200 47 "https://catalogo.coachingpop.com/wp-admin/edit.php?post_type=product" "Mozilla/5.0 (Windows NT 10.0; Win64; x64) AppleWebKit/537.36 (KHTML, like Gecko) Chrome/105.0.0.0 Safari/537.36"
41.216.188.48 coachingpop.com - [27/Sep/2022:04:34:26 +0200] "GET /wp-includes/pomo/ HTTP/1.1" 200 442 "binance.com" "Mozilla/5.0 (Windows NT 10.0; Win64; x64) AppleWebKit/537.36 (KHTML, like Gecko) Chrome/90.0.4430.85 Safari/537.36"
41.216.188.48 coachingpop.com - [27/Sep/2022:04:34:30 +0200] "GET /wp-includes/sitemaps/ HTTP/1.1" 200 484 "binance.com" "Mozilla/5.0 (Windows NT 10.0; Win64; x64) AppleWebKit/537.36 (KHTML, like Gecko) Chrome/90.0.4430.85 Safari/537.36"
41.216.188.48 coachingpop.com - [27/Sep/2022:04:34:37 +0200] "GET /wp-includes/sitemaps/ HTTP/1.1" 200 484 "binance.com" "Mozilla/5.0 (Windows NT 10.0; Win64; x64) AppleWebKit/537.36 (KHTML, like Gecko) Chrome/90.0.4430.85 Safari/537.36"
41.216.188.48 coachingpop.com - [27/Sep/2022:04:34:46 +0200] "GET /wp-includes/sitemaps/providers/ HTTP/1.1" 200 419 "binance.com" "Mozilla/5.0 (Windows NT 10.0; Win64; x64) AppleWebKit/537.36 (KHTML, like Gecko) Chrome/90.0.4430.85 Safari/537.36"
41.216.188.48 coachingpop.com - [27/Sep/2022:04:34:54 +0200] "GET /wp-includes/sitemaps/providers/ HTTP/1.1" 200 419 "binance.com" "Mozilla/5.0 (Windows NT 10.0; Win64; x64) AppleWebKit/537.36 (KHTML, like Gecko) Chrome/90.0.4430.85 Safari/537.36"
41.216.188.48 coachingpop.com - [27/Sep/2022:04:35:00 +0200] "GET /wp-includes/widgets/ HTTP/1.1" 200 638 "binance.com" "Mozilla/5.0 (Windows NT 10.0; Win64; x64) AppleWebKit/537.36 (KHTML, like Gecko) Chrome/90.0.4430.85 Safari/537.36"
41.216.188.48 coachingpop.com - [27/Sep/2022:04:35:07 +0200] "GET /wp-includes/widgets/ HTTP/1.1" 200 638 "binance.com" "Mozilla/5.0 (Windows NT 10.0; Win64; x64) AppleWebKit/537.36 (KHTML, like Gecko) Chrome/90.0.4430.85 Safari/537.36"
41.216.188.48 coachingpop.com - [27/Sep/2022:04:35:14 +0200] "GET /wp-includes/widgets/class-wp-widget-block.php HTTP/1.1" 500 - "binance.com" "Mozilla/5.0 (Windows NT 10.0; Win64; x64) AppleWebKit/537.36 (KHTML, like Gecko) Chrome/90.0.4430.85 Safari/537.36"
41.216.188.48 coachingpop.com - [27/Sep/2022:04:35:17 +0200] "GET /wp-includes/css/ HTTP/1.1" 200 857 "binance.com" "Mozilla/5.0 (Windows NT 10.0; Win64; x64) AppleWebKit/537.36 (KHTML, like Gecko) Chrome/90.0.4430.85 Safari/537.36"
41.216.188.48 coachingpop.com - [27/Sep/2022:04:35:22 +0200] "GET /wp-includes/css/dist/ HTTP/1.1" 200 522 "binance.com" "Mozilla/5.0 (Windows NT 10.0; Win64; x64) AppleWebKit/537.36 (KHTML, like Gecko) Chrome/90.0.4430.85 Safari/537.36"
41.216.188.48 coachingpop.com - [27/Sep/2022:04:35:28 +0200] "GET /wp-includes/fonts/ HTTP/1.1" 200 422 "binance.com" "Mozilla/5.0 (Windows NT 10.0; Win64; x64) AppleWebKit/537.36 (KHTML, like Gecko) Chrome/90.0.4430.85 Safari/537.36"
41.216.188.48 coachingpop.com - [27/Sep/2022:04:35:35 +0200] "GET /wp-includes/images/ HTTP/1.1" 200 803 "binance.com" "Mozilla/5.0 (Windows NT 10.0; Win64; x64) AppleWebKit/537.36 (KHTML, like Gecko) Chrome/90.0.4430.85 Safari/537.36"
41.216.188.48 coachingpop.com - [27/Sep/2022:04:35:40 +0200] "GET /wp-includes/images/crystal/ HTTP/1.1" 200 537 "binance.com" "Mozilla/5.0 (Windows NT 10.0; Win64; x64) AppleWebKit/537.36 (KHTML, like Gecko) Chrome/90.0.4430.85 Safari/537.36"
