93.42.24.129 catalogo.coachingpop.com - [27/Sep/2022:18:17:00 +0200] "GET /wp-content/themes/book-junky/assets/js/book-junky.js?ver=1.0.0 HTTP/1.1" 200 997 "https://catalogo.coachingpop.com/anadir-obra/" "Mozilla/5.0 (Macintosh; Intel Mac OS X 10_15_7) AppleWebKit/537.36 (KHTML, like Gecko) Chrome/105.0.0.0 Safari/537.36"
93.42.24.129 catalogo.coachingpop.com - [27/Sep/2022:18:17:00 +0200] "GET /wp-content/themes/book-junky/assets/js/menu.js?ver=1.0.0 HTTP/1.1" 200 463 "https://catalogo.coachingpop.com/anadir-obra/" "Mozilla/5.0 (Macintosh; Intel Mac OS X 10_15_7) AppleWebKit/537.36 (KHTML, like Gecko) Chrome/105.0.0.0 Safari/537.36"
93.42.24.129 catalogo.coachingpop.com - [27/Sep/2022:18:17:00 +0200] "GET /wp-content/themes/book-junky/assets/js/post_favorite.js?ver=1.0 HTTP/1.1" 200 382 "https://catalogo.coachingpop.com/anadir-obra/" "Mozilla/5.0 (Macintosh; Intel Mac OS X 10_15_7) AppleWebKit/537.36 (KHTML, like Gecko) Chrome/105.0.0.0 Safari/537.36"
93.42.24.129 catalogo.coachingpop.com - [27/Sep/2022:18:17:00 +0200] "GET /wp-includes/js/utils.min.js?ver=6.0.2 HTTP/1.1" 200 831 "https://catalogo.coachingpop.com/anadir-obra/" "Mozilla/5.0 (Macintosh; Intel Mac OS X 10_15_7) AppleWebKit/537.36 (KHTML, like Gecko) Chrome/105.0.0.0 Safari/537.36"
93.42.24.129 catalogo.coachingpop.com - [27/Sep/2022:18:17:00 +0200] "GET /wp-includes/js/shortcode.min.js?ver=6.0.2 HTTP/1.1" 200 1144 "https://catalogo.coachingpop.com/anadir-obra/" "Mozilla/5.0 (Macintosh; Intel Mac OS X 10_15_7) AppleWebKit/537.36 (KHTML, like Gecko) Chrome/105.0.0.0 Safari/537.36"
93.42.24.129 catalogo.coachingpop.com - [27/Sep/2022:18:17:00 +0200] "GET /wp-includes/js/underscore.min.js?ver=1.13.3 HTTP/1.1" 200 7313 "https://catalogo.coachingpop.com/anadir-obra/" "Mozilla/5.0 (Macintosh; Intel Mac OS X 10_15_7) AppleWebKit/537.36 (KHTML, like Gecko) Chrome/105.0.0.0 Safari/537.36"
93.42.24.129 catalogo.coachingpop.com - [27/Sep/2022:18:17:00 +0200] "GET /wp-includes/js/backbone.min.js?ver=1.4.1 HTTP/1.1" 200 7900 "https://catalogo.coachingpop.com/anadir-obra/" "Mozilla/5.0 (Macintosh; Intel Mac OS X 10_15_7) AppleWebKit/537.36 (KHTML, like Gecko) Chrome/105.0.0.0 Safari/537.36"
93.42.24.129 catalogo.coachingpop.com - [27/Sep/2022:18:17:00 +0200] "GET /wp-content/themes/book-junky/assets/js/jQAllRangeSliders-min.js?ver=1.0.0 HTTP/1.1" 200 10602 "https://catalogo.coachingpop.com/anadir-obra/" "Mozilla/5.0 (Macintosh; Intel Mac OS X 10_15_7) AppleWebKit/537.36 (KHTML, like Gecko) Chrome/105.0.0.0 Safari/537.36"
93.42.24.129 catalogo.coachingpop.com - [27/Sep/2022:18:17:00 +0200] "GET /wp-content/themes/book-junky/assets/js/bj-handle.js?ver=all HTTP/1.1" 200 1142 "https://catalogo.coachingpop.com/anadir-obra/" "Mozilla/5.0 (Macintosh; Intel Mac OS X 10_15_7) AppleWebKit/537.36 (KHTML, like Gecko) Chrome/105.0.0.0 Safari/537.36"
93.42.24.129 catalogo.coachingpop.com - [27/Sep/2022:18:17:00 +0200] "GET /wp-includes/js/wp-util.min.js?ver=6.0.2 HTTP/1.1" 200 705 "https://catalogo.coachingpop.com/anadir-obra/" "Mozilla/5.0 (Macintosh; Intel Mac OS X 10_15_7) AppleWebKit/537.36 (KHTML, like Gecko) Chrome/105.0.0.0 Safari/537.36"
93.42.24.129 catalogo.coachingpop.com - [27/Sep/2022:18:17:00 +0200] "GET /wp-includes/js/wp-backbone.min.js?ver=6.0.2 HTTP/1.1" 200 1175 "https://catalogo.coachingpop.com/anadir-obra/" "Mozilla/5.0 (Macintosh; Intel Mac OS X 10_15_7) AppleWebKit/537.36 (KHTML, like Gecko) Chrome/105.0.0.0 Safari/537.36"
93.42.24.129 catalogo.coachingpop.com - [27/Sep/2022:18:17:00 +0200] "GET /wp-includes/js/media-models.min.js?ver=6.0.2 HTTP/1.1" 200 4130 "https://catalogo.coachingpop.com/anadir-obra/" "Mozilla/5.0 (Macintosh; Intel Mac OS X 10_15_7) AppleWebKit/537.36 (KHTML, like Gecko) Chrome/105.0.0.0 Safari/537.36"
87.221.48.226 catalogo.coachingpop.com - [27/Sep/2022:18:16:57 +0200] "POST /wp-admin/admin-ajax.php HTTP/1.1" 200 47 "https://catalogo.coachingpop.com/wp-admin/edit.php?post_type=product" "Mozilla/5.0 (Windows NT 10.0; Win64; x64) AppleWebKit/537.36 (KHTML, like Gecko) Chrome/105.0.0.0 Safari/537.36"
93.42.24.129 catalogo.coachingpop.com - [27/Sep/2022:18:17:00 +0200] "GET /wp-includes/js/jquery/ui/mouse.min.js?ver=1.13.1 HTTP/1.1" 200 1084 "https://catalogo.coachingpop.com/anadir-obra/" "Mozilla/5.0 (Macintosh; Intel Mac OS X 10_15_7) AppleWebKit/537.36 (KHTML, like Gecko) Chrome/105.0.0.0 Safari/537.36"
93.42.24.129 catalogo.coachingpop.com - [27/Sep/2022:18:17:00 +0200] "GET /wp-includes/js/plupload/wp-plupload.min.js?ver=6.0.2 HTTP/1.1" 200 2334 "https://catalogo.coachingpop.com/anadir-obra/" "Mozilla/5.0 (Macintosh; Intel Mac OS X 10_15_7) AppleWebKit/537.36 (KHTML, like Gecko) Chrome/105.0.0.0 Safari/537.36"
93.42.24.129 catalogo.coachingpop.com - [27/Sep/2022:18:17:00 +0200] "GET /wp-includes/js/plupload/plupload.min.js?ver=2.1.9 HTTP/1.1" 200 5588 "https://catalogo.coachingpop.com/anadir-obra/" "Mozilla/5.0 (Macintosh; Intel Mac OS X 10_15_7) AppleWebKit/537.36 (KHTML, like Gecko) Chrome/105.0.0.0 Safari/537.36"
93.42.24.129 catalogo.coachingpop.com - [27/Sep/2022:18:17:00 +0200] "GET /wp-includes/js/mediaelement/mediaelement-migrate.min.js?ver=6.0.2 HTTP/1.1" 200 540 "https://catalogo.coachingpop.com/anadir-obra/" "Mozilla/5.0 (Macintosh; Intel Mac OS X 10_15_7) AppleWebKit/537.36 (KHTML, like Gecko) Chrome/105.0.0.0 Safari/537.36"
93.42.24.129 catalogo.coachingpop.com - [27/Sep/2022:18:17:00 +0200] "GET /wp-includes/js/mediaelement/wp-mediaelement.min.js?ver=6.0.2 HTTP/1.1" 200 475 "https://catalogo.coachingpop.com/anadir-obra/" "Mozilla/5.0 (Macintosh; Intel Mac OS X 10_15_7) AppleWebKit/537.36 (KHTML, like Gecko) Chrome/105.0.0.0 Safari/537.36"
93.42.24.129 catalogo.coachingpop.com - [27/Sep/2022:18:17:00 +0200] "GET /wp-includes/js/jquery/ui/sortable.min.js?ver=1.13.1 HTTP/1.1" 200 6562 "https://catalogo.coachingpop.com/anadir-obra/" "Mozilla/5.0 (Macintosh; Intel Mac OS X 10_15_7) AppleWebKit/537.36 (KHTML, like Gecko) Chrome/105.0.0.0 Safari/537.36"
93.42.24.129 catalogo.coachingpop.com - [27/Sep/2022:18:17:00 +0200] "GET /wp-includes/js/jquery/ui/core.min.js?ver=1.13.1 HTTP/1.1" 200 6914 "https://catalogo.coachingpop.com/anadir-obra/" "Mozilla/5.0 (Macintosh; Intel Mac OS X 10_15_7) AppleWebKit/537.36 (KHTML, like Gecko) Chrome/105.0.0.0 Safari/537.36"
93.42.24.129 catalogo.coachingpop.com - [27/Sep/2022:18:17:00 +0200] "GET /wp-includes/js/api-request.min.js?ver=6.0.2 HTTP/1.1" 200 590 "https://catalogo.coachingpop.com/anadir-obra/" "Mozilla/5.0 (Macintosh; Intel Mac OS X 10_15_7) AppleWebKit/537.36 (KHTML, like Gecko) Chrome/105.0.0.0 Safari/537.36"
93.42.24.129 catalogo.coachingpop.com - [27/Sep/2022:18:17:00 +0200] "GET /wp-includes/js/plupload/moxie.min.js?ver=1.3.5 HTTP/1.1" 200 27397 "https://catalogo.coachingpop.com/anadir-obra/" "Mozilla/5.0 (Macintosh; Intel Mac OS X 10_15_7) AppleWebKit/537.36 (KHTML, like Gecko) Chrome/105.0.0.0 Safari/537.36"
93.42.24.129 catalogo.coachingpop.com - [27/Sep/2022:18:17:00 +0200] "GET /wp-includes/js/media-editor.min.js?ver=6.0.2 HTTP/1.1" 200 3610 "https://catalogo.coachingpop.com/anadir-obra/" "Mozilla/5.0 (Macintosh; Intel Mac OS X 10_15_7) AppleWebKit/537.36 (KHTML, like Gecko) Chrome/105.0.0.0 Safari/537.36"
93.42.24.129 catalogo.coachingpop.com - [27/Sep/2022:18:17:00 +0200] "GET /wp-includes/js/dist/dom-ready.min.js?ver=d996b53411d1533a84951212ab6ac4ff HTTP/1.1" 200 331 "https://catalogo.coachingpop.com/anadir-obra/" "Mozilla/5.0 (Macintosh; Intel Mac OS X 10_15_7) AppleWebKit/537.36 (KHTML, like Gecko) Chrome/105.0.0.0 Safari/537.36"
93.42.24.129 catalogo.coachingpop.com - [27/Sep/2022:18:17:00 +0200] "GET /wp-includes/js/dist/a11y.min.js?ver=a38319d7ba46c6e60f7f9d4c371222c5 HTTP/1.1" 200 989 "https://catalogo.coachingpop.com/anadir-obra/" "Mozilla/5.0 (Macintosh; Intel Mac OS X 10_15_7) AppleWebKit/537.36 (KHTML, like Gecko) Chrome/105.0.0.0 Safari/537.36"
93.42.24.129 catalogo.coachingpop.com - [27/Sep/2022:18:17:00 +0200] "GET /wp-includes/js/clipboard.min.js?ver=2.0.10 HTTP/1.1" 200 3102 "https://catalogo.coachingpop.com/anadir-obra/" "Mozilla/5.0 (Macintosh; Intel Mac OS X 10_15_7) AppleWebKit/537.36 (KHTML, like Gecko) Chrome/105.0.0.0 Safari/537.36"
93.42.24.129 catalogo.coachingpop.com - [27/Sep/2022:18:17:00 +0200] "GET /wp-includes/js/quicktags.min.js?ver=6.0.2 HTTP/1.1" 200 3510 "https://catalogo.coachingpop.com/anadir-obra/" "Mozilla/5.0 (Macintosh; Intel Mac OS X 10_15_7) AppleWebKit/537.36 (KHTML, like Gecko) Chrome/105.0.0.0 Safari/537.36"
93.42.24.129 catalogo.coachingpop.com - [27/Sep/2022:18:17:00 +0200] "GET /wp-includes/js/dist/vendor/wp-polyfill.min.js?ver=3.15.0 HTTP/1.1" 200 7095 "https://catalogo.coachingpop.com/anadir-obra/" "Mozilla/5.0 (Macintosh; Intel Mac OS X 10_15_7) AppleWebKit/537.36 (KHTML, like Gecko) Chrome/105.0.0.0 Safari/537.36"
93.42.24.129 catalogo.coachingpop.com - [27/Sep/2022:18:17:00 +0200] "GET /wp-includes/js/media-audiovideo.min.js?ver=6.0.2 HTTP/1.1" 200 3347 "https://catalogo.coachingpop.com/anadir-obra/" "Mozilla/5.0 (Macintosh; Intel Mac OS X 10_15_7) AppleWebKit/537.36 (KHTML, like Gecko) Chrome/105.0.0.0 Safari/537.36"
93.42.24.129 catalogo.coachingpop.com - [27/Sep/2022:18:17:00 +0200] "GET /wp-includes/js/dist/vendor/regenerator-runtime.min.js?ver=0.13.9 HTTP/1.1" 200 2457 "https://catalogo.coachingpop.com/anadir-obra/" "Mozilla/5.0 (Macintosh; Intel Mac OS X 10_15_7) AppleWebKit/537.36 (KHTML, like Gecko) Chrome/105.0.0.0 Safari/537.36"
93.42.24.129 catalogo.coachingpop.com - [27/Sep/2022:18:17:00 +0200] "GET /wp-includes/js/dist/vendor/regenerator-runtime.min.js?ver=0.13.9 HTTP/1.1" 200 2457 "https://catalogo.coachingpop.com/anadir-obra/" "Mozilla/5.0 (Macintosh; Intel Mac OS X 10_15_7) AppleWebKit/537.36 (KHTML, like Gecko) Chrome/105.0.0.0 Safari/537.36"
93.42.24.129 catalogo.coachingpop.com - [27/Sep/2022:18:17:00 +0200] "GET /wp-includes/js/dist/hooks.min.js?ver=c6d64f2cb8f5c6bb49caca37f8828ce3 HTTP/1.1" 200 1661 "https://catalogo.coachingpop.com/anadir-obra/" "Mozilla/5.0 (Macintosh; Intel Mac OS X 10_15_7) AppleWebKit/537.36 (KHTML, like Gecko) Chrome/105.0.0.0 Safari/537.36"
93.42.24.129 catalogo.coachingpop.com - [27/Sep/2022:18:17:00 +0200] "GET /wp-includes/js/mediaelement/mediaelement-and-player.min.js?ver=4.2.16 HTTP/1.1" 200 38657 "https://catalogo.coachingpop.com/anadir-obra/" "Mozilla/5.0 (Macintosh; Intel Mac OS X 10_15_7) AppleWebKit/537.36 (KHTML, like Gecko) Chrome/105.0.0.0 Safari/537.36"
93.42.24.129 catalogo.coachingpop.com - [27/Sep/2022:18:17:00 +0200] "GET /wp-includes/js/dist/vendor/wp-polyfill.min.js?ver=3.15.0 HTTP/1.1" 200 7095 "https://catalogo.coachingpop.com/anadir-obra/" "Mozilla/5.0 (Macintosh; Intel Mac OS X 10_15_7) AppleWebKit/537.36 (KHTML, like Gecko) Chrome/105.0.0.0 Safari/537.36"
93.42.24.129 catalogo.coachingpop.com - [27/Sep/2022:18:17:00 +0200] "GET /wp-includes/js/dist/i18n.min.js?ver=ebee46757c6a411e38fd079a7ac71d94 HTTP/1.1" 200 3865 "https://catalogo.coachingpop.com/anadir-obra/" "Mozilla/5.0 (Macintosh; Intel Mac OS X 10_15_7) AppleWebKit/537.36 (KHTML, like Gecko) Chrome/105.0.0.0 Safari/537.36"
93.42.24.129 catalogo.coachingpop.com - [27/Sep/2022:18:17:00 +0200] "GET /wp-content/themes/book-junky/assets/images/icon-2.png HTTP/1.1" 200 841 "https://catalogo.coachingpop.com/anadir-obra/" "Mozilla/5.0 (Macintosh; Intel Mac OS X 10_15_7) AppleWebKit/537.36 (KHTML, like Gecko) Chrome/105.0.0.0 Safari/537.36"
93.42.24.129 catalogo.coachingpop.com - [27/Sep/2022:18:17:00 +0200] "GET /wp-includes/js/dist/hooks.min.js?ver=c6d64f2cb8f5c6bb49caca37f8828ce3 HTTP/1.1" 200 1661 "https://catalogo.coachingpop.com/anadir-obra/" "Mozilla/5.0 (Macintosh; Intel Mac OS X 10_15_7) AppleWebKit/537.36 (KHTML, like Gecko) Chrome/105.0.0.0 Safari/537.36"
93.42.24.129 catalogo.coachingpop.com - [27/Sep/2022:18:17:00 +0200] "GET /wp-includes/js/dist/i18n.min.js?ver=ebee46757c6a411e38fd079a7ac71d94 HTTP/1.1" 200 3865 "https://catalogo.coachingpop.com/anadir-obra/" "Mozilla/5.0 (Macintosh; Intel Mac OS X 10_15_7) AppleWebKit/537.36 (KHTML, like Gecko) Chrome/105.0.0.0 Safari/537.36"
93.42.24.129 catalogo.coachingpop.com - [27/Sep/2022:18:17:00 +0200] "GET /wp-admin/js/editor.min.js?ver=6.0.2 HTTP/1.1" 200 4745 "https://catalogo.coachingpop.com/anadir-obra/" "Mozilla/5.0 (Macintosh; Intel Mac OS X 10_15_7) AppleWebKit/537.36 (KHTML, like Gecko) Chrome/105.0.0.0 Safari/537.36"
93.42.24.129 catalogo.coachingpop.com - [27/Sep/2022:18:17:00 +0200] "GET /wp-content/plugins/woocommerce/packages/woocommerce-blocks/build/wc-blocks-registry.js?ver=cc03e8063dded1b5b150fe0ddbbbdad5 HTTP/1.1" 200 2703 "https://catalogo.coachingpop.com/anadir-obra/" "Mozilla/5.0 (Macintosh; Intel Mac OS X 10_15_7) AppleWebKit/537.36 (KHTML, like Gecko) Chrome/105.0.0.0 Safari/537.36"
93.42.24.129 catalogo.coachingpop.com - [27/Sep/2022:18:17:00 +0200] "GET /wp-includes/js/wplink.min.js?ver=6.0.2 HTTP/1.1" 200 3882 "https://catalogo.coachingpop.com/anadir-obra/" "Mozilla/5.0 (Macintosh; Intel Mac OS X 10_15_7) AppleWebKit/537.36 (KHTML, like Gecko) Chrome/105.0.0.0 Safari/537.36"
93.42.24.129 catalogo.coachingpop.com - [27/Sep/2022:18:17:00 +0200] "GET /wp-includes/js/dist/vendor/react.min.js?ver=17.0.1 HTTP/1.1" 200 4470 "https://catalogo.coachingpop.com/anadir-obra/" "Mozilla/5.0 (Macintosh; Intel Mac OS X 10_15_7) AppleWebKit/537.36 (KHTML, like Gecko) Chrome/105.0.0.0 Safari/537.36"
93.42.24.129 catalogo.coachingpop.com - [27/Sep/2022:18:17:00 +0200] "GET /wp-includes/js/jquery/ui/autocomplete.min.js?ver=1.13.1 HTTP/1.1" 200 2894 "https://catalogo.coachingpop.com/anadir-obra/" "Mozilla/5.0 (Macintosh; Intel Mac OS X 10_15_7) AppleWebKit/537.36 (KHTML, like Gecko) Chrome/105.0.0.0 Safari/537.36"
93.42.24.129 catalogo.coachingpop.com - [27/Sep/2022:18:17:00 +0200] "GET /wp-includes/js/jquery/ui/menu.min.js?ver=1.13.1 HTTP/1.1" 200 3024 "https://catalogo.coachingpop.com/anadir-obra/" "Mozilla/5.0 (Macintosh; Intel Mac OS X 10_15_7) AppleWebKit/537.36 (KHTML, like Gecko) Chrome/105.0.0.0 Safari/537.36"
93.42.24.129 catalogo.coachingpop.com - [27/Sep/2022:18:17:00 +0200] "GET /wp-includes/js/media-views.min.js?ver=6.0.2 HTTP/1.1" 200 25734 "https://catalogo.coachingpop.com/anadir-obra/" "Mozilla/5.0 (Macintosh; Intel Mac OS X 10_15_7) AppleWebKit/537.36 (KHTML, like Gecko) Chrome/105.0.0.0 Safari/537.36"
93.42.24.129 catalogo.coachingpop.com - [27/Sep/2022:18:17:00 +0200] "GET /wp-includes/js/dist/vendor/lodash.min.js?ver=4.17.19 HTTP/1.1" 200 24927 "https://catalogo.coachingpop.com/anadir-obra/" "Mozilla/5.0 (Macintosh; Intel Mac OS X 10_15_7) AppleWebKit/537.36 (KHTML, like Gecko) Chrome/105.0.0.0 Safari/537.36"
93.42.24.129 catalogo.coachingpop.com - [27/Sep/2022:18:17:00 +0200] "GET /wp-content/uploads/2022/08/logo_coachingpop.png HTTP/1.1" 200 9547 "https://catalogo.coachingpop.com/anadir-obra/" "Mozilla/5.0 (Macintosh; Intel Mac OS X 10_15_7) AppleWebKit/537.36 (KHTML, like Gecko) Chrome/105.0.0.0 Safari/537.36"
93.42.24.129 catalogo.coachingpop.com - [27/Sep/2022:18:17:00 +0200] "GET /wp-includes/js/tinymce/plugins/compat3x/plugin.min.js?ver=49110-20201110 HTTP/1.1" 200 1739 "https://catalogo.coachingpop.com/anadir-obra/" "Mozilla/5.0 (Macintosh; Intel Mac OS X 10_15_7) AppleWebKit/537.36 (KHTML, like Gecko) Chrome/105.0.0.0 Safari/537.36"
93.42.24.129 catalogo.coachingpop.com - [27/Sep/2022:18:17:00 +0200] "GET /wp-content/plugins/woocommerce/packages/woocommerce-blocks/build/blocks-checkout.js?ver=eb82aea7f2ef0716e0c56bede54457db HTTP/1.1" 200 17494 "https://catalogo.coachingpop.com/anadir-obra/" "Mozilla/5.0 (Macintosh; Intel Mac OS X 10_15_7) AppleWebKit/537.36 (KHTML, like Gecko) Chrome/105.0.0.0 Safari/537.36"
93.42.24.129 catalogo.coachingpop.com - [27/Sep/2022:18:17:00 +0200] "GET /wp-content/themes/book-junky/assets/images/instagram.png HTTP/1.1" 200 1468 "https://catalogo.coachingpop.com/anadir-obra/" "Mozilla/5.0 (Macintosh; Intel Mac OS X 10_15_7) AppleWebKit/537.36 (KHTML, like Gecko) Chrome/105.0.0.0 Safari/537.36"
93.42.24.129 catalogo.coachingpop.com - [27/Sep/2022:18:17:00 +0200] "GET /wp-content/themes/book-junky/assets/images/icon-1.png HTTP/1.1" 200 638 "https://catalogo.coachingpop.com/anadir-obra/" "Mozilla/5.0 (Macintosh; Intel Mac OS X 10_15_7) AppleWebKit/537.36 (KHTML, like Gecko) Chrome/105.0.0.0 Safari/537.36"
93.42.24.129 catalogo.coachingpop.com - [27/Sep/2022:18:17:00 +0200] "GET /wp-includes/js/dist/dom-ready.min.js?ver=d996b53411d1533a84951212ab6ac4ff HTTP/1.1" 200 331 "https://catalogo.coachingpop.com/anadir-obra/" "Mozilla/5.0 (Macintosh; Intel Mac OS X 10_15_7) AppleWebKit/537.36 (KHTML, like Gecko) Chrome/105.0.0.0 Safari/537.36"
93.42.24.129 catalogo.coachingpop.com - [27/Sep/2022:18:17:00 +0200] "GET /wp-includes/js/dist/a11y.min.js?ver=a38319d7ba46c6e60f7f9d4c371222c5 HTTP/1.1" 200 989 "https://catalogo.coachingpop.com/anadir-obra/" "Mozilla/5.0 (Macintosh; Intel Mac OS X 10_15_7) AppleWebKit/537.36 (KHTML, like Gecko) Chrome/105.0.0.0 Safari/537.36"
93.42.24.129 catalogo.coachingpop.com - [27/Sep/2022:18:17:00 +0200] "GET /wp-includes/js/dist/escape-html.min.js?ver=00a5735837e9efe13da1d979f16a7105 HTTP/1.1" 200 544 "https://catalogo.coachingpop.com/anadir-obra/" "Mozilla/5.0 (Macintosh; Intel Mac OS X 10_15_7) AppleWebKit/537.36 (KHTML, like Gecko) Chrome/105.0.0.0 Safari/537.36"
93.42.24.129 catalogo.coachingpop.com - [27/Sep/2022:18:17:00 +0200] "GET /wp-includes/js/dist/primitives.min.js?ver=cadf5cfaabdb15c8c8fc440547afe919 HTTP/1.1" 200 1035 "https://catalogo.coachingpop.com/anadir-obra/" "Mozilla/5.0 (Macintosh; Intel Mac OS X 10_15_7) AppleWebKit/537.36 (KHTML, like Gecko) Chrome/105.0.0.0 Safari/537.36"
93.42.24.129 catalogo.coachingpop.com - [27/Sep/2022:18:17:00 +0200] "GET /wp-includes/js/dist/element.min.js?ver=3dfdc75a0abf30f057df44e9a39abe5b HTTP/1.1" 200 4315 "https://catalogo.coachingpop.com/anadir-obra/" "Mozilla/5.0 (Macintosh; Intel Mac OS X 10_15_7) AppleWebKit/537.36 (KHTML, like Gecko) Chrome/105.0.0.0 Safari/537.36"
93.42.24.129 catalogo.coachingpop.com - [27/Sep/2022:18:17:00 +0200] "GET /wp-includes/js/dist/data-controls.min.js?ver=6a75067d86cf9ab901a4646595575446 HTTP/1.1" 200 659 "https://catalogo.coachingpop.com/anadir-obra/" "Mozilla/5.0 (Macintosh; Intel Mac OS X 10_15_7) AppleWebKit/537.36 (KHTML, like Gecko) Chrome/105.0.0.0 Safari/537.36"
93.42.24.129 catalogo.coachingpop.com - [27/Sep/2022:18:17:00 +0200] "GET /wp-includes/js/dist/notices.min.js?ver=e44820c667bf205cacdfc48cbeb3c2e6 HTTP/1.1" 200 971 "https://catalogo.coachingpop.com/anadir-obra/" "Mozilla/5.0 (Macintosh; Intel Mac OS X 10_15_7) AppleWebKit/537.36 (KHTML, like Gecko) Chrome/105.0.0.0 Safari/537.36"
93.42.24.129 catalogo.coachingpop.com - [27/Sep/2022:18:17:00 +0200] "GET /wp-content/plugins/woocommerce/packages/woocommerce-blocks/build/wc-blocks-middleware.js?ver=b7f556f584fec6665368156bab725769 HTTP/1.1" 200 930 "https://catalogo.coachingpop.com/anadir-obra/" "Mozilla/5.0 (Macintosh; Intel Mac OS X 10_15_7) AppleWebKit/537.36 (KHTML, like Gecko) Chrome/105.0.0.0 Safari/537.36"
93.42.24.129 catalogo.coachingpop.com - [27/Sep/2022:18:17:00 +0200] "GET /wp-includes/js/dist/warning.min.js?ver=b9190af8fc6a3a48c580473c6f337b88 HTTP/1.1" 200 274 "https://catalogo.coachingpop.com/anadir-obra/" "Mozilla/5.0 (Macintosh; Intel Mac OS X 10_15_7) AppleWebKit/537.36 (KHTML, like Gecko) Chrome/105.0.0.0 Safari/537.36"
93.42.24.129 catalogo.coachingpop.com - [27/Sep/2022:18:17:00 +0200] "GET /wp-includes/js/dist/compose.min.js?ver=e52c48958a19b766c6a9d28c02d53575 HTTP/1.1" 200 11125 "https://catalogo.coachingpop.com/anadir-obra/" "Mozilla/5.0 (Macintosh; Intel Mac OS X 10_15_7) AppleWebKit/537.36 (KHTML, like Gecko) Chrome/105.0.0.0 Safari/537.36"
93.42.24.129 catalogo.coachingpop.com - [27/Sep/2022:18:17:00 +0200] "GET /wp-includes/js/dist/html-entities.min.js?ver=c6385fb7cd9fdada1cf8892a545f8a26 HTTP/1.1" 200 451 "https://catalogo.coachingpop.com/anadir-obra/" "Mozilla/5.0 (Macintosh; Intel Mac OS X 10_15_7) AppleWebKit/537.36 (KHTML, like Gecko) Chrome/105.0.0.0 Safari/537.36"
93.42.24.129 catalogo.coachingpop.com - [27/Sep/2022:18:17:00 +0200] "GET /wp-content/plugins/woocommerce/packages/woocommerce-blocks/build/wc-blocks-shared-context.js?ver=0f089e2e633ea186a0eaeb7320fe717e HTTP/1.1" 200 1524 "https://catalogo.coachingpop.com/anadir-obra/" "Mozilla/5.0 (Macintosh; Intel Mac OS X 10_15_7) AppleWebKit/537.36 (KHTML, like Gecko) Chrome/105.0.0.0 Safari/537.36"
93.42.24.129 catalogo.coachingpop.com - [27/Sep/2022:18:17:00 +0200] "GET /wp-content/plugins/woocommerce/packages/woocommerce-blocks/build/wc-blocks-shared-hocs.js?ver=f801ba4198a186c414f0f55e0fef964e HTTP/1.1" 200 1142 "https://catalogo.coachingpop.com/anadir-obra/" "Mozilla/5.0 (Macintosh; Intel Mac OS X 10_15_7) AppleWebKit/537.36 (KHTML, like Gecko) Chrome/105.0.0.0 Safari/537.36"
93.42.24.129 catalogo.coachingpop.com - [27/Sep/2022:18:17:00 +0200] "GET /wp-content/plugins/revslider/public/assets/js/rbtools.min.js?ver=6.5.18 HTTP/1.1" 200 48801 "https://catalogo.coachingpop.com/anadir-obra/" "Mozilla/5.0 (Macintosh; Intel Mac OS X 10_15_7) AppleWebKit/537.36 (KHTML, like Gecko) Chrome/105.0.0.0 Safari/537.36"
93.42.24.129 catalogo.coachingpop.com - [27/Sep/2022:18:17:00 +0200] "GET /wp-content/plugins/woocommerce/packages/woocommerce-blocks/build/wc-blocks-data.js?ver=fe03f3839f075526d21ae177dab4a7f4 HTTP/1.1" 200 9864 "https://catalogo.coachingpop.com/anadir-obra/" "Mozilla/5.0 (Macintosh; Intel Mac OS X 10_15_7) AppleWebKit/537.36 (KHTML, like Gecko) Chrome/105.0.0.0 Safari/537.36"
93.42.24.129 catalogo.coachingpop.com - [27/Sep/2022:18:17:00 +0200] "GET /wp-content/themes/book-junky/assets/js/jquery-ui.js?ver=1.0.0 HTTP/1.1" 200 125168 "https://catalogo.coachingpop.com/anadir-obra/" "Mozilla/5.0 (Macintosh; Intel Mac OS X 10_15_7) AppleWebKit/537.36 (KHTML, like Gecko) Chrome/105.0.0.0 Safari/537.36"
93.42.24.129 catalogo.coachingpop.com - [27/Sep/2022:18:17:00 +0200] "GET /wp-content/plugins/woocommerce/packages/woocommerce-blocks/build/cart-frontend.js?ver=620b7d373bec23321d6df6f37f0ee13c HTTP/1.1" 200 47082 "https://catalogo.coachingpop.com/anadir-obra/" "Mozilla/5.0 (Macintosh; Intel Mac OS X 10_15_7) AppleWebKit/537.36 (KHTML, like Gecko) Chrome/105.0.0.0 Safari/537.36"
93.42.24.129 catalogo.coachingpop.com - [27/Sep/2022:18:17:00 +0200] "GET /wp-content/plugins/woocommerce/packages/woocommerce-blocks/build/price-format.js?ver=7c3723933eb56bafdb6e36d072625c93 HTTP/1.1" 200 1185 "https://catalogo.coachingpop.com/anadir-obra/" "Mozilla/5.0 (Macintosh; Intel Mac OS X 10_15_7) AppleWebKit/537.36 (KHTML, like Gecko) Chrome/105.0.0.0 Safari/537.36"
93.42.24.129 catalogo.coachingpop.com - [27/Sep/2022:18:17:00 +0200] "GET /wp-includes/js/dist/deprecated.min.js?ver=96593d5d272d008fbcb6912fa0b86778 HTTP/1.1" 200 513 "https://catalogo.coachingpop.com/anadir-obra/" "Mozilla/5.0 (Macintosh; Intel Mac OS X 10_15_7) AppleWebKit/537.36 (KHTML, like Gecko) Chrome/105.0.0.0 Safari/537.36"
93.42.24.129 catalogo.coachingpop.com - [27/Sep/2022:18:17:00 +0200] "GET /wp-includes/js/dist/autop.min.js?ver=21d1d6c005241b908b592f52ad684a28 HTTP/1.1" 200 2145 "https://catalogo.coachingpop.com/anadir-obra/" "Mozilla/5.0 (Macintosh; Intel Mac OS X 10_15_7) AppleWebKit/537.36 (KHTML, like Gecko) Chrome/105.0.0.0 Safari/537.36"
93.42.24.129 catalogo.coachingpop.com - [27/Sep/2022:18:17:00 +0200] "GET /wp-includes/js/dist/wordcount.min.js?ver=fb8056c75aa0a0569f7ea3ceae97fbc6 HTTP/1.1" 200 1066 "https://catalogo.coachingpop.com/anadir-obra/" "Mozilla/5.0 (Macintosh; Intel Mac OS X 10_15_7) AppleWebKit/537.36 (KHTML, like Gecko) Chrome/105.0.0.0 Safari/537.36"
93.42.24.129 catalogo.coachingpop.com - [27/Sep/2022:18:17:00 +0200] "GET /wp-includes/js/dist/plugins.min.js?ver=f885533aefb501e1eedcbd4a9d04ca70 HTTP/1.1" 200 1985 "https://catalogo.coachingpop.com/anadir-obra/" "Mozilla/5.0 (Macintosh; Intel Mac OS X 10_15_7) AppleWebKit/537.36 (KHTML, like Gecko) Chrome/105.0.0.0 Safari/537.36"
93.42.24.129 catalogo.coachingpop.com - [27/Sep/2022:18:17:00 +0200] "GET /wp-content/plugins/revslider/public/assets/js/rs6.min.js?ver=6.5.31 HTTP/1.1" 200 102031 "https://catalogo.coachingpop.com/anadir-obra/" "Mozilla/5.0 (Macintosh; Intel Mac OS X 10_15_7) AppleWebKit/537.36 (KHTML, like Gecko) Chrome/105.0.0.0 Safari/537.36"
93.42.24.129 catalogo.coachingpop.com - [27/Sep/2022:18:17:00 +0200] "GET /wp-includes/js/dist/url.min.js?ver=16385e4d69da65c7283790971de6b297 HTTP/1.1" 200 1993 "https://catalogo.coachingpop.com/anadir-obra/" "Mozilla/5.0 (Macintosh; Intel Mac OS X 10_15_7) AppleWebKit/537.36 (KHTML, like Gecko) Chrome/105.0.0.0 Safari/537.36"
93.42.24.129 catalogo.coachingpop.com - [27/Sep/2022:18:17:00 +0200] "GET /wp-content/plugins/woocommerce/packages/woocommerce-blocks/build/wc-settings.js?ver=ad63e06f578c9c6502bc833752112b83 HTTP/1.1" 200 2580 "https://catalogo.coachingpop.com/anadir-obra/" "Mozilla/5.0 (Macintosh; Intel Mac OS X 10_15_7) AppleWebKit/537.36 (KHTML, like Gecko) Chrome/105.0.0.0 Safari/537.36"
93.42.24.129 catalogo.coachingpop.com - [27/Sep/2022:18:17:00 +0200] "GET /wp-includes/js/dist/is-shallow-equal.min.js?ver=649feec00389556f8015a6b97efc1cb1 HTTP/1.1" 200 529 "https://catalogo.coachingpop.com/anadir-obra/" "Mozilla/5.0 (Macintosh; Intel Mac OS X 10_15_7) AppleWebKit/537.36 (KHTML, like Gecko) Chrome/105.0.0.0 Safari/537.36"
93.42.24.129 catalogo.coachingpop.com - [27/Sep/2022:18:17:00 +0200] "GET /wp-includes/js/wp-emoji-release.min.js?ver=6.0.2 HTTP/1.1" 200 5009 "https://catalogo.coachingpop.com/anadir-obra/" "Mozilla/5.0 (Macintosh; Intel Mac OS X 10_15_7) AppleWebKit/537.36 (KHTML, like Gecko) Chrome/105.0.0.0 Safari/537.36"
93.42.24.129 catalogo.coachingpop.com - [27/Sep/2022:18:17:00 +0200] "GET /wp-includes/js/dist/priority-queue.min.js?ver=efad6460ae6b28406d39866cb10731e0 HTTP/1.1" 200 610 "https://catalogo.coachingpop.com/anadir-obra/" "Mozilla/5.0 (Macintosh; Intel Mac OS X 10_15_7) AppleWebKit/537.36 (KHTML, like Gecko) Chrome/105.0.0.0 Safari/537.36"
93.42.24.129 catalogo.coachingpop.com - [27/Sep/2022:18:17:00 +0200] "GET /wp-includes/js/dist/api-fetch.min.js?ver=63050163caffa6aac54e9ebf21fe0472 HTTP/1.1" 200 2275 "https://catalogo.coachingpop.com/anadir-obra/" "Mozilla/5.0 (Macintosh; Intel Mac OS X 10_15_7) AppleWebKit/537.36 (KHTML, like Gecko) Chrome/105.0.0.0 Safari/537.36"
93.42.24.129 catalogo.coachingpop.com - [27/Sep/2022:18:17:00 +0200] "GET /wp-includes/js/dist/dom.min.js?ver=3c10edc1abf3fbbc79f17fd7d1d332eb HTTP/1.1" 200 4614 "https://catalogo.coachingpop.com/anadir-obra/" "Mozilla/5.0 (Macintosh; Intel Mac OS X 10_15_7) AppleWebKit/537.36 (KHTML, like Gecko) Chrome/105.0.0.0 Safari/537.36"
93.42.24.129 catalogo.coachingpop.com - [27/Sep/2022:18:17:00 +0200] "GET /wp-includes/js/dist/data.min.js?ver=6c1ab5799c4b061254d313d2d8d9fb87 HTTP/1.1" 200 8748 "https://catalogo.coachingpop.com/anadir-obra/" "Mozilla/5.0 (Macintosh; Intel Mac OS X 10_15_7) AppleWebKit/537.36 (KHTML, like Gecko) Chrome/105.0.0.0 Safari/537.36"
93.42.24.129 catalogo.coachingpop.com - [27/Sep/2022:18:17:00 +0200] "GET /wp-includes/js/dist/vendor/react-dom.min.js?ver=17.0.1 HTTP/1.1" 200 38768 "https://catalogo.coachingpop.com/anadir-obra/" "Mozilla/5.0 (Macintosh; Intel Mac OS X 10_15_7) AppleWebKit/537.36 (KHTML, like Gecko) Chrome/105.0.0.0 Safari/537.36"
93.42.24.129 catalogo.coachingpop.com - [27/Sep/2022:18:17:00 +0200] "GET /wp-includes/js/dist/keycodes.min.js?ver=84a0e6bbcf0b9e1ea0184c3f2bf28022 HTTP/1.1" 200 1355 "https://catalogo.coachingpop.com/anadir-obra/" "Mozilla/5.0 (Macintosh; Intel Mac OS X 10_15_7) AppleWebKit/537.36 (KHTML, like Gecko) Chrome/105.0.0.0 Safari/537.36"
93.42.24.129 catalogo.coachingpop.com - [27/Sep/2022:18:17:00 +0200] "GET /wp-includes/js/dist/redux-routine.min.js?ver=5156478c032ea85a2bbdceeb7a43b0c1 HTTP/1.1" 200 2693 "https://catalogo.coachingpop.com/anadir-obra/" "Mozilla/5.0 (Macintosh; Intel Mac OS X 10_15_7) AppleWebKit/537.36 (KHTML, like Gecko) Chrome/105.0.0.0 Safari/537.36"
93.42.24.129 catalogo.coachingpop.com - [27/Sep/2022:18:17:00 +0200] "GET /wp-content/plugins/woocommerce/packages/woocommerce-blocks/build/checkout-frontend.js?ver=7027935b689ef42bf26dad229bbdb08b HTTP/1.1" 200 49266 "https://catalogo.coachingpop.com/anadir-obra/" "Mozilla/5.0 (Macintosh; Intel Mac OS X 10_15_7) AppleWebKit/537.36 (KHTML, like Gecko) Chrome/105.0.0.0 Safari/537.36"
93.42.24.129 catalogo.coachingpop.com - [27/Sep/2022:18:17:00 +0200] "GET /wp-includes/js/tinymce/tinymce.min.js?ver=49110-20201110 HTTP/1.1" 200 124409 "https://catalogo.coachingpop.com/anadir-obra/" "Mozilla/5.0 (Macintosh; Intel Mac OS X 10_15_7) AppleWebKit/537.36 (KHTML, like Gecko) Chrome/105.0.0.0 Safari/537.36"
93.42.24.129 catalogo.coachingpop.com - [27/Sep/2022:18:17:00 +0200] "GET /wp-content/plugins/woocommerce/assets/css/woocommerce-smallscreen.css?ver=6.9.3 HTTP/1.1" 200 1177 "https://catalogo.coachingpop.com/anadir-obra/" "Mozilla/5.0 (Macintosh; Intel Mac OS X 10_15_7) AppleWebKit/537.36 (KHTML, like Gecko) Chrome/105.0.0.0 Safari/537.36"
93.42.24.129 catalogo.coachingpop.com - [27/Sep/2022:18:17:00 +0200] "GET /wp-content/themes/book-junky/assets/fonts/averta.woff2 HTTP/1.1" 200 69040 "https://catalogo.coachingpop.com/wp-content/themes/book-junky/assets/css/font.css?ver=6.0.2" "Mozilla/5.0 (Macintosh; Intel Mac OS X 10_15_7) AppleWebKit/537.36 (KHTML, like Gecko) Chrome/105.0.0.0 Safari/537.36"
93.42.24.129 catalogo.coachingpop.com - [27/Sep/2022:18:17:00 +0200] "GET /wp-content/themes/book-junky/assets/fonts/averta_semibold-webfont.woff2 HTTP/1.1" 200 26236 "https://catalogo.coachingpop.com/wp-content/themes/book-junky/assets/css/font.css?ver=6.0.2" "Mozilla/5.0 (Macintosh; Intel Mac OS X 10_15_7) AppleWebKit/537.36 (KHTML, like Gecko) Chrome/105.0.0.0 Safari/537.36"
93.42.24.129 catalogo.coachingpop.com - [27/Sep/2022:18:17:00 +0200] "GET /wp-content/themes/book-junky/assets/fonts/Material-Design-Iconic-Font.woff2?v=2.2.0 HTTP/1.1" 200 38384 "https://catalogo.coachingpop.com/wp-content/themes/book-junky/assets/css/font.css?ver=6.0.2" "Mozilla/5.0 (Macintosh; Intel Mac OS X 10_15_7) AppleWebKit/537.36 (KHTML, like Gecko) Chrome/105.0.0.0 Safari/537.36"
93.42.24.129 catalogo.coachingpop.com - [27/Sep/2022:18:17:00 +0200] "GET /wp-content/themes/book-junky/assets/fonts/averta_bold-webfont.woff2 HTTP/1.1" 200 27352 "https://catalogo.coachingpop.com/wp-content/themes/book-junky/assets/css/font.css?ver=6.0.2" "Mozilla/5.0 (Macintosh; Intel Mac OS X 10_15_7) AppleWebKit/537.36 (KHTML, like Gecko) Chrome/105.0.0.0 Safari/537.36"
93.42.24.129 catalogo.coachingpop.com - [27/Sep/2022:18:17:00 +0200] "GET /wp-content/themes/book-junky/assets/fonts/fontawesome-webfont.woff2?v=4.5.0 HTTP/1.1" 200 66624 "https://catalogo.coachingpop.com/wp-content/themes/book-junky/assets/css/font.css?ver=6.0.2" "Mozilla/5.0 (Macintosh; Intel Mac OS X 10_15_7) AppleWebKit/537.36 (KHTML, like Gecko) Chrome/105.0.0.0 Safari/537.36"
93.42.24.129 catalogo.coachingpop.com - [27/Sep/2022:18:17:00 +0200] "GET /wp-content/themes/book-junky/assets/js/bootstrap.min.js.map HTTP/1.1" 404 67935 "-" "Mozilla/5.0 (Macintosh; Intel Mac OS X 10_15_7) AppleWebKit/537.36 (KHTML, like Gecko) Chrome/105.0.0.0 Safari/537.36"
93.42.24.129 catalogo.coachingpop.com - [27/Sep/2022:18:17:00 +0200] "GET /wp-content/themes/book-junky/assets/css/bootstrap.min.css.map HTTP/1.1" 404 67937 "-" "Mozilla/5.0 (Macintosh; Intel Mac OS X 10_15_7) AppleWebKit/537.36 (KHTML, like Gecko) Chrome/105.0.0.0 Safari/537.36"
93.42.24.129 catalogo.coachingpop.com - [27/Sep/2022:18:17:00 +0200] "GET /favicon.ico HTTP/1.1" 302 188 "https://catalogo.coachingpop.com/anadir-obra/" "Mozilla/5.0 (Macintosh; Intel Mac OS X 10_15_7) AppleWebKit/537.36 (KHTML, like Gecko) Chrome/105.0.0.0 Safari/537.36"
93.42.24.129 catalogo.coachingpop.com - [27/Sep/2022:18:17:00 +0200] "GET /wp-includes/images/w-logo-blue-white-bg.png HTTP/1.1" 200 4119 "https://catalogo.coachingpop.com/anadir-obra/" "Mozilla/5.0 (Macintosh; Intel Mac OS X 10_15_7) AppleWebKit/537.36 (KHTML, like Gecko) Chrome/105.0.0.0 Safari/537.36"
93.42.24.129 catalogo.coachingpop.com - [27/Sep/2022:18:17:09 +0200] "POST /wp-admin/admin-ajax.php HTTP/1.1" 200 30 "https://catalogo.coachingpop.com/anadir-obra/" "Mozilla/5.0 (Macintosh; Intel Mac OS X 10_15_7) AppleWebKit/537.36 (KHTML, like Gecko) Chrome/105.0.0.0 Safari/537.36"
93.42.24.129 catalogo.coachingpop.com - [27/Sep/2022:18:17:14 +0200] "POST /wp-admin/admin-ajax.php HTTP/1.1" 500 175 "https://catalogo.coachingpop.com/anadir-obra/" "Mozilla/5.0 (Macintosh; Intel Mac OS X 10_15_7) AppleWebKit/537.36 (KHTML, like Gecko) Chrome/105.0.0.0 Safari/537.36"
87.221.48.226 catalogo.coachingpop.com - [27/Sep/2022:18:18:58 +0200] "POST /wp-admin/admin-ajax.php HTTP/1.1" 200 47 "https://catalogo.coachingpop.com/wp-admin/edit.php?post_type=product" "Mozilla/5.0 (Windows NT 10.0; Win64; x64) AppleWebKit/537.36 (KHTML, like Gecko) Chrome/105.0.0.0 Safari/537.36"
87.221.48.226 catalogo.coachingpop.com - [27/Sep/2022:18:18:59 +0200] "POST /wp-admin/admin-ajax.php HTTP/1.1" 200 47 "https://catalogo.coachingpop.com/wp-admin/admin.php?page=wc-admin" "Mozilla/5.0 (Windows NT 10.0; Win64; x64) AppleWebKit/537.36 (KHTML, like Gecko) Chrome/105.0.0.0 Safari/537.36"
51.68.11.195 catalogo.coachingpop.com - [27/Sep/2022:18:18:59 +0200] "POST /wp-cron.php?doing_wp_cron=1664295539.8296799659729003906250 HTTP/1.1" 200 25 "https://catalogo.coachingpop.com/wp-cron.php?doing_wp_cron=1664295539.8296799659729003906250" "WordPress/6.0.2; https://catalogo.coachingpop.com"
51.68.11.195 catalogo.coachingpop.com - [27/Sep/2022:18:18:59 +0200] "POST /wp-admin/admin-ajax.php?action=as_async_request_queue_runner&nonce=89006b2d56 HTTP/1.1" 200 25 "https://catalogo.coachingpop.com/wp-admin/admin-ajax.php?action=as_async_request_queue_runner&nonce=89006b2d56" "WordPress/6.0.2; https://catalogo.coachingpop.com"
51.68.11.195 catalogo.coachingpop.com - [27/Sep/2022:18:19:00 +0200] "POST /wp-admin/admin-ajax.php?action=as_async_request_queue_runner&nonce=89006b2d56 HTTP/1.1" 200 25 "https://catalogo.coachingpop.com/wp-admin/admin-ajax.php?action=as_async_request_queue_runner&nonce=89006b2d56" "WordPress/6.0.2; https://catalogo.coachingpop.com"
87.98.231.4 coachingpop.com - [27/Sep/2022:18:20:03 +0200] "POST /wp-cron.php?doing_wp_cron=1664295603.7843790054321289062500 HTTP/1.1" 200 25 "http://coachingpop.com/wp-cron.php?doing_wp_cron=1664295603.7843790054321289062500" "WordPress/6.0.2; https://coachingpop.com"
104.250.180.31 coachingpop.com - [27/Sep/2022:18:20:01 +0200] "GET /apuntate/ HTTP/1.1" 404 58324 "-" "Mozilla/5.0 (Macintosh; Intel Mac OS X 12_5) AppleWebKit/537.36 (KHTML, like Gecko) Chrome/103.0.0.0 YaBrowser/22.7.0 Yowser/2.5 Safari/537.36"
104.250.180.31 coachingpop.com - [27/Sep/2022:18:20:04 +0200] "GET /contacto/ HTTP/1.1" 200 16998 "http://coachingpop.com/apuntate/" "Mozilla/5.0 (Macintosh; Intel Mac OS X 12_5) AppleWebKit/537.36 (KHTML, like Gecko) Chrome/103.0.0.0 YaBrowser/22.7.0 Yowser/2.5 Safari/537.36"
104.250.180.31 coachingpop.com - [27/Sep/2022:18:20:06 +0200] "GET /wp-content/plugins/contact-form-7/includes/js/index.js?ver=5.6.3 HTTP/1.1" 200 3934 "https://coachingpop.com/contacto/" "Mozilla/5.0 (Macintosh; Intel Mac OS X 12_5) AppleWebKit/537.36 (KHTML, like Gecko) Chrome/103.0.0.0 YaBrowser/22.7.0 Yowser/2.5 Safari/537.36"
104.250.180.31 coachingpop.com - [27/Sep/2022:18:20:06 +0200] "POST /wp-json/contact-form-7/v1/contact-forms/403/feedback HTTP/1.1" 200 205 "https://coachingpop.com/contacto/" "Mozilla/5.0 (Macintosh; Intel Mac OS X 12_5) AppleWebKit/537.36 (KHTML, like Gecko) Chrome/103.0.0.0 YaBrowser/22.7.0 Yowser/2.5 Safari/537.36"
51.68.11.195 catalogo.coachingpop.com - [27/Sep/2022:18:21:00 +0200] "POST /wp-cron.php?doing_wp_cron=1664295660.9149229526519775390625 HTTP/1.1" 200 25 "https://catalogo.coachingpop.com/wp-cron.php?doing_wp_cron=1664295660.9149229526519775390625" "WordPress/6.0.2; https://catalogo.coachingpop.com"
51.68.11.195 catalogo.coachingpop.com - [27/Sep/2022:18:23:01 +0200] "POST /wp-cron.php?doing_wp_cron=1664295781.9708800315856933593750 HTTP/1.1" 200 25 "https://catalogo.coachingpop.com/wp-cron.php?doing_wp_cron=1664295781.9708800315856933593750" "WordPress/6.0.2; https://catalogo.coachingpop.com"
87.221.48.226 catalogo.coachingpop.com - [27/Sep/2022:18:20:59 +0200] "POST /wp-admin/admin-ajax.php HTTP/1.1" 200 47 "https://catalogo.coachingpop.com/wp-admin/edit.php?post_type=product" "Mozilla/5.0 (Windows NT 10.0; Win64; x64) AppleWebKit/537.36 (KHTML, like Gecko) Chrome/105.0.0.0 Safari/537.36"
87.221.48.226 catalogo.coachingpop.com - [27/Sep/2022:18:21:00 +0200] "POST /wp-admin/admin-ajax.php HTTP/1.1" 200 47 "https://catalogo.coachingpop.com/wp-admin/admin.php?page=wc-admin" "Mozilla/5.0 (Windows NT 10.0; Win64; x64) AppleWebKit/537.36 (KHTML, like Gecko) Chrome/105.0.0.0 Safari/537.36"
87.221.48.226 catalogo.coachingpop.com - [27/Sep/2022:18:23:01 +0200] "POST /wp-admin/admin-ajax.php HTTP/1.1" 200 47 "https://catalogo.coachingpop.com/wp-admin/admin.php?page=wc-admin" "Mozilla/5.0 (Windows NT 10.0; Win64; x64) AppleWebKit/537.36 (KHTML, like Gecko) Chrome/105.0.0.0 Safari/537.36"
87.221.48.226 catalogo.coachingpop.com - [27/Sep/2022:18:23:00 +0200] "POST /wp-admin/admin-ajax.php HTTP/1.1" 200 47 "https://catalogo.coachingpop.com/wp-admin/edit.php?post_type=product" "Mozilla/5.0 (Windows NT 10.0; Win64; x64) AppleWebKit/537.36 (KHTML, like Gecko) Chrome/105.0.0.0 Safari/537.36"
51.68.11.195 catalogo.coachingpop.com - [27/Sep/2022:18:25:03 +0200] "POST /wp-cron.php?doing_wp_cron=1664295902.9943768978118896484375 HTTP/1.1" 200 25 "https://catalogo.coachingpop.com/wp-cron.php?doing_wp_cron=1664295902.9943768978118896484375" "WordPress/6.0.2; https://catalogo.coachingpop.com"
51.68.11.195 catalogo.coachingpop.com - [27/Sep/2022:18:26:14 +0200] "POST /wp-cron.php?doing_wp_cron=1664295974.3879349231719970703125 HTTP/1.1" 200 25 "https://catalogo.coachingpop.com/wp-cron.php?doing_wp_cron=1664295974.3879349231719970703125" "WordPress/6.0.2; https://catalogo.coachingpop.com"
51.68.11.195 catalogo.coachingpop.com - [27/Sep/2022:18:27:03 +0200] "POST /wp-cron.php?doing_wp_cron=1664296023.9163539409637451171875 HTTP/1.1" 200 25 "https://catalogo.coachingpop.com/wp-cron.php?doing_wp_cron=1664296023.9163539409637451171875" "WordPress/6.0.2; https://catalogo.coachingpop.com"
51.68.11.195 catalogo.coachingpop.com - [27/Sep/2022:18:28:20 +0200] "POST /wp-cron.php?doing_wp_cron=1664296100.1917140483856201171875 HTTP/1.1" 200 25 "https://catalogo.coachingpop.com/wp-cron.php?doing_wp_cron=1664296100.1917140483856201171875" "WordPress/6.0.2; https://catalogo.coachingpop.com"
51.68.11.195 catalogo.coachingpop.com - [27/Sep/2022:18:29:04 +0200] "POST /wp-cron.php?doing_wp_cron=1664296144.9133660793304443359375 HTTP/1.1" 200 25 "https://catalogo.coachingpop.com/wp-cron.php?doing_wp_cron=1664296144.9133660793304443359375" "WordPress/6.0.2; https://catalogo.coachingpop.com"
87.221.48.226 catalogo.coachingpop.com - [27/Sep/2022:18:25:01 +0200] "POST /wp-admin/admin-ajax.php HTTP/1.1" 200 47 "https://catalogo.coachingpop.com/wp-admin/edit.php?post_type=product" "Mozilla/5.0 (Windows NT 10.0; Win64; x64) AppleWebKit/537.36 (KHTML, like Gecko) Chrome/105.0.0.0 Safari/537.36"
87.221.48.226 catalogo.coachingpop.com - [27/Sep/2022:18:25:02 +0200] "POST /wp-admin/admin-ajax.php HTTP/1.1" 200 47 "https://catalogo.coachingpop.com/wp-admin/admin.php?page=wc-admin" "Mozilla/5.0 (Windows NT 10.0; Win64; x64) AppleWebKit/537.36 (KHTML, like Gecko) Chrome/105.0.0.0 Safari/537.36"
93.42.24.129 catalogo.coachingpop.com - [27/Sep/2022:18:25:07 +0200] "POST /wp-admin/admin-ajax.php HTTP/1.1" 200 47 "https://catalogo.coachingpop.com/wp-admin/edit-tags.php?taxonomy=book_author&post_type=product" "Mozilla/5.0 (Macintosh; Intel Mac OS X 10_15_7) AppleWebKit/537.36 (KHTML, like Gecko) Chrome/105.0.0.0 Safari/537.36"
93.42.24.129 catalogo.coachingpop.com - [27/Sep/2022:18:26:13 +0200] "POST /wp-admin/admin-ajax.php HTTP/1.1" 200 47 "https://catalogo.coachingpop.com/wp-admin/edit-tags.php?taxonomy=book_author&post_type=product" "Mozilla/5.0 (Macintosh; Intel Mac OS X 10_15_7) AppleWebKit/537.36 (KHTML, like Gecko) Chrome/105.0.0.0 Safari/537.36"
87.221.48.226 catalogo.coachingpop.com - [27/Sep/2022:18:27:02 +0200] "POST /wp-admin/admin-ajax.php HTTP/1.1" 200 47 "https://catalogo.coachingpop.com/wp-admin/edit.php?post_type=product" "Mozilla/5.0 (Windows NT 10.0; Win64; x64) AppleWebKit/537.36 (KHTML, like Gecko) Chrome/105.0.0.0 Safari/537.36"
87.221.48.226 catalogo.coachingpop.com - [27/Sep/2022:18:27:03 +0200] "POST /wp-admin/admin-ajax.php HTTP/1.1" 200 47 "https://catalogo.coachingpop.com/wp-admin/admin.php?page=wc-admin" "Mozilla/5.0 (Windows NT 10.0; Win64; x64) AppleWebKit/537.36 (KHTML, like Gecko) Chrome/105.0.0.0 Safari/537.36"
93.42.24.129 catalogo.coachingpop.com - [27/Sep/2022:18:28:18 +0200] "POST /wp-admin/admin-ajax.php HTTP/1.1" 200 47 "https://catalogo.coachingpop.com/wp-admin/edit-tags.php?taxonomy=book_author&post_type=product" "Mozilla/5.0 (Macintosh; Intel Mac OS X 10_15_7) AppleWebKit/537.36 (KHTML, like Gecko) Chrome/105.0.0.0 Safari/537.36"
87.221.48.226 catalogo.coachingpop.com - [27/Sep/2022:18:29:03 +0200] "POST /wp-admin/admin-ajax.php HTTP/1.1" 200 47 "https://catalogo.coachingpop.com/wp-admin/edit.php?post_type=product" "Mozilla/5.0 (Windows NT 10.0; Win64; x64) AppleWebKit/537.36 (KHTML, like Gecko) Chrome/105.0.0.0 Safari/537.36"
87.221.48.226 catalogo.coachingpop.com - [27/Sep/2022:18:29:04 +0200] "POST /wp-admin/admin-ajax.php HTTP/1.1" 200 47 "https://catalogo.coachingpop.com/wp-admin/admin.php?page=wc-admin" "Mozilla/5.0 (Windows NT 10.0; Win64; x64) AppleWebKit/537.36 (KHTML, like Gecko) Chrome/105.0.0.0 Safari/537.36"
93.42.24.129 catalogo.coachingpop.com - [27/Sep/2022:18:30:23 +0200] "POST /wp-admin/admin-ajax.php HTTP/1.1" 200 47 "https://catalogo.coachingpop.com/wp-admin/edit-tags.php?taxonomy=book_author&post_type=product" "Mozilla/5.0 (Macintosh; Intel Mac OS X 10_15_7) AppleWebKit/537.36 (KHTML, like Gecko) Chrome/105.0.0.0 Safari/537.36"
51.68.11.195 catalogo.coachingpop.com - [27/Sep/2022:18:30:25 +0200] "POST /wp-cron.php?doing_wp_cron=1664296225.0923120975494384765625 HTTP/1.1" 200 25 "https://catalogo.coachingpop.com/wp-cron.php?doing_wp_cron=1664296225.0923120975494384765625" "WordPress/6.0.2; https://catalogo.coachingpop.com"
51.68.11.195 catalogo.coachingpop.com - [27/Sep/2022:18:31:05 +0200] "POST /wp-cron.php?doing_wp_cron=1664296265.9421999454498291015625 HTTP/1.1" 200 25 "https://catalogo.coachingpop.com/wp-cron.php?doing_wp_cron=1664296265.9421999454498291015625" "WordPress/6.0.2; https://catalogo.coachingpop.com"
51.68.11.195 catalogo.coachingpop.com - [27/Sep/2022:18:32:28 +0200] "POST /wp-cron.php?doing_wp_cron=1664296348.4109280109405517578125 HTTP/1.1" 200 25 "https://catalogo.coachingpop.com/wp-cron.php?doing_wp_cron=1664296348.4109280109405517578125" "WordPress/6.0.2; https://catalogo.coachingpop.com"
51.68.11.195 catalogo.coachingpop.com - [27/Sep/2022:18:33:07 +0200] "POST /wp-cron.php?doing_wp_cron=1664296386.9941799640655517578125 HTTP/1.1" 200 25 "https://catalogo.coachingpop.com/wp-cron.php?doing_wp_cron=1664296386.9941799640655517578125" "WordPress/6.0.2; https://catalogo.coachingpop.com"
87.221.48.226 catalogo.coachingpop.com - [27/Sep/2022:18:31:04 +0200] "POST /wp-admin/admin-ajax.php HTTP/1.1" 200 47 "https://catalogo.coachingpop.com/wp-admin/edit.php?post_type=product" "Mozilla/5.0 (Windows NT 10.0; Win64; x64) AppleWebKit/537.36 (KHTML, like Gecko) Chrome/105.0.0.0 Safari/537.36"
87.221.48.226 catalogo.coachingpop.com - [27/Sep/2022:18:31:05 +0200] "POST /wp-admin/admin-ajax.php HTTP/1.1" 200 47 "https://catalogo.coachingpop.com/wp-admin/admin.php?page=wc-admin" "Mozilla/5.0 (Windows NT 10.0; Win64; x64) AppleWebKit/537.36 (KHTML, like Gecko) Chrome/105.0.0.0 Safari/537.36"
93.42.24.129 catalogo.coachingpop.com - [27/Sep/2022:18:32:27 +0200] "POST /wp-admin/admin-ajax.php HTTP/1.1" 200 47 "https://catalogo.coachingpop.com/wp-admin/edit-tags.php?taxonomy=book_author&post_type=product" "Mozilla/5.0 (Macintosh; Intel Mac OS X 10_15_7) AppleWebKit/537.36 (KHTML, like Gecko) Chrome/105.0.0.0 Safari/537.36"
87.221.48.226 catalogo.coachingpop.com - [27/Sep/2022:18:33:05 +0200] "POST /wp-admin/admin-ajax.php HTTP/1.1" 200 47 "https://catalogo.coachingpop.com/wp-admin/edit.php?post_type=product" "Mozilla/5.0 (Windows NT 10.0; Win64; x64) AppleWebKit/537.36 (KHTML, like Gecko) Chrome/105.0.0.0 Safari/537.36"
87.221.48.226 catalogo.coachingpop.com - [27/Sep/2022:18:33:06 +0200] "POST /wp-admin/admin-ajax.php HTTP/1.1" 200 47 "https://catalogo.coachingpop.com/wp-admin/admin.php?page=wc-admin" "Mozilla/5.0 (Windows NT 10.0; Win64; x64) AppleWebKit/537.36 (KHTML, like Gecko) Chrome/105.0.0.0 Safari/537.36"
93.42.24.129 catalogo.coachingpop.com - [27/Sep/2022:18:33:15 +0200] "GET /anadir-obra/ HTTP/1.1" 200 39324 "-" "Mozilla/5.0 (Macintosh; Intel Mac OS X 10_15_7) AppleWebKit/537.36 (KHTML, like Gecko) Chrome/105.0.0.0 Safari/537.36"
93.42.24.129 catalogo.coachingpop.com - [27/Sep/2022:18:33:16 +0200] "GET /wp-content/plugins/revslider/public/assets/fonts/material/material-icons.css?ver=6.5.31 HTTP/1.1" 200 444 "https://catalogo.coachingpop.com/anadir-obra/" "Mozilla/5.0 (Macintosh; Intel Mac OS X 10_15_7) AppleWebKit/537.36 (KHTML, like Gecko) Chrome/105.0.0.0 Safari/537.36"
93.42.24.129 catalogo.coachingpop.com - [27/Sep/2022:18:33:16 +0200] "GET /wp-content/plugins/revslider/admin/assets/css/ddTP.css?ver=6.5.31 HTTP/1.1" 200 3583 "https://catalogo.coachingpop.com/anadir-obra/" "Mozilla/5.0 (Macintosh; Intel Mac OS X 10_15_7) AppleWebKit/537.36 (KHTML, like Gecko) Chrome/105.0.0.0 Safari/537.36"
93.42.24.129 catalogo.coachingpop.com - [27/Sep/2022:18:33:16 +0200] "GET /wp-content/plugins/revslider/admin/assets/css/tp-color-picker.css?ver=6.5.31 HTTP/1.1" 200 6408 "https://catalogo.coachingpop.com/anadir-obra/" "Mozilla/5.0 (Macintosh; Intel Mac OS X 10_15_7) AppleWebKit/537.36 (KHTML, like Gecko) Chrome/105.0.0.0 Safari/537.36"
93.42.24.129 catalogo.coachingpop.com - [27/Sep/2022:18:33:16 +0200] "GET /wp-content/plugins/revslider/admin/assets/css/basics.css?ver=6.5.31 HTTP/1.1" 200 16815 "https://catalogo.coachingpop.com/anadir-obra/" "Mozilla/5.0 (Macintosh; Intel Mac OS X 10_15_7) AppleWebKit/537.36 (KHTML, like Gecko) Chrome/105.0.0.0 Safari/537.36"
93.42.24.129 catalogo.coachingpop.com - [27/Sep/2022:18:33:16 +0200] "GET /wp-includes/css/admin-bar.min.css?ver=6.0.2 HTTP/1.1" 200 3826 "https://catalogo.coachingpop.com/anadir-obra/" "Mozilla/5.0 (Macintosh; Intel Mac OS X 10_15_7) AppleWebKit/537.36 (KHTML, like Gecko) Chrome/105.0.0.0 Safari/537.36"
93.42.24.129 catalogo.coachingpop.com - [27/Sep/2022:18:33:16 +0200] "GET /wp-content/plugins/woocommerce/packages/woocommerce-blocks/build/wc-blocks-vendors-style.css?ver=8.3.2 HTTP/1.1" 200 1962 "https://catalogo.coachingpop.com/anadir-obra/" "Mozilla/5.0 (Macintosh; Intel Mac OS X 10_15_7) AppleWebKit/537.36 (KHTML, like Gecko) Chrome/105.0.0.0 Safari/537.36"
93.42.24.129 catalogo.coachingpop.com - [27/Sep/2022:18:33:16 +0200] "GET /wp-includes/css/dashicons.min.css?ver=6.0.2 HTTP/1.1" 200 35730 "https://catalogo.coachingpop.com/anadir-obra/" "Mozilla/5.0 (Macintosh; Intel Mac OS X 10_15_7) AppleWebKit/537.36 (KHTML, like Gecko) Chrome/105.0.0.0 Safari/537.36"
93.42.24.129 catalogo.coachingpop.com - [27/Sep/2022:18:33:16 +0200] "GET /wp-content/plugins/ns-add-product-frontend-premium/templates/apf-wc-standard-template/selectize/dist/css/selectize.css?ver=6.0.2 HTTP/1.1" 200 2118 "https://catalogo.coachingpop.com/anadir-obra/" "Mozilla/5.0 (Macintosh; Intel Mac OS X 10_15_7) AppleWebKit/537.36 (KHTML, like Gecko) Chrome/105.0.0.0 Safari/537.36"
93.42.24.129 catalogo.coachingpop.com - [27/Sep/2022:18:33:16 +0200] "GET /wp-content/themes/book-junky-child/style.css?ver=6.0.2 HTTP/1.1" 200 688 "https://catalogo.coachingpop.com/anadir-obra/" "Mozilla/5.0 (Macintosh; Intel Mac OS X 10_15_7) AppleWebKit/537.36 (KHTML, like Gecko) Chrome/105.0.0.0 Safari/537.36"
93.42.24.129 catalogo.coachingpop.com - [27/Sep/2022:18:33:16 +0200] "GET /wp-content/themes/book-junky/style.css?ver=6.0.2 HTTP/1.1" 200 469 "https://catalogo.coachingpop.com/anadir-obra/" "Mozilla/5.0 (Macintosh; Intel Mac OS X 10_15_7) AppleWebKit/537.36 (KHTML, like Gecko) Chrome/105.0.0.0 Safari/537.36"
93.42.24.129 catalogo.coachingpop.com - [27/Sep/2022:18:33:16 +0200] "GET /wp-content/plugins/search-filter/style.css?ver=1 HTTP/1.1" 200 272 "https://catalogo.coachingpop.com/anadir-obra/" "Mozilla/5.0 (Macintosh; Intel Mac OS X 10_15_7) AppleWebKit/537.36 (KHTML, like Gecko) Chrome/105.0.0.0 Safari/537.36"
93.42.24.129 catalogo.coachingpop.com - [27/Sep/2022:18:33:16 +0200] "GET /wp-content/plugins/contact-form-7/includes/css/styles.css?ver=5.6.3 HTTP/1.1" 200 972 "https://catalogo.coachingpop.com/anadir-obra/" "Mozilla/5.0 (Macintosh; Intel Mac OS X 10_15_7) AppleWebKit/537.36 (KHTML, like Gecko) Chrome/105.0.0.0 Safari/537.36"
93.42.24.129 catalogo.coachingpop.com - [27/Sep/2022:18:33:16 +0200] "GET /wp-content/plugins/email-subscribers/lite/public/css/email-subscribers-public.css?ver=5.4.13 HTTP/1.1" 200 769 "https://catalogo.coachingpop.com/anadir-obra/" "Mozilla/5.0 (Macintosh; Intel Mac OS X 10_15_7) AppleWebKit/537.36 (KHTML, like Gecko) Chrome/105.0.0.0 Safari/537.36"
93.42.24.129 catalogo.coachingpop.com - [27/Sep/2022:18:33:16 +0200] "GET /wp-content/plugins/woocommerce/assets/css/woocommerce-layout.css?ver=6.9.3 HTTP/1.1" 200 2554 "https://catalogo.coachingpop.com/anadir-obra/" "Mozilla/5.0 (Macintosh; Intel Mac OS X 10_15_7) AppleWebKit/537.36 (KHTML, like Gecko) Chrome/105.0.0.0 Safari/537.36"
